Results for 3.1 20020313 (prerelease) testsuite on alpha-dec-osf4.0f
Rainer Orth
ro@TechFak.Uni-Bielefeld.DE
Wed Mar 20 19:48:00 GMT 2002
LAST_UPDATED: Wed Mar 13 12:07:36 UTC 2002
Native configuration is alpha-dec-osf4.0f
=== libjava tests ===
Running target unix
FAIL: PR5902 compilation from bytecode
FAIL: PR5902 -O compilation from bytecode
FAIL: cxxtest.c compilation
FAIL: Invoke_1 execution from source compiled test
FAIL: Invoke_1 execution from bytecode->native test
FAIL: Invoke_1 -O execution from source compiled test
FAIL: Invoke_1 -O execution from bytecode->native test
FAIL: PR218 execution from source compiled test
FAIL: PR218 execution from bytecode->native test
FAIL: PR218 -O execution from source compiled test
FAIL: PR218 -O execution from bytecode->native test
FAIL: invokethrow execution from source compiled test
FAIL: invokethrow execution from bytecode->native test
FAIL: invokethrow -O execution from source compiled test
FAIL: invokethrow -O execution from bytecode->native test
FAIL: TLtest compilation from bytecode
FAIL: TLtest -O compilation from bytecode
FAIL: Array_3 execution from source compiled test
FAIL: Array_3 execution from bytecode->native test
FAIL: Array_3 -O execution from source compiled test
FAIL: Array_3 -O execution from bytecode->native test
=== libjava Summary ===
# of expected passes 1922
# of unexpected failures 21
# of expected failures 18
# of untested testcases 110
=== libstdc++-v3 tests ===
Running target unix
XPASS: 22_locale/collate_byname.cc execution test
XPASS: 22_locale/collate_members_char.cc execution test
XPASS: 22_locale/collate_members_wchar_t.cc execution test
XPASS: 22_locale/money_get_members_wchar_t.cc execution test
XPASS: 22_locale/money_put_members_wchar_t.cc execution test
XPASS: 22_locale/moneypunct_members_wchar_t.cc execution test
XPASS: 22_locale/num_get_members_wchar_t.cc execution test
XPASS: 22_locale/num_put_members_wchar_t.cc execution test
XPASS: 22_locale/numpunct_members_wchar_t.cc execution test
XPASS: 22_locale/time_get_members_wchar_t.cc execution test
XPASS: 22_locale/time_put_members_wchar_t.cc execution test
FAIL: 27_io/istream_extractor_arith.cc execution test
=== libstdc++-v3 Summary ===
# of expected passes 346
# of unexpected failures 1
# of unexpected successes 11
# of expected failures 14
# of unsupported tests 6
=== g++ tests ===
Running target unix
FAIL: g++.dg/ext/instantiate1.C suppressing f<int> (test for errors, line )
FAIL: g++.dg/ext/instantiate1.C suppressing A<int> (test for errors, line )
FAIL: g++.dg/ext/instantiate1.C (test for excess errors)
FAIL: g++.dg/init/init-ref2.C execution test
FAIL: g++.dg/special/conpr-1.C execution test
FAIL: g++.dg/special/conpr-2.C execution test
FAIL: g++.dg/special/conpr-3.C (test for excess errors)
FAIL: g++.dg/special/conpr-3.C execution test
FAIL: g++.dg/special/conpr-3.C (test for excess errors)
FAIL: g++.dg/special/conpr-3.C execution test
FAIL: g++.dg/special/initp1.C execution test
FAIL: g++.ext/instantiate2.C not instantiated (test for errors, line 19)
FAIL: g++.ext/instantiate3.C not instantiated (test for errors, line 13)
FAIL: g++.pt/instantiate5.C (test for excess errors)
=== g++ Summary ===
# of expected passes 7054
# of unexpected failures 14
# of expected failures 95
# of untested testcases 22
# of unsupported tests 2
/amnt/figaro/volumes/obj-gcc/gcc/obj.alpha/gcc-3.1-20020313/4.0f-gcc-java/gcc/testsuite/../g++ version 3.1 20020313 (prerelease)
=== g77 tests ===
Running target unix
=== g77 Summary ===
# of expected passes 1452
# of unsupported tests 8
/amnt/figaro/volumes/obj-gcc/gcc/obj.alpha/gcc-3.1-20020313/4.0f-gcc-java/gcc/testsuite/../g77 version 3.1 20020313 (prerelease)
=== gcc tests ===
Running target unix
FAIL: gcc.c-torture/compile/20001226-1.c, -O2
FAIL: gcc.c-torture/compile/20001226-1.c, -O3 -fomit-frame-pointer
FAIL: gcc.c-torture/compile/20001226-1.c, -O3 -g
FAIL: gcc.c-torture/compile/20001226-1.c, -Os
FAIL: gcc.c-torture/compile/labels-3.c, -O0
FAIL: gcc.c-torture/compile/labels-3.c, -O1
FAIL: gcc.c-torture/compile/labels-3.c, -O2
FAIL: gcc.c-torture/compile/labels-3.c, -O3 -fomit-frame-pointer
FAIL: gcc.c-torture/compile/labels-3.c, -O3 -g
FAIL: gcc.c-torture/compile/labels-3.c, -Os
FAIL: gcc.c-torture/execute/20001229-1.c compilation, -O3 -fomit-frame-pointer
UNRESOLVED: gcc.c-torture/execute/20001229-1.c execution, -O3 -fomit-frame-pointer
FAIL: gcc.c-torture/execute/20001229-1.c compilation, -O3 -g
UNRESOLVED: gcc.c-torture/execute/20001229-1.c execution, -O3 -g
FAIL: gcc.c-torture/execute/20020227-1.c execution, -O0
FAIL: gcc.c-torture/execute/20020227-1.c execution, -O1
FAIL: gcc.c-torture/execute/20020227-1.c execution, -O2
FAIL: gcc.c-torture/execute/20020227-1.c execution, -O3 -fomit-frame-pointer
FAIL: gcc.c-torture/execute/20020227-1.c execution, -O3 -g
FAIL: gcc.c-torture/execute/20020227-1.c execution, -Os
WARNING: program timed out.
FAIL: gcc.c-torture/execute/930529-1.c execution, -O2
WARNING: program timed out.
WARNING: program timed out.
WARNING: program timed out.
WARNING: program timed out.
WARNING: program timed out.
FAIL: gcc.c-torture/execute/930529-1.c execution, -Os
FAIL: gcc.c-torture/execute/950512-1.c execution, -O3 -fomit-frame-pointer
FAIL: gcc.c-torture/execute/950512-1.c execution, -O3 -g
FAIL: gcc.dg/cpp/wchar-1.c execution test
XPASS: gcc.dg/c99-intconst-1.c (test for excess errors)
FAIL: gcc.dg/inline-2.c scan-assembler bsr
=== gcc Summary ===
# of expected passes 17849
# of unexpected failures 24
# of unexpected successes 1
# of expected failures 66
# of unresolved testcases 2
# of unsupported tests 109
/amnt/figaro/volumes/obj-gcc/gcc/obj.alpha/gcc-3.1-20020313/4.0f-gcc-java/gcc/xgcc version 3.1 20020313 (prerelease)
=== objc tests ===
Running target unix
FAIL: objc/execute/formal_protocol-6.m execution, -O0
FAIL: objc/execute/formal_protocol-6.m execution, -O1
FAIL: objc/execute/formal_protocol-6.m execution, -O2
FAIL: objc/execute/formal_protocol-6.m execution, -O3 -fomit-frame-pointer
FAIL: objc/execute/formal_protocol-6.m execution, -O3 -g
FAIL: objc/execute/formal_protocol-6.m execution, -Os
=== objc Summary ===
# of expected passes 1036
# of unexpected failures 6
/amnt/figaro/volumes/obj-gcc/gcc/obj.alpha/gcc-3.1-20020313/4.0f-gcc-java/gcc/xgcc version 3.1 20020313 (prerelease)
Compiler version: 3.1 20020313 (prerelease)
Platform: alpha-dec-osf4.0f
configure flags: --host=alpha-dec-osf4.0f --prefix=/vol/gcc --with-local-prefix=/vol/gcc --disable-nls --enable-libgcj
More information about the Gcc-testresults
mailing list