Results for 3.1 20020313 (prerelease) testsuite on i686-pc-solaris2.8
Rainer Orth
ro@TechFak.Uni-Bielefeld.DE
Wed Mar 20 11:22:00 GMT 2002
LAST_UPDATED: Wed Mar 13 12:07:36 UTC 2002
Native configuration is i686-pc-solaris2.8
=== g++ tests ===
Running target unix
FAIL: g++.dg/ext/instantiate1.C suppressing f<int> (test for errors, line )
FAIL: g++.dg/ext/instantiate1.C suppressing A<int> (test for errors, line )
FAIL: g++.dg/ext/instantiate1.C (test for excess errors)
FAIL: g++.dg/special/conpr-1.C execution test
FAIL: g++.dg/special/conpr-2.C execution test
FAIL: g++.dg/special/conpr-3.C execution test
FAIL: g++.dg/special/conpr-3.C execution test
FAIL: g++.dg/special/initp1.C execution test
FAIL: g++.eh/ia64-1.C (test for excess errors)
FAIL: g++.ext/instantiate2.C not instantiated (test for errors, line 19)
FAIL: g++.ext/instantiate3.C not instantiated (test for errors, line 13)
FAIL: g++.other/headers1.C (test for excess errors)
=== g++ Summary ===
# of expected passes 7069
# of unexpected failures 12
# of expected failures 93
# of untested testcases 15
/tmp/gcc-3.1-20020313/8-gcc-c5972/gcc/testsuite/../g++ version 3.1 20020313 (prerelease)
=== g77 tests ===
Running target unix
FAIL: g77.f-torture/compile/19990305-0.f, -O3 -g
FAIL: g77.f-torture/compile/19990419-0.f, -O3 -g
FAIL: g77.f-torture/compile/19990905-0.f, -O3 -g
FAIL: g77.f-torture/compile/19990905-2.f, -O3 -g
FAIL: g77.f-torture/compile/20010519-1.f, -O3 -g
FAIL: g77.f-torture/compile/980310-2.f, -O3 -g
FAIL: g77.f-torture/compile/980519-2.f, -O3 -g
FAIL: g77.f-torture/execute/f90-intrinsic-bit.f compilation, -O3 -g
FAIL: g77.f-torture/execute/f90-intrinsic-mathematical.f compilation, -O3 -g
FAIL: g77.f-torture/execute/f90-intrinsic-numeric.f compilation, -O3 -g
FAIL: g77.f-torture/execute/intrinsic-f2c-z.f compilation, -O3 -g
FAIL: g77.f-torture/execute/intrinsic-unix-bessel.f compilation, -O3 -g
FAIL: g77.f-torture/execute/intrinsic-unix-erf.f compilation, -O3 -g
FAIL: g77.f-torture/execute/intrinsic-vax-cd.f compilation, -O3 -g
FAIL: g77.f-torture/execute/intrinsic77.f compilation, -O3 -g
FAIL: g77.f-torture/execute/short.f compilation, -O3 -g
=== g77 Summary ===
# of expected passes 1443
# of unexpected failures 16
# of untested testcases 9
/tmp/gcc-3.1-20020313/8-gcc-c5972/gcc/testsuite/../g77 version 3.1 20020313 (prerelease)
=== gcc tests ===
Running target unix
FAIL: gcc.c-torture/execute/20011223-1.c execution, -O2
FAIL: gcc.c-torture/execute/20011223-1.c execution, -O3 -fomit-frame-pointer
FAIL: gcc.c-torture/execute/20011223-1.c execution, -O3 -g
FAIL: gcc.c-torture/execute/20011223-1.c execution, -Os
XPASS: gcc.c-torture/execute/loop-2e.c execution, -Os
FAIL: gcc.dg/20011009-1.c (test for excess errors)
WARNING: gcc.dg/20011009-1.c compilation failed to produce executable
=== gcc Summary ===
# of expected passes 18020
# of unexpected failures 5
# of unexpected successes 1
# of expected failures 65
# of unsupported tests 40
/tmp/gcc-3.1-20020313/8-gcc-c5972/gcc/xgcc version 3.1 20020313 (prerelease)
=== objc tests ===
Running target unix
FAIL: objc/execute/formal_protocol-6.m execution, -O0
FAIL: objc/execute/formal_protocol-6.m execution, -O1
FAIL: objc/execute/formal_protocol-6.m execution, -O2
FAIL: objc/execute/formal_protocol-6.m execution, -O3 -fomit-frame-pointer
FAIL: objc/execute/formal_protocol-6.m execution, -O3 -g
FAIL: objc/execute/formal_protocol-6.m execution, -Os
=== objc Summary ===
# of expected passes 1036
# of unexpected failures 6
/tmp/gcc-3.1-20020313/8-gcc-c5972/gcc/xgcc version 3.1 20020313 (prerelease)
=== libjava tests ===
Running target unix
FAIL: final_initialization_in_ctor compilation from source
FAIL: final_initialization_in_ctor -O compilation from source
FAIL: PR5902 compilation from bytecode
FAIL: PR5902 -O compilation from bytecode
FAIL: linking cxxtest
FAIL: final_static_and_friend compilation from source
FAIL: final_static_and_friend -O compilation from source
FAIL: final_int compilation from source
FAIL: final_int -O compilation from source
FAIL: SyncTest execution from bytecode->native test
FAIL: SyncTest -O execution from bytecode->native test
FAIL: FileHandleGcTest execution from source compiled test
FAIL: FileHandleGcTest execution from bytecode->native test
FAIL: FileHandleGcTest -O execution from source compiled test
FAIL: FileHandleGcTest -O execution from bytecode->native test
=== libjava Summary ===
# of expected passes 2011
# of unexpected failures 15
# of expected failures 19
# of untested testcases 28
=== libstdc++-v3 tests ===
Running target unix
FAIL: 18_support/numeric_limits.cc execution test
XPASS: 22_locale/collate_members_wchar_t.cc execution test
XPASS: 22_locale/money_get_members_wchar_t.cc execution test
XPASS: 22_locale/money_put_members_wchar_t.cc execution test
XPASS: 22_locale/moneypunct_members_wchar_t.cc execution test
XPASS: 22_locale/num_get_members_wchar_t.cc execution test
XPASS: 22_locale/num_put_members_wchar_t.cc execution test
XPASS: 22_locale/numpunct_members_wchar_t.cc execution test
XPASS: 22_locale/time_get_members_wchar_t.cc execution test
XPASS: 22_locale/time_put_members_wchar_t.cc execution test
FAIL: 27_io/istream_extractor_arith.cc execution test
WARNING: program timed out.
FAIL: thread/pthread4.cc execution test
=== libstdc++-v3 Summary ===
# of expected passes 356
# of unexpected failures 3
# of unexpected successes 9
# of expected failures 16
Compiler version: 3.1 20020313 (prerelease)
Platform: i686-pc-solaris2.8
configure flags: --host=i686-pc-solaris2.8 --prefix=/vol/gcc --with-local-prefix=/vol/gcc --disable-nls
More information about the Gcc-testresults
mailing list