Results for 3.2 20020316 (experimental) testsuite on powerpc-ibm-aix4.3.3.0
David Edelsohn
dje@watson.ibm.com
Tue Mar 19 09:54:00 GMT 2002
LAST_UPDATED: Sat Mar 16 23:28:44 UTC 2002
Native configuration is powerpc-ibm-aix4.3.3.0
=== g++ tests ===
Running target unix
FAIL: g++.dg/debug/debug3.C (test for excess errors)
FAIL: g++.dg/debug/debug3.C (test for excess errors)
FAIL: g++.dg/debug/debug3.C (test for excess errors)
FAIL: g++.dg/debug/debug3.C (test for excess errors)
FAIL: g++.dg/debug/debug3.C (test for excess errors)
FAIL: g++.dg/debug/debug3.C (test for excess errors)
FAIL: g++.dg/debug/debug3.C (test for excess errors)
FAIL: g++.dg/debug/debug3.C (test for excess errors)
FAIL: g++.dg/debug/debug3.C (test for excess errors)
FAIL: g++.dg/debug/debug3.C (test for excess errors)
FAIL: g++.dg/debug/debug3.C (test for excess errors)
FAIL: g++.dg/debug/debug3.C (test for excess errors)
FAIL: g++.dg/debug/debug3.C (test for excess errors)
FAIL: g++.dg/debug/debug3.C (test for excess errors)
FAIL: g++.dg/debug/debug3.C (test for excess errors)
FAIL: g++.dg/debug/debug3.C (test for excess errors)
FAIL: g++.dg/debug/debug3.C (test for excess errors)
FAIL: g++.dg/debug/debug3.C (test for excess errors)
FAIL: g++.dg/ext/instantiate1.C (test for excess errors)
FAIL: g++.dg/template/conv3.C (test for excess errors)
WARNING: g++.dg/template/conv3.C compilation failed to produce executable
FAIL: g++.dg/template/qualttp20.C (test for excess errors)
FAIL: g++.dg/template/qualttp3.C (test for excess errors)
FAIL: g++.dg/template/qualttp4.C (test for excess errors)
FAIL: g++.dg/template/qualttp5.C (test for excess errors)
FAIL: g++.dg/template/qualttp6.C (test for excess errors)
FAIL: g++.dg/template/qualttp7.C (test for excess errors)
FAIL: g++.dg/template/qualttp8.C (test for excess errors)
FAIL: g++.dg/template/recurse.C (test for excess errors)
FAIL: g++.dg/warn/weak1.C (test for excess errors)
FAIL: g++.dg/special/conpr-1.C execution test
FAIL: g++.dg/special/conpr-2.C execution test
FAIL: g++.dg/special/conpr-3.C execution test
FAIL: g++.dg/special/conpr-3.C execution test
FAIL: g++.dg/special/initp1.C execution test
FAIL: g++.abi/cxa_vec.C Execution test
FAIL: g++.brendan/new3.C Execution test
FAIL: g++.ext/attrib5.C (test for excess errors)
FAIL: g++.ext/instantiate2.C not instantiated (test for errors, line 19)
FAIL: g++.ext/instantiate3.C not instantiated (test for errors, line 13)
FAIL: g++.jason/synth5.C (test for excess errors)
FAIL: g++.jason/thunk2.C (test for excess errors)
FAIL: g++.jason/thunk3.C (test for excess errors)
FAIL: g++.mike/eh30.C (test for excess errors)
FAIL: g++.mike/p4750.C (test for excess errors)
FAIL: g++.other/comdat3.C (test for excess errors)
FAIL: g++.other/dwarf2-1.C (test for excess errors)
FAIL: g++.other/local-alloc1.C (test for excess errors)
FAIL: g++.other/mangle11.C (test for excess errors)
FAIL: g++.other/mangle3.C (test for excess errors)
XPASS: g++.pt/const2.C (test for excess errors)
XPASS: g++.pt/const2.C Execution test
FAIL: g++.pt/static3.C (test for excess errors)
FAIL: g++.pt/static6.C (test for excess errors)
FAIL: g++.robertl/eb106.C (test for excess errors)
=== g++ Summary ===
# of expected passes 6950
# of unexpected failures 52
# of unexpected successes 2
# of expected failures 95
# of untested testcases 23
# of unsupported tests 1
/gcc/dje/build/powerpc-ibm-aix4.3.3.0-20020316/gcc/testsuite/../g++ version 3.2 20020316 (experimental)
=== g77 tests ===
Running target unix
=== g77 Summary ===
# of expected passes 1460
# of unsupported tests 8
/gcc/dje/build/powerpc-ibm-aix4.3.3.0-20020316/gcc/testsuite/../g77 version 3.2 20020316 (experimental)
=== gcc tests ===
Running target unix
FAIL: gcc.c-torture/compile/981001-2.c, -O3 -fomit-frame-pointer
FAIL: gcc.c-torture/compile/981001-2.c, -O3 -g
FAIL: gcc.c-torture/compile/990801-1.c, -O3 -fomit-frame-pointer -funroll-all-loops -finline-functions
FAIL: gcc.c-torture/compile/20011119-1.c, -O0
FAIL: gcc.c-torture/compile/20011119-1.c, -O1
FAIL: gcc.c-torture/compile/20011119-1.c, -O2
FAIL: gcc.c-torture/compile/20011119-1.c, -O3 -fomit-frame-pointer
FAIL: gcc.c-torture/compile/20011119-1.c, -O3 -g
FAIL: gcc.c-torture/compile/20011119-1.c, -Os
FAIL: gcc.c-torture/compile/20011119-2.c, -O0
FAIL: gcc.c-torture/compile/20011119-2.c, -O1
FAIL: gcc.c-torture/compile/20011119-2.c, -O2
FAIL: gcc.c-torture/compile/20011119-2.c, -O3 -fomit-frame-pointer
FAIL: gcc.c-torture/compile/20011119-2.c, -O3 -g
FAIL: gcc.c-torture/compile/20011119-2.c, -Os
FAIL: gcc.c-torture/execute/eeprof-1.c execution, -O0
FAIL: gcc.c-torture/execute/eeprof-1.c execution, -O1
FAIL: gcc.c-torture/execute/eeprof-1.c execution, -O2
FAIL: gcc.c-torture/execute/eeprof-1.c execution, -O3 -fomit-frame-pointer
FAIL: gcc.c-torture/execute/eeprof-1.c execution, -O3 -g
FAIL: gcc.c-torture/execute/eeprof-1.c execution, -Os
FAIL: gcc.c-torture/execute/ieee/20010114-2.c execution, -O1
FAIL: gcc.c-torture/execute/ieee/20010114-2.c execution, -O2
FAIL: gcc.c-torture/execute/ieee/20010114-2.c execution, -Os
FAIL: gcc.c-torture/execute/ieee/980619-1.c execution, -O1
FAIL: gcc.c-torture/execute/ieee/980619-1.c execution, -O2
FAIL: gcc.c-torture/execute/ieee/980619-1.c execution, -O3 -fomit-frame-pointer
FAIL: gcc.c-torture/execute/ieee/980619-1.c execution, -O3 -fomit-frame-pointer -funroll-loops
FAIL: gcc.c-torture/execute/ieee/980619-1.c execution, -O3 -fomit-frame-pointer -funroll-all-loops -finline-functions
FAIL: gcc.c-torture/execute/ieee/980619-1.c execution, -O3 -g
FAIL: gcc.c-torture/execute/ieee/980619-1.c execution, -Os
FAIL: gcc.dg/cpp/charconst.c (test for excess errors)
FAIL: gcc.dg/cpp/ucs.c bad U1234abcd evaluation (test for bogus messages, line 14)
FAIL: gcc.dg/cpp/ucs.c (test for excess errors)
FAIL: gcc.dg/cpp/wchar-1.c execution test
FAIL: gcc.dg/20001009-1.c (test for excess errors)
FAIL: gcc.dg/20010912-1.c (test for excess errors)
FAIL: gcc.dg/20020103-1.c (test for excess errors)
FAIL: gcc.dg/20020103-1.c scan-assembler-not LC
FAIL: gcc.dg/20020118-1.c execution test
FAIL: gcc.dg/20020122-4.c (test for excess errors)
FAIL: gcc.dg/asm-fs-1.c scan-assembler-not \\*_bar
FAIL: gcc.dg/asm-names.c (test for excess errors)
FAIL: gcc.dg/c99-float-1.c (test for excess errors)
FAIL: gcc.dg/inline-2.c (test for excess errors)
FAIL: gcc.dg/weak-1.c scan-assembler weak[^ ]*[ ]_?a
FAIL: gcc.dg/weak-1.c scan-assembler weak[^ ]*[ ]_?b
FAIL: gcc.dg/weak-1.c scan-assembler weak[^ ]*[ ]_?c
FAIL: gcc.dg/weak-1.c scan-assembler weak[^ ]*[ ]_?d
FAIL: gcc.dg/weak-1.c scan-assembler weak[^ ]*[ ]_?e
FAIL: gcc.dg/weak-1.c scan-assembler weak[^ ]*[ ]_?g
FAIL: gcc.dg/weak-1.c scan-assembler weak[^ ]*[ ]_?j
FAIL: alias-1.c
FAIL: 20000419-2.c
=== gcc Summary ===
# of expected passes 17796
# of unexpected failures 54
# of expected failures 62
# of unsupported tests 108
/gcc/dje/build/powerpc-ibm-aix4.3.3.0-20020316/gcc/xgcc version 3.2 20020316 (experimental)
=== objc tests ===
Running target unix
FAIL: objc/execute/formal_protocol-6.m execution, -O0
FAIL: objc/execute/formal_protocol-6.m execution, -O1
FAIL: objc/execute/formal_protocol-6.m execution, -O2
FAIL: objc/execute/formal_protocol-6.m execution, -O3 -fomit-frame-pointer
FAIL: objc/execute/formal_protocol-6.m execution, -O3 -g
FAIL: objc/execute/formal_protocol-6.m execution, -Os
=== objc Summary ===
# of expected passes 1036
# of unexpected failures 6
/gcc/dje/build/powerpc-ibm-aix4.3.3.0-20020316/gcc/xgcc version 3.2 20020316 (experimental)
=== libstdc++-v3 tests ===
Running target unix
XPASS: 22_locale/collate_members_wchar_t.cc execution test
XPASS: 22_locale/money_get_members_wchar_t.cc execution test
XPASS: 22_locale/money_put_members_wchar_t.cc execution test
XPASS: 22_locale/moneypunct_members_wchar_t.cc execution test
XPASS: 22_locale/num_get_members_wchar_t.cc execution test
XPASS: 22_locale/num_put_members_wchar_t.cc execution test
XPASS: 22_locale/numpunct_members_wchar_t.cc execution test
XPASS: 22_locale/time_get_members_wchar_t.cc execution test
XPASS: 22_locale/time_put_members_wchar_t.cc execution test
FAIL: 27_io/istream_extractor_arith.cc execution test
=== libstdc++-v3 Summary ===
# of expected passes 346
# of unexpected failures 1
# of unexpected successes 9
# of expected failures 16
# of unsupported tests 6
Compiler version: 3.2 20020316 (experimental)
Platform: powerpc-ibm-aix4.3.3.0
configure flags: --host=powerpc-ibm-aix4.3.3.0 --prefix=/gcc/dje/install/powerpc-ibm-aix4.3.3.0-20020316 --disable-win32-registry --disable-nls
More information about the Gcc-testresults
mailing list