Results for 3.1 20020318 (prerelease) testsuite on i686-pc-cygwin
Tim Prince
tprince@computer.org
Tue Mar 19 07:52:00 GMT 2002
Native configuration is i686-pc-cygwin
=== g++ tests ===
Running target unix
FAIL: g++.dg/special/conpr-1.C execution test
FAIL: g++.dg/special/conpr-2.C execution test
FAIL: g++.dg/special/conpr-3.C execution test
FAIL: g++.dg/special/conpr-3.C execution test
FAIL: g++.dg/special/initp1.C execution test
FAIL: g++.eh/badalloc1.C Execution test
FAIL: g++.ext/attrib2.C (test for excess errors)
FAIL: g++.ext/attrib3.C (test for excess errors)
XPASS: g++.ext/attrib5.C Execution test
FAIL: g++.ext/instantiate3.C not instantiated (test for errors, line 13)
XPASS: g++.ext/instantiate3.C (test for excess errors)
XPASS: g++.jason/template18.C (test for excess errors)
XPASS: g++.jason/template18.C Execution test
FAIL: g++.other/dwarf2-1.C (test for excess errors)
=== g++ Summary ===
# of expected passes 7025
# of unexpected failures 10
# of unexpected successes 4
# of expected failures 86
# of untested testcases 15
# of unsupported tests 1
/gcc-20020114/w2k/gcc/testsuite/../g++ version 3.1 20020318 (prerelease)
=== g77 tests ===
Running target unix
=== g77 Summary ===
# of expected passes 1468
/gcc-20020114/w2k/gcc/testsuite/../g77 version 3.1 20020318 (prerelease)
=== gcc tests ===
Running target unix
FAIL: gcc.c-torture/execute/20011223-1.c execution, -O2
FAIL: gcc.c-torture/execute/20011223-1.c execution, -O3 -fomit-frame-pointer
FAIL: gcc.c-torture/execute/20011223-1.c execution, -O3 -g
FAIL: gcc.c-torture/execute/20011223-1.c execution, -Os
XPASS: gcc.c-torture/execute/loop-2e.c execution, -Os
FAIL: gcc.dg/990424-1.c (test for excess errors)
ERROR: tcl error sourcing /gcc-20020114/gcc/testsuite/gcc.dg/dg.exp.
ERROR: forked process couldn't set up input/output: bad file number
=== gcc Summary ===
# of expected passes 17632
# of unexpected failures 5
# of unexpected successes 1
# of expected failures 44
# of unsupported tests 26
/gcc-20020114/w2k/gcc/xgcc version 3.1 20020318 (prerelease)
=== objc tests ===
Running target unix
FAIL: objc/execute/formal_protocol-6.m execution, -O0
FAIL: objc/execute/formal_protocol-6.m execution, -O1
FAIL: objc/execute/formal_protocol-6.m execution, -O2
FAIL: objc/execute/formal_protocol-6.m execution, -O3 -fomit-frame-pointer
FAIL: objc/execute/formal_protocol-6.m execution, -O3 -g
FAIL: objc/execute/formal_protocol-6.m execution, -Os
=== objc Summary ===
# of expected passes 1036
# of unexpected failures 6
/gcc-20020114/w2k/gcc/xgcc version 3.1 20020318 (prerelease)
=== libstdc++-v3 tests ===
Running target unix
ERROR: tcl error sourcing
/gcc-20020114/libstdc++-v3/testsuite/libstdc++-v3.dg/dg.exp.
ERROR: couldn't compile regular expression pattern: nested *?+
=== libstdc++-v3 Summary ===
Compiler version: 3.1 20020318 (prerelease)
Platform: i686-pc-cygwin
configure flags: --host=i686-pc-cygwin --with-included-gettext
--enable-threads=posix --enable-languages=c++,f77,objc
--enable-sjlj-exceptions --with-system-zlib --disable-shared
BOOT_CFLAGS=-Os -mpreferred-stack-boundary=4 -march=pentium3 -pipe
E
--
Tim Prince
More information about the Gcc-testresults
mailing list