Results for 3.2 20020315 (experimental) testsuite on i686-pc-linux-gnu
Andreas Jaeger
aj@suse.de
Sat Mar 16 08:46:00 GMT 2002
LAST_UPDATED: Fri Mar 15 19:42:32 UTC 2002
Native configuration is i686-pc-linux-gnu
=== g++ tests ===
Running target unix
FAIL: g++.dg/template/qualttp20.C (test for excess errors)
FAIL: g++.dg/template/qualttp3.C (test for excess errors)
FAIL: g++.dg/template/qualttp4.C (test for excess errors)
FAIL: g++.dg/template/qualttp5.C (test for excess errors)
FAIL: g++.dg/template/qualttp6.C (test for excess errors)
FAIL: g++.dg/template/qualttp7.C (test for excess errors)
FAIL: g++.dg/template/qualttp8.C (test for excess errors)
FAIL: g++.dg/template/recurse.C (test for excess errors)
=== g++ Summary ===
# of expected passes 7069
# of unexpected failures 8
# of expected failures 92
# of untested testcases 9
# of unsupported tests 1
/builds/gcc/gcc-3.2-devel/gcc/testsuite/../g++ version 3.2 20020315 (experimental)
=== g77 tests ===
Running target unix
=== g77 Summary ===
# of expected passes 1476
/builds/gcc/gcc-3.2-devel/gcc/testsuite/../g77 version 3.2 20020315 (experimental)
=== gcc tests ===
Running target unix
FAIL: gcc.c-torture/execute/20011223-1.c execution, -O2
FAIL: gcc.c-torture/execute/20011223-1.c execution, -O3 -fomit-frame-pointer
FAIL: gcc.c-torture/execute/20011223-1.c execution, -O3 -g
FAIL: gcc.c-torture/execute/20011223-1.c execution, -Os
FAIL: gcc.dg/format/ext-1.c printf_unlocked (test for warnings, line 125)
FAIL: gcc.dg/format/ext-1.c (test for excess errors)
=== gcc Summary ===
# of expected passes 18165
# of unexpected failures 6
# of expected failures 66
# of unsupported tests 38
/builds/gcc/gcc-3.2-devel/gcc/xgcc version 3.2 20020315 (experimental)
=== libjava tests ===
Running target unix
FAIL: linking cxxtest
=== libjava Summary ===
# of expected passes 2039
# of unexpected failures 1
# of expected failures 19
# of untested testcases 14
=== libstdc++-v3 tests ===
Running target unix
XPASS: 22_locale/collate_byname.cc execution test
XPASS: 22_locale/collate_members_char.cc execution test
XPASS: 22_locale/collate_members_wchar_t.cc execution test
XPASS: 22_locale/ctype_members_char.cc execution test
XPASS: 22_locale/members.cc execution test
XPASS: 22_locale/messages_byname.cc execution test
XPASS: 22_locale/messages_members_char.cc execution test
XPASS: 22_locale/money_get_members_char.cc execution test
XPASS: 22_locale/money_get_members_wchar_t.cc execution test
XPASS: 22_locale/money_put_members_char.cc execution test
XPASS: 22_locale/money_put_members_wchar_t.cc execution test
XPASS: 22_locale/moneypunct_byname.cc execution test
XPASS: 22_locale/moneypunct_members_char.cc execution test
XPASS: 22_locale/moneypunct_members_wchar_t.cc execution test
XPASS: 22_locale/num_get_members_char.cc execution test
XPASS: 22_locale/num_get_members_wchar_t.cc execution test
XPASS: 22_locale/num_put_members_char.cc execution test
XPASS: 22_locale/num_put_members_wchar_t.cc execution test
XPASS: 22_locale/numpunct_byname.cc execution test
XPASS: 22_locale/numpunct_members_char.cc execution test
XPASS: 22_locale/numpunct_members_wchar_t.cc execution test
XPASS: 22_locale/time_get_members_char.cc execution test
XPASS: 22_locale/time_get_members_wchar_t.cc execution test
XPASS: 22_locale/time_put_members_char.cc execution test
XPASS: 22_locale/time_put_members_wchar_t.cc execution test
FAIL: 26_numerics/c99_classification_macros_c.cc (test for excess errors)
=== libstdc++-v3 Summary ===
# of expected passes 358
# of unexpected failures 1
# of unexpected successes 25
Compiler version: 3.2 20020315 (experimental)
Platform: i686-pc-linux-gnu
configure flags: --host=i686-pc-linux-gnu --prefix=/opt/gcc/3.2-devel --enable-shared --enable-threads --disable-nls --with-gnu-as --with-gnu-ld --enable-languages=c,c++,java,f77
More information about the Gcc-testresults
mailing list