Results for 3.1 20020315 (prerelease) testsuite on i686-pc-linux-gnu
Andris Pavenis
andris@hal.astr.lu.lv
Fri Mar 15 20:41:00 GMT 2002
Last updated from CVS: 2002 Mar 16 04:10 +0200
System: Linux kernel 2.4.19-pre1-ac1
glibc-2.2.5
binutils-2.11.90.0.31
LAST_UPDATED: Sat Mar 16 02:10:24 UTC 2002
Native configuration is i686-pc-linux-gnu
=== g++ tests ===
Running target unix
FAIL: g++.ext/instantiate2.C not instantiated (test for errors, line 19)
=== g++ Summary ===
# of expected passes 7094
# of unexpected failures 1
# of expected failures 92
# of untested testcases 9
# of unsupported tests 1
/disk2/cvs/gcc31/build/build.lnx/gcc/testsuite/../g++ version 3.1 20020315 (prerelease)
=== g77 tests ===
Running target unix
=== g77 Summary ===
# of expected passes 1468
/disk2/cvs/gcc31/build/build.lnx/gcc/testsuite/../g77 version 3.1 20020315 (prerelease)
=== gcc tests ===
Running target unix
FAIL: gcc.c-torture/execute/20011223-1.c execution, -O2
FAIL: gcc.c-torture/execute/20011223-1.c execution, -O3 -fomit-frame-pointer
FAIL: gcc.c-torture/execute/20011223-1.c execution, -O3 -g
FAIL: gcc.c-torture/execute/20011223-1.c execution, -Os
ERROR: (DejaGnu) proc "^" does not exist.
=== gcc Summary ===
# of expected passes 14570
# of unexpected failures 4
# of expected failures 64
# of unsupported tests 36
/disk2/cvs/gcc31/build/build.lnx/gcc/xgcc version 3.1 20020315 (prerelease)
=== objc tests ===
Running target unix
FAIL: objc/execute/formal_protocol-6.m execution, -O0
FAIL: objc/execute/formal_protocol-6.m execution, -O1
FAIL: objc/execute/formal_protocol-6.m execution, -O2
FAIL: objc/execute/formal_protocol-6.m execution, -O3 -fomit-frame-pointer
FAIL: objc/execute/formal_protocol-6.m execution, -O3 -g
FAIL: objc/execute/formal_protocol-6.m execution, -Os
=== objc Summary ===
# of expected passes 1036
# of unexpected failures 6
/disk2/cvs/gcc31/build/build.lnx/gcc/xgcc version 3.1 20020315 (prerelease)
=== libstdc++-v3 tests ===
Running target unix
XPASS: 22_locale/collate_byname.cc execution test
XPASS: 22_locale/collate_members_char.cc execution test
XPASS: 22_locale/ctype_members_char.cc execution test
XPASS: 22_locale/members.cc execution test
XPASS: 22_locale/messages_byname.cc execution test
XPASS: 22_locale/messages_members_char.cc execution test
XPASS: 22_locale/money_get_members_char.cc execution test
XPASS: 22_locale/money_get_members_wchar_t.cc execution test
XPASS: 22_locale/money_put_members_char.cc execution test
XPASS: 22_locale/money_put_members_wchar_t.cc execution test
XPASS: 22_locale/moneypunct_byname.cc execution test
XPASS: 22_locale/moneypunct_members_char.cc execution test
XPASS: 22_locale/moneypunct_members_wchar_t.cc execution test
XPASS: 22_locale/num_get_members_char.cc execution test
XPASS: 22_locale/num_get_members_wchar_t.cc execution test
XPASS: 22_locale/num_put_members_char.cc execution test
XPASS: 22_locale/num_put_members_wchar_t.cc execution test
XPASS: 22_locale/numpunct_byname.cc execution test
XPASS: 22_locale/numpunct_members_char.cc execution test
XPASS: 22_locale/numpunct_members_wchar_t.cc execution test
XPASS: 22_locale/time_get_members_char.cc execution test
XPASS: 22_locale/time_get_members_wchar_t.cc execution test
XPASS: 22_locale/time_put_members_char.cc execution test
XPASS: 22_locale/time_put_members_wchar_t.cc execution test
FAIL: 26_numerics/c99_classification_macros_c.cc (test for excess errors)
=== libstdc++-v3 Summary ===
# of expected passes 358
# of unexpected failures 1
# of unexpected successes 24
# of expected failures 1
Compiler version: 3.1 20020315 (prerelease)
Platform: i686-pc-linux-gnu
configure flags: --host=i686-pc-linux-gnu --prefix=/disk2/gcc31 --enable-shared --enable-languages=c,c++,f77,objc --verbose --enable-threads=posix
Counting all warnings,
there are 54 warnings in stage3 of this bootstrap.
Number of warnings per file:
24 gcc/combine.c
10 gcc/regclass.c
4 gcc/optabs.c
4 gcc/gcc.c
2 gcc/fold-const.c
1 gcc/version.c
1 gcc/reload.c
1 gcc/profile.c
1 gcc/objc/lang-specs.h
1 gcc/ifcvt.c
1 gcc/function.c
1 gcc/f/version.c
1 gcc/emit-rtl.c
1 gcc/cp/lang-specs.h
1 gcc/config/i386/i386.c
Number of warning types:
39 comparison between signed and unsigned
6 string length `???' is greater than the length `???' ISO C89 compilers are required to support
5 signed and unsigned type in conditional expression
2 traditional C ignores #include with the # indented
1 pointer targets in passing arg ??? of `???' differ in signedness
1 `???' might be used uninitialized in this function
More information about the Gcc-testresults
mailing list