Results for 3.2 20020312 (experimental) testsuite on i686-pc-linux-gnu
Richard Henderson
rth@redhat.com
Wed Mar 13 13:41:00 GMT 2002
LAST_UPDATED: Wed Mar 13 05:20:10 UTC 2002
Native configuration is i686-pc-linux-gnu
=== g++ tests ===
Running target unix
=== g++ Summary ===
# of expected passes 7075
# of expected failures 92
# of untested testcases 9
/frothingslosh/rth/gcc/build/x86/gcc/testsuite/../g++ version 3.2 20020312 (experimental)
=== g77 tests ===
Running target unix
=== g77 Summary ===
# of expected passes 1476
/frothingslosh/rth/gcc/build/x86/gcc/testsuite/../g77 version 3.2 20020312 (experimental)
=== gcc tests ===
Running target unix
FAIL: gcc.c-torture/execute/20011223-1.c execution, -O2
FAIL: gcc.c-torture/execute/20011223-1.c execution, -O3 -fomit-frame-pointer
FAIL: gcc.c-torture/execute/20011223-1.c execution, -O3 -g
FAIL: gcc.c-torture/execute/20011223-1.c execution, -Os
=== gcc Summary ===
# of expected passes 18118
# of unexpected failures 4
# of expected failures 66
# of unsupported tests 37
/frothingslosh/rth/gcc/build/x86/gcc/xgcc version 3.2 20020312 (experimental)
=== objc tests ===
Running target unix
FAIL: objc/execute/formal_protocol-6.m execution, -O0
FAIL: objc/execute/formal_protocol-6.m execution, -O1
FAIL: objc/execute/formal_protocol-6.m execution, -O2
FAIL: objc/execute/formal_protocol-6.m execution, -O3 -fomit-frame-pointer
FAIL: objc/execute/formal_protocol-6.m execution, -O3 -g
FAIL: objc/execute/formal_protocol-6.m execution, -Os
=== objc Summary ===
# of expected passes 1036
# of unexpected failures 6
/frothingslosh/rth/gcc/build/x86/gcc/xgcc version 3.2 20020312 (experimental)
=== libjava tests ===
Running target unix
FAIL: PR5902 compilation from bytecode
FAIL: PR5902 -O compilation from bytecode
FAIL: linking cxxtest
=== libjava Summary ===
# of expected passes 2037
# of unexpected failures 3
# of expected failures 19
# of untested testcases 14
=== libstdc++-v3 tests ===
Running target unix
XPASS: 22_locale/time_put_members_char.cc execution test
XPASS: 22_locale/time_put_members_wchar_t.cc execution test
FAIL: 26_numerics/c99_classification_macros_c.cc (test for excess errors)
=== libstdc++-v3 Summary ===
# of expected passes 358
# of unexpected failures 1
# of unexpected successes 2
# of expected failures 23
Compiler version: 3.2 20020312 (experimental)
Platform: i686-pc-linux-gnu
configure flags: --host=i686-pc-linux-gnu --prefix=/frothingslosh/H-i686-linux --enable-threads
More information about the Gcc-testresults
mailing list