Results for 3.2 20020301 (experimental) testsuite on i686-pc-linux-gnu
Gordon Sadler
gbsadler1@lcisp.com
Tue Mar 5 09:29:00 GMT 2002
LAST_UPDATED: Fri Mar 1 11:48:14 UTC 2002
Native configuration is i686-pc-linux-gnu
=== g++ tests ===
Running target unix
=== g++ Summary ===
# of expected passes 7067
# of expected failures 92
# of untested testcases 9
/usr/local/src/build/gcc/gcc/testsuite/../g++ version 3.2 20020301 (experimental)
=== g77 tests ===
Running target unix
=== g77 Summary ===
# of expected passes 1468
/usr/local/src/build/gcc/gcc/testsuite/../g77 version 3.2 20020301 (experimental)
=== gcc tests ===
Running target unix
FAIL: gcc.c-torture/execute/20011223-1.c execution, -O2
FAIL: gcc.c-torture/execute/20011223-1.c execution, -O3 -fomit-frame-pointer
FAIL: gcc.c-torture/execute/20011223-1.c execution, -O3 -g
FAIL: gcc.c-torture/execute/20011223-1.c execution, -Os
=== gcc Summary ===
# of expected passes 17946
# of unexpected failures 4
# of expected failures 66
# of unsupported tests 36
/usr/local/src/build/gcc/gcc/xgcc version 3.2 20020301 (experimental)
=== objc tests ===
Running target unix
FAIL: objc/execute/formal_protocol-6.m execution, -O0
FAIL: objc/execute/formal_protocol-6.m execution, -O1
FAIL: objc/execute/formal_protocol-6.m execution, -O2
FAIL: objc/execute/formal_protocol-6.m execution, -O3 -fomit-frame-pointer
FAIL: objc/execute/formal_protocol-6.m execution, -O3 -g
FAIL: objc/execute/formal_protocol-6.m execution, -Os
=== objc Summary ===
# of expected passes 1036
# of unexpected failures 6
/usr/local/src/build/gcc/gcc/xgcc version 3.2 20020301 (experimental)
=== libjava tests ===
Running target unix
FAIL: linking cxxtest
=== libjava Summary ===
# of expected passes 2027
# of unexpected failures 1
# of expected failures 15
# of untested testcases 8
=== libstdc++-v3 tests ===
Running target unix
XPASS: 22_locale/collate_members_wchar_t.cc execution test
FAIL: 26_numerics/c99_classification_macros_c.cc (test for excess errors)
WARNING: program timed out.
FAIL: thread/pthread4.cc execution test
=== libstdc++-v3 Summary ===
# of expected passes 355
# of unexpected failures 2
# of unexpected successes 1
# of expected failures 24
Compiler version: 3.2 20020301 (experimental)
Platform: i686-pc-linux-gnu
configure flags: --host=i686-pc-linux-gnu --verbose --enable-threads=posix --with-system-zlib --enable-shared --disable-nls --enable-checking
Counting all warnings,
there are 63 warnings in stage3 of this bootstrap.
Number of warnings per file:
24 gcc/combine.c
10 gcc/regclass.c
4 gcc/optabs.c
3 gcc/java/builtins.c
3 gcc/gcc.c
3 gcc/cp/except.c
2 gcc/fold-const.c
2 gcc/crtstuff.c
2 gcc/ada/a-except.adb
1 gcc/version.c
1 gcc/reload.c
1 gcc/profile.c
1 gcc/java/jvspec.c
1 gcc/ifcvt.c
1 gcc/function.c
1 gcc/f/version.c
1 gcc/cp/tree.c
1 gcc/cp/lang-specs.h
1 gcc/cfgcleanup.c
Number of warning types:
37 comparison between signed and unsigned
5 string length \`???' is greater than the length \`???' ISO C89 compilers are required to support
5 signed and unsigned type in conditional expression
3 unused parameter \`???'
3 \`???' might be used uninitialized in this function
2 traditional C ignores #include with the # indented
2 \`???' defined but not used
1 unused variable \`???'
1 pointer targets in passing arg ??? of \`???' differ in signedness
1 initialization makes pointer from integer without a cast
1 implicit declaration of function \`???'
1 function declaration isn't a prototype
1 assignment makes pointer from integer without a cast
More information about the Gcc-testresults
mailing list