Results for 3.2 20020303 (experimental) testsuite on i686-pc-linux-gnu
Andreas Jaeger
aj@suse.de
Sun Mar 3 07:29:00 GMT 2002
LAST_UPDATED: Sun Mar 3 13:49:59 UTC 2002
Native configuration is i686-pc-linux-gnu
=== g++ tests ===
Running target unix
FAIL: g++.bugs/900322_01.C object with incomplete type (test for errors, line 51)
FAIL: g++.bugs/900322_01.C (test for excess errors)
FAIL: g++.jason/special.C (test for excess errors)
FAIL: g++.niklas/t131.C caused compiler crash
FAIL: g++.pt/crash14.C (test for excess errors)
FAIL: g++.pt/partial2.C (test for excess errors)
=== g++ Summary ===
# of expected passes 7066
# of unexpected failures 6
# of expected failures 93
# of untested testcases 9
/builds/gcc/gcc-3.2-devel/gcc/testsuite/../g++ version 3.2 20020303 (experimental)
=== g77 tests ===
Running target unix
=== g77 Summary ===
# of expected passes 1468
/builds/gcc/gcc-3.2-devel/gcc/testsuite/../g77 version 3.2 20020303 (experimental)
=== gcc tests ===
Running target unix
FAIL: gcc.c-torture/execute/20011223-1.c execution, -O2
FAIL: gcc.c-torture/execute/20011223-1.c execution, -O3 -fomit-frame-pointer
FAIL: gcc.c-torture/execute/20011223-1.c execution, -O3 -g
FAIL: gcc.c-torture/execute/20011223-1.c execution, -Os
FAIL: gcc.dg/c99-array-nonobj-1.c func [] arg (test for errors, line 26)
FAIL: gcc.dg/c99-array-nonobj-1.c (test for excess errors)
=== gcc Summary ===
# of expected passes 17950
# of unexpected failures 6
# of expected failures 66
# of unsupported tests 36
/builds/gcc/gcc-3.2-devel/gcc/xgcc version 3.2 20020303 (experimental)
=== objc tests ===
Running target unix
FAIL: objc/execute/formal_protocol-6.m execution, -O0
FAIL: objc/execute/formal_protocol-6.m execution, -O1
FAIL: objc/execute/formal_protocol-6.m execution, -O2
FAIL: objc/execute/formal_protocol-6.m execution, -O3 -fomit-frame-pointer
FAIL: objc/execute/formal_protocol-6.m execution, -O3 -g
FAIL: objc/execute/formal_protocol-6.m execution, -Os
=== objc Summary ===
# of expected passes 1036
# of unexpected failures 6
/builds/gcc/gcc-3.2-devel/gcc/xgcc version 3.2 20020303 (experimental)
=== libjava tests ===
Running target unix
FAIL: linking cxxtest
FAIL: Thread_Interrupt output from source compiled test
FAIL: Thread_Interrupt output from bytecode->native test
FAIL: Thread_Interrupt -O output from source compiled test
FAIL: Thread_Interrupt -O output from bytecode->native test
=== libjava Summary ===
# of expected passes 2023
# of unexpected failures 5
# of expected failures 15
# of untested testcases 8
=== libstdc++-v3 tests ===
Running target unix
XPASS: 22_locale/collate_byname.cc execution test
XPASS: 22_locale/ctype_members_char.cc execution test
XPASS: 22_locale/members.cc execution test
XPASS: 22_locale/messages_byname.cc execution test
XPASS: 22_locale/messages_members_char.cc execution test
XPASS: 22_locale/money_get_members_char.cc execution test
XPASS: 22_locale/money_get_members_wchar_t.cc execution test
XPASS: 22_locale/money_put_members_char.cc execution test
XPASS: 22_locale/money_put_members_wchar_t.cc execution test
XPASS: 22_locale/moneypunct_byname.cc execution test
XPASS: 22_locale/moneypunct_members_char.cc execution test
XPASS: 22_locale/moneypunct_members_wchar_t.cc execution test
XPASS: 22_locale/num_get_members_char.cc execution test
XPASS: 22_locale/num_get_members_wchar_t.cc execution test
XPASS: 22_locale/num_put_members_char.cc execution test
XPASS: 22_locale/num_put_members_wchar_t.cc execution test
XPASS: 22_locale/numpunct_byname.cc execution test
XPASS: 22_locale/numpunct_members_char.cc execution test
XPASS: 22_locale/numpunct_members_wchar_t.cc execution test
XPASS: 22_locale/time_get_members_char.cc execution test
XPASS: 22_locale/time_get_members_wchar_t.cc execution test
XPASS: 22_locale/time_put_members_char.cc execution test
FAIL: 26_numerics/c99_classification_macros_c.cc (test for excess errors)
=== libstdc++-v3 Summary ===
# of expected passes 356
# of unexpected failures 1
# of unexpected successes 22
# of expected failures 3
Compiler version: 3.2 20020303 (experimental)
Platform: i686-pc-linux-gnu
configure flags: --host=i686-pc-linux-gnu --prefix=/opt/gcc/3.2-devel --enable-shared --enable-threads --disable-nls --with-gnu-as --with-gnu-ld --enable-languages=c,objc,c++,f77,java
More information about the Gcc-testresults
mailing list