Results for gcc libstdc++-v3 testsuite on powerpc-ibm-aix4.3.3.0

dfavor@austin.ibm.com dfavor@austin.ibm.com
Fri Jun 28 06:02:00 GMT 2002


LAST_UPDATED: 
Native configuration is powerpc-ibm-aix4.3.3.0

		=== libstdc++-v3 tests ===


Running target unix
FAIL: 20_util/allocator_members.cc execution test
XPASS: 22_locale/collate_members_wchar_t.cc execution test
XPASS: 22_locale/money_get_members_wchar_t.cc execution test
XPASS: 22_locale/money_put_members_wchar_t.cc execution test
XPASS: 22_locale/moneypunct_members_wchar_t.cc execution test
XPASS: 22_locale/num_get_members_wchar_t.cc execution test
XPASS: 22_locale/num_put_members_wchar_t.cc execution test
XPASS: 22_locale/numpunct_members_wchar_t.cc execution test
XPASS: 22_locale/time_get_members_wchar_t.cc execution test
XPASS: 22_locale/time_put_members_wchar_t.cc execution test
FAIL: 27_io/istream_extractor_arith.cc execution test

		=== libstdc++-v3 Summary ===

# of expected passes		361
# of unexpected failures	2
# of unexpected successes	9
# of expected failures		16
# of unsupported tests		6

Compiler version: gcc libstdc++-v3 
Platform: powerpc-ibm-aix4.3.3.0
configure flags: --host=powerpc-ibm-aix4.3.3.0 --prefix=/opt/freeware/gcc-3.1 --enable-threads=aix --enable-shared --enable-languages=c,c++,java --disable-nls --with-gnu-as=/opt/freeware/GNUPro/bin/as --with-gnu-ld=/opt/freeware/GNUPro/bin/gld



More information about the Gcc-testresults mailing list