Results for 3.2 20020626 (experimental) testsuite on mmix-knuth-mmixware
Andreas Jaeger
aj@suse.de
Thu Jun 27 01:47:00 GMT 2002
LAST_UPDATED: Thu Jun 27 05:08:49 UTC 2002
Target is mmix-knuth-mmixware
Host is i686-pc-linux-gnu
=== g++ tests ===
Running target mmixware-sim
FAIL: g++.dg/opt/vt1.C (test for excess errors)
FAIL: g++.dg/warn/Wunused-2.C (test for warnings, line 5)
FAIL: g++.eh/catch4p.C Execution test
=== g++ Summary ===
# of expected passes 7116
# of unexpected failures 3
# of expected failures 87
# of untested testcases 32
# of unsupported tests 8
/mmix/mmix/build/gcc/testsuite/../g++ version 3.2 20020626 (experimental)
Host is i686-pc-linux-gnu
=== g77 tests ===
Running target mmixware-sim
FAIL: g77.dg/f77-edit-apostrophe-out.f output pattern test, is abcde
FAIL: g77.dg/f77-edit-apostrophe-out.f output pattern test, is abcde
FAIL: g77.dg/f77-edit-apostrophe-out.f output pattern test, is abcde
FAIL: g77.dg/f77-edit-apostrophe-out.f output pattern test, is abcde
FAIL: g77.dg/f77-edit-apostrophe-out.f output pattern test, is abcde
FAIL: g77.dg/f77-edit-apostrophe-out.f output pattern test, is abcde
FAIL: g77.dg/f77-edit-colon-out.f output pattern test, is 123
FAIL: g77.dg/f77-edit-colon-out.f output pattern test, is 123
FAIL: g77.dg/f77-edit-colon-out.f output pattern test, is 123
FAIL: g77.dg/f77-edit-colon-out.f output pattern test, is 123
FAIL: g77.dg/f77-edit-colon-out.f output pattern test, is 123
FAIL: g77.dg/f77-edit-colon-out.f output pattern test, is 123
FAIL: g77.dg/f77-edit-h-out.f output pattern test, is 1
FAIL: g77.dg/f77-edit-h-out.f output pattern test, is 1
FAIL: g77.dg/f77-edit-h-out.f output pattern test, is 1
FAIL: g77.dg/f77-edit-h-out.f output pattern test, is 1
FAIL: g77.dg/f77-edit-h-out.f output pattern test, is 1
FAIL: g77.dg/f77-edit-h-out.f output pattern test, is 1
FAIL: g77.dg/f77-edit-s-out.f output pattern test, is +10 20
FAIL: g77.dg/f77-edit-s-out.f output pattern test, is +10 20
FAIL: g77.dg/f77-edit-s-out.f output pattern test, is +10 20
FAIL: g77.dg/f77-edit-s-out.f output pattern test, is +10 20
FAIL: g77.dg/f77-edit-s-out.f output pattern test, is +10 20
FAIL: g77.dg/f77-edit-s-out.f output pattern test, is +10 20
FAIL: g77.dg/f77-edit-slash-out.f output pattern test, is 123
FAIL: g77.dg/f77-edit-slash-out.f output pattern test, is 123
FAIL: g77.dg/f77-edit-slash-out.f output pattern test, is 123
FAIL: g77.dg/f77-edit-slash-out.f output pattern test, is 123
FAIL: g77.dg/f77-edit-slash-out.f output pattern test, is 123
FAIL: g77.dg/f77-edit-slash-out.f output pattern test, is 123
FAIL: g77.dg/f77-edit-x-out.f output pattern test, is 1 2 3
FAIL: g77.dg/f77-edit-x-out.f output pattern test, is 1 2 3
FAIL: g77.dg/f77-edit-x-out.f output pattern test, is 1 2 3
FAIL: g77.dg/f77-edit-x-out.f output pattern test, is 1 2 3
FAIL: g77.dg/f77-edit-x-out.f output pattern test, is 1 2 3
FAIL: g77.dg/f77-edit-x-out.f output pattern test, is 1 2 3
FAIL: g77.f-torture/compile/20010321-1.f, -O3 -g
FAIL: g77.f-torture/compile/cpp.F, -O3 -g
FAIL: g77.f-torture/compile/cpp2.F, -O3 -g
FAIL: g77.f-torture/execute/970625-2.f compilation, -O1
WARNING: program timed out.
FAIL: g77.f-torture/execute/f90-intrinsic-bit.f compilation, -Os
FAIL: g77.f-torture/execute/cpp.F compilation, -O3 -g
FAIL: g77.f-torture/execute/cpp2.F compilation, -O3 -g
=== g77 Summary ===
# of expected passes 1420
# of unexpected failures 43
# of expected failures 80
# of untested testcases 52
# of unsupported tests 9
/mmix/mmix/build/gcc/testsuite/../g77 version 3.2 20020626 (experimental)
Host is i686-pc-linux-gnu
=== gcc tests ===
Running target mmixware-sim
WARNING: program timed out.
FAIL: gcc.c-torture/compile/20001226-1.c, -Os
WARNING: program timed out.
FAIL: gcc.c-torture/execute/20020108-1.c compilation, -Os
UNRESOLVED: gcc.c-torture/execute/20020108-1.c execution, -Os
FAIL: gcc.c-torture/execute/simd-1.c compilation, -O1
UNRESOLVED: gcc.c-torture/execute/simd-1.c execution, -O1
FAIL: gcc.c-torture/execute/simd-1.c compilation, -O2
UNRESOLVED: gcc.c-torture/execute/simd-1.c execution, -O2
FAIL: gcc.c-torture/execute/simd-1.c compilation, -O3 -fomit-frame-pointer
UNRESOLVED: gcc.c-torture/execute/simd-1.c execution, -O3 -fomit-frame-pointer
FAIL: gcc.c-torture/execute/simd-1.c compilation, -O3 -g
UNRESOLVED: gcc.c-torture/execute/simd-1.c execution, -O3 -g
FAIL: gcc.c-torture/execute/simd-1.c compilation, -Os
UNRESOLVED: gcc.c-torture/execute/simd-1.c execution, -Os
FAIL: gcc.c-torture/execute/simd-2.c compilation, -O1
UNRESOLVED: gcc.c-torture/execute/simd-2.c execution, -O1
FAIL: gcc.c-torture/execute/simd-2.c compilation, -O2
UNRESOLVED: gcc.c-torture/execute/simd-2.c execution, -O2
FAIL: gcc.c-torture/execute/simd-2.c compilation, -O3 -fomit-frame-pointer
UNRESOLVED: gcc.c-torture/execute/simd-2.c execution, -O3 -fomit-frame-pointer
FAIL: gcc.c-torture/execute/simd-2.c compilation, -O3 -g
UNRESOLVED: gcc.c-torture/execute/simd-2.c execution, -O3 -g
FAIL: gcc.c-torture/execute/simd-2.c compilation, -Os
UNRESOLVED: gcc.c-torture/execute/simd-2.c execution, -Os
FAIL: cmdlne-dM-M.c: #define line not printed
FAIL: gcc.dg/simd-1.c (test for excess errors)
FAIL: gcc.dg/uninit-A.c uninitialized variable warning (test for bogus messages, line 52)
FAIL: gcc.dg/uninit-A.c uninitialized variable warning (test for bogus messages, line 53)
FAIL: gcc.dg/format/c99-scanf-1.c %hhd sign (test for warnings, line 143)
FAIL: gcc.dg/format/c99-scanf-1.c %hhu sign (test for warnings, line 144)
FAIL: gcc.dg/format/c99-scanf-1.c (test for excess errors)
=== gcc Summary ===
# of expected passes 18666
# of unexpected failures 19
# of expected failures 71
# of unresolved testcases 11
# of unsupported tests 141
/mmix/mmix/build/gcc/xgcc version 3.2 20020626 (experimental)
Host is i686-pc-linux-gnu
=== objc tests ===
Running target mmixware-sim
=== objc Summary ===
# of expected passes 1035
# of expected failures 6
/mmix/mmix/build/gcc/xgcc version 3.2 20020626 (experimental)
Compiler version: 3.2 20020626 (experimental)
Platform: mmix-knuth-mmixware
configure flags: --host=i686-pc-linux-gnu --target=mmix --prefix=/mmix/mmix/install --disable-nls
More information about the Gcc-testresults
mailing list