Results for 3.2 20020626 (experimental) testsuite on i686-pc-linux-gnu
Andrew Pinski
pinskia@physics.uc.edu
Wed Jun 26 22:44:00 GMT 2002
LAST_UPDATED: Thu Jun 27 01:03:13 UTC 2002
Native configuration is i686-pc-linux-gnu
=== gcc tests ===
Running target unix
FAIL: gcc.c-torture/execute/20020412-1.c execution, -O1
FAIL: gcc.c-torture/execute/20020412-1.c execution, -O2
FAIL: gcc.c-torture/execute/20020412-1.c execution, -O3 -fomit-frame-pointer
FAIL: gcc.c-torture/execute/20020412-1.c execution, -O3 -fomit-frame-pointer -funroll-loops
FAIL: gcc.c-torture/execute/20020412-1.c execution, -O3 -fomit-frame-pointer -funroll-all-loops -finline-functions
FAIL: gcc.c-torture/execute/20020412-1.c execution, -O3 -g
FAIL: gcc.c-torture/execute/simd-2.c execution, -O0
FAIL: gcc.c-torture/execute/simd-2.c compilation, -O1
UNRESOLVED: gcc.c-torture/execute/simd-2.c execution, -O1
FAIL: gcc.c-torture/execute/simd-2.c compilation, -O2
UNRESOLVED: gcc.c-torture/execute/simd-2.c execution, -O2
FAIL: gcc.c-torture/execute/simd-2.c compilation, -O3 -fomit-frame-pointer
UNRESOLVED: gcc.c-torture/execute/simd-2.c execution, -O3 -fomit-frame-pointer
FAIL: gcc.c-torture/execute/simd-2.c compilation, -O3 -g
UNRESOLVED: gcc.c-torture/execute/simd-2.c execution, -O3 -g
FAIL: gcc.c-torture/execute/simd-2.c compilation, -Os
UNRESOLVED: gcc.c-torture/execute/simd-2.c execution, -Os
FAIL: cmdlne-dM-M.c: #define line not printed
=== gcc Summary ===
# of expected passes 19673
# of unexpected failures 13
# of expected failures 64
# of unresolved testcases 5
# of unsupported tests 57
/home/gates/pinskia/src/gnu/gcc-dev-6-26-2002/src/objdir.linux/gcc/xgcc version 3.2 20020626 (experimental)
=== treelang tests ===
Running target unix
=== treelang Summary ===
# of expected passes 1
Compiler version: 3.2 20020626 (experimental)
Platform: i686-pc-linux-gnu
configure flags: --host=i686-pc-linux-gnu --enable-maintainer-mode --enable-languages=c,treelang --target=i686-pc-linux-gnu --prefix=/home/gates/pinskia/linux-dev --enable-threads=posix --enable-shared
More information about the Gcc-testresults
mailing list