Results for 3.2 20020625 (experimental) testsuite on sparc-unknown-linux-gnu
David S. Miller
davem@nuts.ninka.net
Tue Jun 25 11:15:00 GMT 2002
LAST_UPDATED: Tue Jun 25 14:17:59 UTC 2002
Native configuration is sparc-unknown-linux-gnu
=== g++ tests ===
Running target unix
FAIL: g++.dg/warn/Wunused-2.C (test for warnings, line 5)
=== g++ Summary ===
# of expected passes 7344
# of unexpected failures 1
# of expected failures 87
# of untested testcases 22
# of unsupported tests 4
/disk1/davem/GCC/cvs/mainline/build-sparc-linux/gcc/testsuite/../g++ version 3.2 20020625 (experimental)
=== g77 tests ===
Running target unix
FAIL: g77.f-torture/execute/6367.f execution, -O0
FAIL: g77.f-torture/execute/6367.f execution, -O1
FAIL: g77.f-torture/execute/6367.f execution, -O2
FAIL: g77.f-torture/execute/6367.f execution, -O3 -fomit-frame-pointer
FAIL: g77.f-torture/execute/6367.f execution, -O3 -fomit-frame-pointer -funroll-loops
FAIL: g77.f-torture/execute/6367.f execution, -O3 -fomit-frame-pointer -funroll-all-loops -finline-functions
FAIL: g77.f-torture/execute/6367.f execution, -O3 -g
FAIL: g77.f-torture/execute/6367.f execution, -Os
WARNING: program timed out.
FAIL: g77.f-torture/execute/f90-intrinsic-bit.f compilation, -Os
=== g77 Summary ===
# of expected passes 1616
# of unexpected failures 9
# of untested testcases 1
# of unsupported tests 8
/disk1/davem/GCC/cvs/mainline/build-sparc-linux/gcc/testsuite/../g77 version 3.2 20020625 (experimental)
=== gcc tests ===
Running target unix
WARNING: program timed out.
FAIL: gcc.c-torture/execute/20020108-1.c compilation, -Os
UNRESOLVED: gcc.c-torture/execute/20020108-1.c execution, -Os
FAIL: cmdlne-dM-M.c: #define line not printed
=== gcc Summary ===
# of expected passes 19122
# of unexpected failures 2
# of expected failures 63
# of unresolved testcases 1
# of unsupported tests 124
/disk1/davem/GCC/cvs/mainline/build-sparc-linux/gcc/xgcc version 3.2 20020625 (experimental)
=== objc tests ===
Running target unix
=== objc Summary ===
# of expected passes 1035
# of expected failures 6
/disk1/davem/GCC/cvs/mainline/build-sparc-linux/gcc/xgcc version 3.2 20020625 (experimental)
=== libjava tests ===
Running target unix
FAIL: PR1343 compilation from bytecode
FAIL: PR1343 -O compilation from bytecode
FAIL: calls run
FAIL: field run
FAIL: final_method run
FAIL: findclass run
FAIL: invoke run
FAIL: martin run
FAIL: noclass run
FAIL: overload run
FAIL: register run
FAIL: simple_int run
FAIL: throwit run
FAIL: virtual run
FAIL: cxxtest run
FAIL: TLtest compilation from bytecode
FAIL: TLtest -O compilation from bytecode
=== libjava Summary ===
# of expected passes 2090
# of unexpected failures 17
# of expected failures 14
# of untested testcases 101
=== libstdc++-v3 tests ===
Running target unix
XPASS: 22_locale/collate_byname.cc execution test
XPASS: 22_locale/collate_members_char.cc execution test
XPASS: 22_locale/collate_members_wchar_t.cc execution test
XPASS: 22_locale/ctype_is_char.cc execution test
XPASS: 22_locale/ctype_is_wchar_t.cc execution test
XPASS: 22_locale/members.cc execution test
XPASS: 22_locale/messages_byname.cc execution test
XPASS: 22_locale/messages_members_char.cc execution test
XPASS: 22_locale/money_get_members_char.cc execution test
XPASS: 22_locale/money_put_members_char.cc execution test
XPASS: 22_locale/moneypunct_byname.cc execution test
XPASS: 22_locale/moneypunct_members_char.cc execution test
XPASS: 22_locale/moneypunct_members_wchar_t.cc execution test
XPASS: 22_locale/num_get_members_char.cc execution test
XPASS: 22_locale/num_get_members_wchar_t.cc execution test
XPASS: 22_locale/num_put_members_char.cc execution test
XPASS: 22_locale/num_put_members_wchar_t.cc execution test
XPASS: 22_locale/numpunct_byname.cc execution test
XPASS: 22_locale/numpunct_members_char.cc execution test
XPASS: 22_locale/numpunct_members_wchar_t.cc execution test
XPASS: 22_locale/time_get_members_char.cc execution test
XPASS: 22_locale/time_get_members_wchar_t.cc execution test
XPASS: 22_locale/time_put_members_char.cc execution test
XPASS: 22_locale/time_put_members_wchar_t.cc execution test
FAIL: 26_numerics/c99_classification_macros_c.cc (test for excess errors)
=== libstdc++-v3 Summary ===
# of expected passes 397
# of unexpected failures 1
# of unexpected successes 24
# of expected failures 2
Compiler version: 3.2 20020625 (experimental)
Platform: sparc-unknown-linux-gnu
configure flags: --host=sparc-unknown-linux-gnu --prefix=/foo/bar
More information about the Gcc-testresults
mailing list