Results for 3.2 20020623 (experimental) testsuite on mips-sgi-irix6.5

Billinghurst, David (CRTS) David.Billinghurst@riotinto.com
Mon Jun 24 17:00:00 GMT 2002


LAST_UPDATED: Mon Jun 24 01:33:21 2002

Native configuration is mips-sgi-irix6.5

		=== g77 tests ===


Running target unix
FAIL: g77.f-torture/execute/6367.f execution,  -O0 
FAIL: g77.f-torture/execute/6367.f execution,  -O1 
FAIL: g77.f-torture/execute/6367.f execution,  -O2 
FAIL: g77.f-torture/execute/6367.f execution,  -O3 -fomit-frame-pointer 
FAIL: g77.f-torture/execute/6367.f execution,  -O3 -fomit-frame-pointer -funroll-loops 
FAIL: g77.f-torture/execute/6367.f execution,  -O3 -fomit-frame-pointer -funroll-all-loops -finline-functions 
FAIL: g77.f-torture/execute/6367.f execution,  -O3 -g 
FAIL: g77.f-torture/execute/6367.f execution,  -Os 
WARNING: program timed out.
FAIL: g77.f-torture/execute/f90-intrinsic-bit.f compilation,  -Os 

		=== g77 Summary for unix ===

# of expected passes		1616
# of unexpected failures	9
# of untested testcases		1
# of unsupported tests		8

Running target unix/-mabi=64
FAIL: g77.f-torture/execute/6367.f execution,  -O0 
FAIL: g77.f-torture/execute/6367.f execution,  -O1 
FAIL: g77.f-torture/execute/6367.f execution,  -O2 
FAIL: g77.f-torture/execute/6367.f execution,  -O3 -fomit-frame-pointer 
FAIL: g77.f-torture/execute/6367.f execution,  -O3 -fomit-frame-pointer -funroll-loops 
FAIL: g77.f-torture/execute/6367.f execution,  -O3 -fomit-frame-pointer -funroll-all-loops -finline-functions 
FAIL: g77.f-torture/execute/6367.f execution,  -O3 -g 
FAIL: g77.f-torture/execute/6367.f execution,  -Os 
WARNING: program timed out.
FAIL: g77.f-torture/execute/f90-intrinsic-bit.f compilation,  -Os 

		=== g77 Summary for unix/-mabi=64 ===

# of expected passes		1616
# of unexpected failures	9
# of untested testcases		1
# of unsupported tests		8

		=== g77 Summary ===

# of expected passes		3232
# of unexpected failures	18
# of untested testcases		2
# of unsupported tests		16
/exd4/billingd/obj/gcc/gcc/testsuite/../g77 version 3.2 20020623 (experimental)

		=== gcc tests ===


Running target unix
WARNING: program timed out.
FAIL: gcc.c-torture/compile/20001226-1.c,  -O2  
WARNING: program timed out.
FAIL: gcc.c-torture/compile/20001226-1.c,  -O3 -fomit-frame-pointer  
WARNING: program timed out.
FAIL: gcc.c-torture/compile/20001226-1.c,  -O3 -g  
WARNING: program timed out.
FAIL: gcc.c-torture/compile/20001226-1.c,  -Os  
FAIL: gcc.c-torture/execute/20020412-1.c execution,  -O0 
FAIL: gcc.c-torture/execute/20020412-1.c execution,  -O1 
FAIL: gcc.c-torture/execute/20020412-1.c execution,  -O2 
FAIL: gcc.c-torture/execute/20020412-1.c execution,  -O3 -fomit-frame-pointer 
FAIL: gcc.c-torture/execute/20020412-1.c execution,  -O3 -fomit-frame-pointer -funroll-loops 
FAIL: gcc.c-torture/execute/20020412-1.c execution,  -O3 -fomit-frame-pointer -funroll-all-loops -finline-functions 
FAIL: gcc.c-torture/execute/20020412-1.c execution,  -O3 -g 
FAIL: gcc.c-torture/execute/20020412-1.c execution,  -Os 
FAIL: gcc.c-torture/execute/packed-2.c execution,  -O1 
FAIL: gcc.c-torture/execute/packed-2.c execution,  -O2 
FAIL: gcc.c-torture/execute/packed-2.c execution,  -O3 -fomit-frame-pointer 
FAIL: gcc.c-torture/execute/packed-2.c execution,  -O3 -g 
FAIL: gcc.c-torture/execute/packed-2.c execution,  -Os 
FAIL: gcc.c-torture/execute/simd-1.c compilation,  -O0 
UNRESOLVED: gcc.c-torture/execute/simd-1.c execution,  -O0 
FAIL: gcc.c-torture/execute/simd-1.c compilation,  -O1 
UNRESOLVED: gcc.c-torture/execute/simd-1.c execution,  -O1 
FAIL: gcc.c-torture/execute/simd-1.c compilation,  -O2 
UNRESOLVED: gcc.c-torture/execute/simd-1.c execution,  -O2 
FAIL: gcc.c-torture/execute/simd-1.c compilation,  -O3 -fomit-frame-pointer 
UNRESOLVED: gcc.c-torture/execute/simd-1.c execution,  -O3 -fomit-frame-pointer 
FAIL: gcc.c-torture/execute/simd-1.c compilation,  -O3 -g 
UNRESOLVED: gcc.c-torture/execute/simd-1.c execution,  -O3 -g 
FAIL: gcc.c-torture/execute/simd-1.c compilation,  -Os 
UNRESOLVED: gcc.c-torture/execute/simd-1.c execution,  -Os 
FAIL: gcc.c-torture/execute/ieee/fp-cmp-4.c compilation,  -O0 
UNRESOLVED: gcc.c-torture/execute/ieee/fp-cmp-4.c execution,  -O0 
FAIL: gcc.c-torture/execute/ieee/fp-cmp-4.c compilation,  -O1 
UNRESOLVED: gcc.c-torture/execute/ieee/fp-cmp-4.c execution,  -O1 
FAIL: gcc.c-torture/execute/ieee/fp-cmp-4.c compilation,  -O2 
UNRESOLVED: gcc.c-torture/execute/ieee/fp-cmp-4.c execution,  -O2 
FAIL: gcc.c-torture/execute/ieee/fp-cmp-4.c compilation,  -O3 -fomit-frame-pointer 
UNRESOLVED: gcc.c-torture/execute/ieee/fp-cmp-4.c execution,  -O3 -fomit-frame-pointer 
FAIL: gcc.c-torture/execute/ieee/fp-cmp-4.c compilation,  -O3 -fomit-frame-pointer -funroll-loops 
UNRESOLVED: gcc.c-torture/execute/ieee/fp-cmp-4.c execution,  -O3 -fomit-frame-pointer -funroll-loops 
FAIL: gcc.c-torture/execute/ieee/fp-cmp-4.c compilation,  -O3 -fomit-frame-pointer -funroll-all-loops -finline-functions 
UNRESOLVED: gcc.c-torture/execute/ieee/fp-cmp-4.c execution,  -O3 -fomit-frame-pointer -funroll-all-loops -finline-functions 
FAIL: gcc.c-torture/execute/ieee/fp-cmp-4.c compilation,  -O3 -g 
UNRESOLVED: gcc.c-torture/execute/ieee/fp-cmp-4.c execution,  -O3 -g 
FAIL: gcc.c-torture/execute/ieee/fp-cmp-4.c compilation,  -Os 
UNRESOLVED: gcc.c-torture/execute/ieee/fp-cmp-4.c execution,  -Os 
FAIL: gcc.c-torture/execute/ieee/fp-cmp-5.c compilation,  -O0 
UNRESOLVED: gcc.c-torture/execute/ieee/fp-cmp-5.c execution,  -O0 
FAIL: gcc.c-torture/execute/ieee/fp-cmp-5.c compilation,  -O1 
UNRESOLVED: gcc.c-torture/execute/ieee/fp-cmp-5.c execution,  -O1 
FAIL: gcc.c-torture/execute/ieee/fp-cmp-5.c compilation,  -O2 
UNRESOLVED: gcc.c-torture/execute/ieee/fp-cmp-5.c execution,  -O2 
FAIL: gcc.c-torture/execute/ieee/fp-cmp-5.c compilation,  -O3 -fomit-frame-pointer 
UNRESOLVED: gcc.c-torture/execute/ieee/fp-cmp-5.c execution,  -O3 -fomit-frame-pointer 
FAIL: gcc.c-torture/execute/ieee/fp-cmp-5.c compilation,  -O3 -fomit-frame-pointer -funroll-loops 
UNRESOLVED: gcc.c-torture/execute/ieee/fp-cmp-5.c execution,  -O3 -fomit-frame-pointer -funroll-loops 
FAIL: gcc.c-torture/execute/ieee/fp-cmp-5.c compilation,  -O3 -fomit-frame-pointer -funroll-all-loops -finline-functions 
UNRESOLVED: gcc.c-torture/execute/ieee/fp-cmp-5.c execution,  -O3 -fomit-frame-pointer -funroll-all-loops -finline-functions 
FAIL: gcc.c-torture/execute/ieee/fp-cmp-5.c compilation,  -O3 -g 
UNRESOLVED: gcc.c-torture/execute/ieee/fp-cmp-5.c execution,  -O3 -g 
FAIL: gcc.c-torture/execute/ieee/fp-cmp-5.c compilation,  -Os 
UNRESOLVED: gcc.c-torture/execute/ieee/fp-cmp-5.c execution,  -Os 
FAIL: cmdlne-dM-M.c: #define line not printed
FAIL: gcc.dg/simd-1.c (test for excess errors)

		=== gcc Summary for unix ===

# of expected passes		18614
# of unexpected failures	41
# of expected failures		114
# of unresolved testcases	22
# of unsupported tests		138

Running target unix/-mabi=64
WARNING: program timed out.
FAIL: gcc.c-torture/compile/20001226-1.c,  -O2  
WARNING: program timed out.
FAIL: gcc.c-torture/compile/20001226-1.c,  -O3 -fomit-frame-pointer  
WARNING: program timed out.
FAIL: gcc.c-torture/compile/20001226-1.c,  -O3 -g  
WARNING: program timed out.
FAIL: gcc.c-torture/compile/20001226-1.c,  -Os  
FAIL: gcc.c-torture/execute/20020412-1.c execution,  -O0 
FAIL: gcc.c-torture/execute/20020412-1.c execution,  -O1 
FAIL: gcc.c-torture/execute/20020412-1.c execution,  -O2 
FAIL: gcc.c-torture/execute/20020412-1.c execution,  -O3 -fomit-frame-pointer 
FAIL: gcc.c-torture/execute/20020412-1.c execution,  -O3 -fomit-frame-pointer -funroll-loops 
FAIL: gcc.c-torture/execute/20020412-1.c execution,  -O3 -fomit-frame-pointer -funroll-all-loops -finline-functions 
FAIL: gcc.c-torture/execute/20020412-1.c execution,  -O3 -g 
FAIL: gcc.c-torture/execute/20020412-1.c execution,  -Os 
FAIL: gcc.c-torture/execute/packed-2.c execution,  -O1 
FAIL: gcc.c-torture/execute/packed-2.c execution,  -O2 
FAIL: gcc.c-torture/execute/packed-2.c execution,  -O3 -fomit-frame-pointer 
FAIL: gcc.c-torture/execute/packed-2.c execution,  -O3 -g 
FAIL: gcc.c-torture/execute/packed-2.c execution,  -Os 
FAIL: gcc.c-torture/execute/simd-1.c compilation,  -O0 
UNRESOLVED: gcc.c-torture/execute/simd-1.c execution,  -O0 
FAIL: gcc.c-torture/execute/simd-1.c compilation,  -O1 
UNRESOLVED: gcc.c-torture/execute/simd-1.c execution,  -O1 
FAIL: gcc.c-torture/execute/simd-1.c compilation,  -O2 
UNRESOLVED: gcc.c-torture/execute/simd-1.c execution,  -O2 
FAIL: gcc.c-torture/execute/simd-1.c compilation,  -O3 -fomit-frame-pointer 
UNRESOLVED: gcc.c-torture/execute/simd-1.c execution,  -O3 -fomit-frame-pointer 
FAIL: gcc.c-torture/execute/simd-1.c compilation,  -O3 -g 
UNRESOLVED: gcc.c-torture/execute/simd-1.c execution,  -O3 -g 
FAIL: gcc.c-torture/execute/simd-1.c compilation,  -Os 
UNRESOLVED: gcc.c-torture/execute/simd-1.c execution,  -Os 
FAIL: gcc.c-torture/execute/ieee/fp-cmp-4.c compilation,  -O0 
UNRESOLVED: gcc.c-torture/execute/ieee/fp-cmp-4.c execution,  -O0 
FAIL: gcc.c-torture/execute/ieee/fp-cmp-4.c compilation,  -O1 
UNRESOLVED: gcc.c-torture/execute/ieee/fp-cmp-4.c execution,  -O1 
FAIL: gcc.c-torture/execute/ieee/fp-cmp-4.c compilation,  -O2 
UNRESOLVED: gcc.c-torture/execute/ieee/fp-cmp-4.c execution,  -O2 
FAIL: gcc.c-torture/execute/ieee/fp-cmp-4.c compilation,  -O3 -fomit-frame-pointer 
UNRESOLVED: gcc.c-torture/execute/ieee/fp-cmp-4.c execution,  -O3 -fomit-frame-pointer 
FAIL: gcc.c-torture/execute/ieee/fp-cmp-4.c compilation,  -O3 -fomit-frame-pointer -funroll-loops 
UNRESOLVED: gcc.c-torture/execute/ieee/fp-cmp-4.c execution,  -O3 -fomit-frame-pointer -funroll-loops 
FAIL: gcc.c-torture/execute/ieee/fp-cmp-4.c compilation,  -O3 -fomit-frame-pointer -funroll-all-loops -finline-functions 
UNRESOLVED: gcc.c-torture/execute/ieee/fp-cmp-4.c execution,  -O3 -fomit-frame-pointer -funroll-all-loops -finline-functions 
FAIL: gcc.c-torture/execute/ieee/fp-cmp-4.c compilation,  -O3 -g 
UNRESOLVED: gcc.c-torture/execute/ieee/fp-cmp-4.c execution,  -O3 -g 
FAIL: gcc.c-torture/execute/ieee/fp-cmp-4.c compilation,  -Os 
UNRESOLVED: gcc.c-torture/execute/ieee/fp-cmp-4.c execution,  -Os 
FAIL: gcc.c-torture/execute/ieee/fp-cmp-5.c compilation,  -O0 
UNRESOLVED: gcc.c-torture/execute/ieee/fp-cmp-5.c execution,  -O0 
FAIL: gcc.c-torture/execute/ieee/fp-cmp-5.c compilation,  -O1 
UNRESOLVED: gcc.c-torture/execute/ieee/fp-cmp-5.c execution,  -O1 
FAIL: gcc.c-torture/execute/ieee/fp-cmp-5.c compilation,  -O2 
UNRESOLVED: gcc.c-torture/execute/ieee/fp-cmp-5.c execution,  -O2 
FAIL: gcc.c-torture/execute/ieee/fp-cmp-5.c compilation,  -O3 -fomit-frame-pointer 
UNRESOLVED: gcc.c-torture/execute/ieee/fp-cmp-5.c execution,  -O3 -fomit-frame-pointer 
FAIL: gcc.c-torture/execute/ieee/fp-cmp-5.c compilation,  -O3 -fomit-frame-pointer -funroll-loops 
UNRESOLVED: gcc.c-torture/execute/ieee/fp-cmp-5.c execution,  -O3 -fomit-frame-pointer -funroll-loops 
FAIL: gcc.c-torture/execute/ieee/fp-cmp-5.c compilation,  -O3 -fomit-frame-pointer -funroll-all-loops -finline-functions 
UNRESOLVED: gcc.c-torture/execute/ieee/fp-cmp-5.c execution,  -O3 -fomit-frame-pointer -funroll-all-loops -finline-functions 
FAIL: gcc.c-torture/execute/ieee/fp-cmp-5.c compilation,  -O3 -g 
UNRESOLVED: gcc.c-torture/execute/ieee/fp-cmp-5.c execution,  -O3 -g 
FAIL: gcc.c-torture/execute/ieee/fp-cmp-5.c compilation,  -Os 
UNRESOLVED: gcc.c-torture/execute/ieee/fp-cmp-5.c execution,  -Os 
FAIL: cmdlne-dM-M.c: #define line not printed
FAIL: gcc.dg/simd-1.c (test for excess errors)

		=== gcc Summary for unix/-mabi=64 ===

# of expected passes		18614
# of unexpected failures	41
# of expected failures		114
# of unresolved testcases	22
# of unsupported tests		138

		=== gcc Summary ===

# of expected passes		37228
# of unexpected failures	82
# of expected failures		228
# of unresolved testcases	44
# of unsupported tests		276
/exd4/billingd/obj/gcc/gcc/xgcc version 3.2 20020623 (experimental)

		=== g++ tests ===


Running target unix
FAIL: g++.dg/ext/instantiate2.C scan-assembler 
FAIL: g++.dg/warn/Wunused-2.C  (test for warnings, line 5)

		=== g++ Summary for unix ===

# of expected passes		7145
# of unexpected failures	2
# of expected failures		95
# of untested testcases		23
# of unsupported tests		5

Running target unix/-mabi=64
FAIL: g++.dg/ext/instantiate2.C scan-assembler 
FAIL: g++.dg/warn/Wunused-2.C  (test for warnings, line 5)

		=== g++ Summary for unix/-mabi=64 ===

# of expected passes		7145
# of unexpected failures	2
# of expected failures		95
# of untested testcases		23
# of unsupported tests		5

		=== g++ Summary ===

# of expected passes		14290
# of unexpected failures	4
# of expected failures		190
# of untested testcases		46
# of unsupported tests		10
/exd4/billingd/obj/gcc/gcc/testsuite/../g++ version 3.2 20020623 (experimental)

		=== objc tests ===


Running target unix

		=== objc Summary for unix ===

# of expected passes		1035
# of expected failures		6

Running target unix/-mabi=64

		=== objc Summary for unix/-mabi=64 ===

# of expected passes		1035
# of expected failures		6

		=== objc Summary ===

# of expected passes		2070
# of expected failures		12
/exd4/billingd/obj/gcc/gcc/xgcc version 3.2 20020623 (experimental)

		=== libjava tests ===


Running target unix
FAIL: PR1343 compilation from bytecode
FAIL: PR1343 -O compilation from bytecode
FAIL: TLtest compilation from bytecode
FAIL: TLtest -O compilation from bytecode
FAIL: Throw_2 execution from source compiled test
FAIL: Throw_2 execution from bytecode->native test
FAIL: Throw_2 -O execution from source compiled test
FAIL: Throw_2 -O execution from bytecode->native test
FAIL: FileHandleGcTest execution from source compiled test
FAIL: FileHandleGcTest execution from bytecode->native test
FAIL: FileHandleGcTest -O execution from source compiled test
FAIL: FileHandleGcTest -O execution from bytecode->native test
FAIL: invokethrow execution from source compiled test
FAIL: invokethrow execution from bytecode->native test
FAIL: invokethrow -O execution from source compiled test
FAIL: invokethrow -O execution from bytecode->native test

		=== libjava Summary ===

# of expected passes		2079
# of unexpected failures	16
# of expected failures		14
# of untested testcases		100
		=== libstdc++-v3 tests ===


Running target unix
XPASS: 22_locale/collate_members_wchar_t.cc execution test
XPASS: 22_locale/ctype_is_wchar_t.cc execution test
XPASS: 22_locale/money_get_members_wchar_t.cc execution test
XPASS: 22_locale/money_put_members_wchar_t.cc execution test
XPASS: 22_locale/moneypunct_members_wchar_t.cc execution test
XPASS: 22_locale/num_get_members_wchar_t.cc execution test
XPASS: 22_locale/num_put_members_wchar_t.cc execution test
XPASS: 22_locale/numpunct_members_wchar_t.cc execution test
XPASS: 22_locale/time_get_members_wchar_t.cc execution test
XPASS: 22_locale/time_put_members_wchar_t.cc execution test
FAIL: 27_io/ios_base_storage.cc execution test
FAIL: 27_io/ostream_inserter_arith.cc execution test

		=== libstdc++-v3 Summary ===

# of expected passes		384
# of unexpected failures	2
# of unexpected successes	10
# of expected failures		16
# of unsupported tests		6
		=== libjava tests ===


Running target unix/-mabi=64
FAIL: PR1343 compilation from bytecode
FAIL: PR1343 -O compilation from bytecode
FAIL: calls output
FAIL: martin output
FAIL: throwit output
FAIL: TLtest compilation from bytecode
FAIL: TLtest -O compilation from bytecode
FAIL: InvokeReturn output from source compiled test
FAIL: InvokeReturn output from bytecode->native test
FAIL: InvokeReturn -O output from source compiled test
FAIL: InvokeReturn -O output from bytecode->native test
FAIL: Throw_2 execution from source compiled test
FAIL: Throw_2 execution from bytecode->native test
FAIL: Throw_2 -O execution from source compiled test
FAIL: Throw_2 -O execution from bytecode->native test
FAIL: FileHandleGcTest execution from source compiled test
FAIL: FileHandleGcTest execution from bytecode->native test
FAIL: FileHandleGcTest -O execution from source compiled test
FAIL: FileHandleGcTest -O execution from bytecode->native test
FAIL: invokethrow output from source compiled test
FAIL: invokethrow output from bytecode->native test
FAIL: invokethrow -O output from source compiled test
FAIL: invokethrow -O output from bytecode->native test

		=== libjava Summary ===

# of expected passes		2076
# of unexpected failures	23
# of expected failures		14
# of untested testcases		96
		=== libstdc++-v3 tests ===


Running target unix/-mabi=64
XPASS: 22_locale/collate_members_wchar_t.cc execution test
XPASS: 22_locale/ctype_is_wchar_t.cc execution test
XPASS: 22_locale/money_get_members_wchar_t.cc execution test
XPASS: 22_locale/money_put_members_wchar_t.cc execution test
XPASS: 22_locale/moneypunct_members_wchar_t.cc execution test
XPASS: 22_locale/num_get_members_wchar_t.cc execution test
XPASS: 22_locale/num_put_members_wchar_t.cc execution test
XPASS: 22_locale/numpunct_members_wchar_t.cc execution test
XPASS: 22_locale/time_get_members_wchar_t.cc execution test
XPASS: 22_locale/time_put_members_wchar_t.cc execution test
FAIL: 27_io/ostream_inserter_arith.cc execution test

		=== libstdc++-v3 Summary ===

# of expected passes		385
# of unexpected failures	1
# of unexpected successes	10
# of expected failures		16
# of unsupported tests		6

Compiler version: 3.2 20020623 (experimental) 
Platform: mips-sgi-irix6.5
configure flags: --host=mips-sgi-irix6.5 --enable-shared --enable-haifa --enable-libgcj --enable-threads=single --disable-nls --prefix=/exd4/billingd/tmp/gcc
Counting all warnings,
there are 86 warnings in stage3 of this bootstrap.

Number of warnings per file:
  21 gcc/combine.c
  11 gcc/config/mips/mips.md
   6 gcc/loop.c
   5 insn-emit.c
   4 insn-attrtab.c
   4 gcc/reload.c
   4 gcc/gcc.c
   3 /usr/local/share/bison/bison.simple
   3 gcc/unroll.c
   3 gcc/regclass.c
   3 gcc/optabs.c
   2 gt-except.h
   2 gtype-desc.c
   2 gcc/java/lex.c
   2 gcc/java/javaop.def
   1 gt-integrate.h
   1 gcc/varasm.c
   1 gcc/rtlanal.c
   1 gcc/java/jvspec.c
   1 gcc/java/jcf-io.c
   1 gcc/f/where.c
   1 gcc/flow.c
   1 gcc/cp/pt.c
   1 gcc/cp/lang-specs.h
   1 gcc/builtins.c
   1 gcc/alias.c

Number of warning types:
  41 comparison between signed and unsigned
   6 suggest parentheses around && within ||
   6 operand 1 missing mode?
   5 string length \`???' is greater than the length \`???' ISO C89 compilers are required to support
   5 operand 0 missing mode?
   4 \`???' defined but not used
   4 traditional C rejects automatic aggregate initialization
   3 label \`???' defined but not used
   2 operation on \`???' may be undefined
   2 comparison is always true due to limited range of data type
   1 \`???' might be used uninitialized in this function
   1 signed and unsigned type in conditional expression
   1 pointer targets in passing arg ??? of \`???' differ in signedness
   1 passing arg ??? of \`???' from incompatible pointer type
   1 implicit declaration of function \`???'
   1 function declaration isn't a prototype
   1 comparison is always false due to limited range of data type
   1 cast to pointer from integer of different size



More information about the Gcc-testresults mailing list