Results for 3.2 20020623 (experimental) testsuite on sparc-suse-linux-gnu
Robert Schiele
schiele@pi3.informatik.uni-mannheim.de
Sun Jun 23 22:57:00 GMT 2002
LAST_UPDATED: Sun Jun 23 22:19:25 UTC 2002
Native configuration is sparc-suse-linux-gnu
=== g++ tests ===
Running target unix
FAIL: g++.dg/warn/Wunused-2.C (test for warnings, line 5)
=== g++ Summary ===
# of expected passes 7344
# of unexpected failures 1
# of expected failures 87
# of untested testcases 22
# of unsupported tests 4
/local/gccbuild/gcc/testsuite/../g++ version 3.2 20020623 (experimental)
=== g77 tests ===
Running target unix
FAIL: g77.f-torture/execute/6367.f execution, -O0
FAIL: g77.f-torture/execute/6367.f execution, -O1
FAIL: g77.f-torture/execute/6367.f execution, -O2
FAIL: g77.f-torture/execute/6367.f execution, -O3 -fomit-frame-pointer
FAIL: g77.f-torture/execute/6367.f execution, -O3 -fomit-frame-pointer -funroll-loops
FAIL: g77.f-torture/execute/6367.f execution, -O3 -fomit-frame-pointer -funroll-all-loops -finline-functions
FAIL: g77.f-torture/execute/6367.f execution, -O3 -g
FAIL: g77.f-torture/execute/6367.f execution, -Os
WARNING: program timed out.
FAIL: g77.f-torture/execute/f90-intrinsic-bit.f compilation, -Os
=== g77 Summary ===
# of expected passes 1616
# of unexpected failures 9
# of untested testcases 1
# of unsupported tests 8
/local/gccbuild/gcc/testsuite/../g77 version 3.2 20020623 (experimental)
=== gcc tests ===
Running target unix
WARNING: program timed out.
FAIL: gcc.c-torture/execute/20020108-1.c compilation, -Os
UNRESOLVED: gcc.c-torture/execute/20020108-1.c execution, -Os
FAIL: cmdlne-dM-M.c: #define line not printed
=== gcc Summary ===
# of expected passes 19062
# of unexpected failures 2
# of expected failures 63
# of unresolved testcases 1
# of unsupported tests 124
/local/gccbuild/gcc/xgcc version 3.2 20020623 (experimental)
=== objc tests ===
Running target unix
=== objc Summary ===
# of expected passes 1035
# of expected failures 6
/local/gccbuild/gcc/xgcc version 3.2 20020623 (experimental)
=== libjava tests ===
Running target unix
FAIL: PR1343 compilation from bytecode
FAIL: PR1343 -O compilation from bytecode
FAIL: calls run
WARNING: program timed out.
FAIL: cxxtest run
FAIL: field run
FAIL: final_method run
FAIL: findclass run
FAIL: invoke run
FAIL: martin run
FAIL: noclass run
FAIL: overload run
FAIL: register run
FAIL: simple_int run
FAIL: throwit run
FAIL: virtual run
=== libjava Summary ===
# of expected passes 2172
# of unexpected failures 15
# of expected failures 14
# of untested testcases 21
=== libstdc++-v3 tests ===
Running target unix
XPASS: 22_locale/ctype_is_wchar_t.cc execution test
XPASS: 22_locale/time_put_members_char.cc execution test
XPASS: 22_locale/time_put_members_wchar_t.cc execution test
FAIL: 26_numerics/c99_classification_macros_c.cc (test for excess errors)
=== libstdc++-v3 Summary ===
# of expected passes 397
# of unexpected failures 1
# of unexpected successes 3
# of expected failures 23
Compiler version: 3.2 20020623 (experimental)
Platform: sparc-suse-linux-gnu
configure flags: --host=sparc-suse-linux --enable-threads=posix --prefix=/opt/Pkg/Linux/sparc64/gcc32 --enable-languages=c,c++,f77,objc,java --with-system-zlib --enable-shared
More information about the Gcc-testresults
mailing list