Results for 3.2 20020622 (experimental) testsuite on sparc-redhat-linux-gnu
Horst von Brand
vonbrand@inf.utfsm.cl
Sun Jun 23 11:58:00 GMT 2002
LAST_UPDATED: Sun Jun 23 01:20:30 UTC 2002
Native configuration is sparc-redhat-linux-gnu
=== g++ tests ===
Running target unix
FAIL: g++.dg/warn/Wunused-2.C (test for warnings, line 5)
=== g++ Summary ===
# of expected passes 7344
# of unexpected failures 1
# of expected failures 87
# of untested testcases 22
# of unsupported tests 4
/usr/src/build/GCC/build-gcc-cvs/gcc/testsuite/../g++ version 3.2 20020622 (experimental)
=== g77 tests ===
Running target unix
FAIL: g77.f-torture/execute/6367.f execution, -O0
FAIL: g77.f-torture/execute/6367.f execution, -O1
FAIL: g77.f-torture/execute/6367.f execution, -O2
FAIL: g77.f-torture/execute/6367.f execution, -O3 -fomit-frame-pointer
FAIL: g77.f-torture/execute/6367.f execution, -O3 -fomit-frame-pointer -funroll-loops
FAIL: g77.f-torture/execute/6367.f execution, -O3 -fomit-frame-pointer -funroll-all-loops -finline-functions
FAIL: g77.f-torture/execute/6367.f execution, -O3 -g
FAIL: g77.f-torture/execute/6367.f execution, -Os
WARNING: program timed out.
FAIL: g77.f-torture/execute/f90-intrinsic-bit.f compilation, -Os
=== g77 Summary ===
# of expected passes 1616
# of unexpected failures 9
# of untested testcases 1
# of unsupported tests 8
/usr/src/build/GCC/build-gcc-cvs/gcc/testsuite/../g77 version 3.2 20020622 (experimental)
=== gcc tests ===
Running target unix
WARNING: program timed out.
FAIL: gcc.c-torture/compile/20001226-1.c, -O1
WARNING: program timed out.
FAIL: gcc.c-torture/compile/20001226-1.c, -O2
WARNING: program timed out.
FAIL: gcc.c-torture/compile/20001226-1.c, -O3 -fomit-frame-pointer
WARNING: program timed out.
FAIL: gcc.c-torture/compile/20001226-1.c, -O3 -g
WARNING: program timed out.
FAIL: gcc.c-torture/compile/20001226-1.c, -Os
WARNING: program timed out.
FAIL: gcc.c-torture/execute/20020108-1.c compilation, -Os
UNRESOLVED: gcc.c-torture/execute/20020108-1.c execution, -Os
FAIL: cmdlne-dM-M.c: #define line not printed
FAIL: gcc.dg/format/c90-printf-1.c %s with NULL (test for warnings, line 236)
FAIL: gcc.dg/format/c90-printf-1.c (test for excess errors)
=== gcc Summary ===
# of expected passes 19043
# of unexpected failures 9
# of expected failures 63
# of unresolved testcases 1
# of unsupported tests 124
/usr/src/build/GCC/build-gcc-cvs/gcc/xgcc version 3.2 20020622 (experimental)
=== objc tests ===
Running target unix
=== objc Summary ===
# of expected passes 1035
# of expected failures 6
/usr/src/build/GCC/build-gcc-cvs/gcc/xgcc version 3.2 20020622 (experimental)
=== libjava tests ===
Running target unix
FAIL: PR1343 compilation from bytecode
FAIL: PR1343 -O compilation from bytecode
FAIL: calls run
FAIL: final_method run
FAIL: findclass run
FAIL: invoke run
FAIL: noclass run
FAIL: overload run
FAIL: register run
FAIL: simple_int run
FAIL: throwit run
FAIL: virtual run
FAIL: martin run
FAIL: field run
FAIL: cxxtest run
FAIL: TLtest compilation from bytecode
FAIL: TLtest -O compilation from bytecode
=== libjava Summary ===
# of expected passes 2090
# of unexpected failures 17
# of expected failures 14
# of untested testcases 101
=== libstdc++-v3 tests ===
Running target unix
ERROR: tcl error sourcing /usr/src/build/GCC/gcc/libstdc++-v3/testsuite/libstdc++-v3.dg/dg.exp.
ERROR: couldn't compile regular expression pattern: quantifier operand invalid
=== libstdc++-v3 Summary ===
Compiler version: 3.2 20020622 (experimental)
Platform: sparc-redhat-linux-gnu
configure flags: --host=sparc-redhat-linux --prefix=/usr
More information about the Gcc-testresults
mailing list