Results for 3.1.1 20020621 (prerelease) testsuite on i586-redhat-linux-gnu
Gcc k6 testing account
caligula@cam029208.student.utwente.nl
Sat Jun 22 02:18:00 GMT 2002
Gcc bootstrap for target k6-redhat-linux-gnu on the following system
====================================================================
Red Hat Linux release 7.3 (Valhalla)
Kernel 2.4.17 on an i586
Gnu C 2.96
binutils 2.11.93.0.2
Linux C Library 2.2.5
Dynamic linker (ldd) 2.2.5
RPM versions:
gcc-2.96-110
binutils-2.11.93.0.2-11
glibc-2.2.5-34
dejagnu-1.4.2-3
====================================================================
LAST_UPDATED: Sat Jun 22 00:51:24 UTC 2002
Native configuration is i586-redhat-linux-gnu
=== g++ tests ===
Running target unix
=== g++ Summary ===
# of expected passes 7192
# of expected failures 88
# of untested testcases 9
# of unsupported tests 3
/home/caligula/cvs/gcc-3_1-branch/objdir/gcc/testsuite/../g++ version 3.1.1 20020621 (prerelease)
=== g77 tests ===
Running target unix
=== g77 Summary ===
# of expected passes 1452
# of unsupported tests 8
/home/caligula/cvs/gcc-3_1-branch/objdir/gcc/testsuite/../g77 version 3.1.1 20020621 (prerelease)
=== gcc tests ===
Running target unix
FAIL: gcc.c-torture/execute/dbra-1.c execution, -O3 -fomit-frame-pointer
FAIL: gcc.c-torture/execute/dbra-1.c execution, -O3 -g
FAIL: gcc.c-torture/execute/loop-3c.c execution, -Os
=== gcc Summary ===
# of expected passes 18523
# of unexpected failures 3
# of expected failures 66
# of unsupported tests 44
/home/caligula/cvs/gcc-3_1-branch/objdir/gcc/xgcc version 3.1.1 20020621 (prerelease)
=== objc tests ===
Running target unix
=== objc Summary ===
# of expected passes 1035
# of expected failures 6
/home/caligula/cvs/gcc-3_1-branch/objdir/gcc/xgcc version 3.1.1 20020621 (prerelease)
=== libjava tests ===
Running target unix
FAIL: Thread_Interrupt -O output from bytecode->native test
=== libjava Summary ===
# of expected passes 2074
# of unexpected failures 1
# of expected failures 18
# of untested testcases 14
=== libstdc++-v3 tests ===
Running target unix
XPASS: 22_locale/ctype_is_wchar_t.cc execution test
FAIL: 26_numerics/c99_classification_macros_c.cc (test for excess errors)
WARNING: program timed out.
FAIL: thread/pthread5.cc execution test
=== libstdc++-v3 Summary ===
# of expected passes 394
# of unexpected failures 2
# of unexpected successes 1
# of expected failures 25
Compiler version: 3.1.1 20020621 (prerelease)
Platform: i586-redhat-linux-gnu
configure flags: --prefix=/opt/k6/gcc-3_1-branch --host=k6-redhat-linux-gnu --target=k6-redhat-linux-gnu --build=k6-redhat-linux-gnu --enable-languages=c,c++,objc,f77,java --enable-threads=posix
More information about the Gcc-testresults
mailing list