Results for 3.1.1 20020621 (prerelease) testsuite on s390x-ibm-linux-gnu
Ulrich Weigand
Ulrich.Weigand@de.ibm.com
Fri Jun 21 11:23:00 GMT 2002
Native configuration is s390x-ibm-linux-gnu
=== g++ tests ===
Running target unix
=== g++ Summary ===
# of expected passes 7167
# of expected failures 88
# of untested testcases 23
# of unsupported tests 5
/mnt/dasdc1/weigand/fsf/gcc-3_1-build/gcc/testsuite/../g++ version 3.1.1 20020621 (prerelease)
=== g77 tests ===
Running target unix
=== g77 Summary ===
# of expected passes 1452
# of unsupported tests 8
/mnt/dasdc1/weigand/fsf/gcc-3_1-build/gcc/testsuite/../g77 version 3.1.1 20020621 (prerelease)
=== gcc tests ===
Running target unix
XPASS: gcc.dg/c99-intconst-1.c (test for excess errors)
=== gcc Summary ===
# of expected passes 18359
# of unexpected successes 1
# of expected failures 65
# of unsupported tests 116
/mnt/dasdc1/weigand/fsf/gcc-3_1-build/gcc/xgcc version 3.1.1 20020621 (prerelease)
=== objc tests ===
Running target unix
=== objc Summary ===
# of expected passes 1035
# of expected failures 6
/mnt/dasdc1/weigand/fsf/gcc-3_1-build/gcc/xgcc version 3.1.1 20020621 (prerelease)
=== libstdc++-v3 tests ===
Running target unix
XPASS: 22_locale/collate_byname.cc execution test
XPASS: 22_locale/collate_members_char.cc execution test
XPASS: 22_locale/collate_members_wchar_t.cc execution test
XPASS: 22_locale/ctype_is_char.cc execution test
XPASS: 22_locale/ctype_is_wchar_t.cc execution test
XPASS: 22_locale/members.cc execution test
XPASS: 22_locale/messages_byname.cc execution test
XPASS: 22_locale/messages_members_char.cc execution test
XPASS: 22_locale/money_get_members_char.cc execution test
XPASS: 22_locale/money_put_members_char.cc execution test
XPASS: 22_locale/moneypunct_byname.cc execution test
XPASS: 22_locale/moneypunct_members_char.cc execution test
XPASS: 22_locale/moneypunct_members_wchar_t.cc execution test
XPASS: 22_locale/num_get_members_char.cc execution test
XPASS: 22_locale/num_get_members_wchar_t.cc execution test
XPASS: 22_locale/num_put_members_char.cc execution test
XPASS: 22_locale/num_put_members_wchar_t.cc execution test
XPASS: 22_locale/numpunct_byname.cc execution test
XPASS: 22_locale/numpunct_members_char.cc execution test
XPASS: 22_locale/numpunct_members_wchar_t.cc execution test
XPASS: 22_locale/time_get_members_char.cc execution test
XPASS: 22_locale/time_get_members_wchar_t.cc execution test
XPASS: 22_locale/time_put_members_char.cc execution test
XPASS: 22_locale/time_put_members_wchar_t.cc execution test
FAIL: 26_numerics/c99_classification_macros_c.cc (test for excess errors)
=== libstdc++-v3 Summary ===
# of expected passes 395
# of unexpected failures 1
# of unexpected successes 24
# of expected failures 2
Compiler version: 3.1.1 20020621 (prerelease)
Platform: s390x-ibm-linux-gnu
configure flags: --host=s390x-ibm-linux --enable-shared --enable-threads --prefix=/home/weigand/fsf/gcc-3_1-install
More information about the Gcc-testresults
mailing list