Results for 3.2 20020620 (experimental) testsuite on i686-pc-linux-gnu
David Ronis
ronis@ronispc.chem.mcgill.ca
Fri Jun 21 03:49:00 GMT 2002
LAST_UPDATED:
Native configuration is i686-pc-linux-gnu
=== g++ tests ===
Running target unix
FAIL: g++.dg/warn/Wunused-2.C (test for warnings, line 5)
=== g++ Summary ===
# of expected passes 7365
# of unexpected failures 1
# of expected failures 87
# of untested testcases 9
# of unsupported tests 3
/home/ronis/Project/notar/objdir/gcc/testsuite/../g++ version 3.2 20020620 (experimental)
=== g77 tests ===
Running target unix
FAIL: g77.f-torture/execute/6367.f execution, -O0
FAIL: g77.f-torture/execute/6367.f execution, -O1
FAIL: g77.f-torture/execute/6367.f execution, -O2
FAIL: g77.f-torture/execute/6367.f execution, -O3 -fomit-frame-pointer
FAIL: g77.f-torture/execute/6367.f execution, -O3 -fomit-frame-pointer -funroll-loops
FAIL: g77.f-torture/execute/6367.f execution, -O3 -fomit-frame-pointer -funroll-all-loops -finline-functions
FAIL: g77.f-torture/execute/6367.f execution, -O3 -g
FAIL: g77.f-torture/execute/6367.f execution, -Os
WARNING: program timed out.
FAIL: g77.f-torture/execute/f90-intrinsic-bit.f compilation, -Os
=== g77 Summary ===
# of expected passes 1632
# of unexpected failures 9
# of untested testcases 1
/home/ronis/Project/notar/objdir/gcc/testsuite/../g77 version 3.2 20020620 (experimental)
=== gcc tests ===
Running target unix
FAIL: gcc.c-torture/execute/20020412-1.c execution, -O1
FAIL: gcc.c-torture/execute/20020412-1.c execution, -O2
FAIL: gcc.c-torture/execute/20020412-1.c execution, -O3 -fomit-frame-pointer
FAIL: gcc.c-torture/execute/20020412-1.c execution, -O3 -fomit-frame-pointer -funroll-loops
FAIL: gcc.c-torture/execute/20020412-1.c execution, -O3 -fomit-frame-pointer -funroll-all-loops -finline-functions
FAIL: gcc.c-torture/execute/20020412-1.c execution, -O3 -g
FAIL: cmdlne-dM-M.c: #define line not printed
FAIL: gcc.dg/cpp/trad/escaped-eof.c escaped EOF warning (test for warnings, line 7)
FAIL: gcc.dg/cpp/trad/escaped-eof.c (test for excess errors)
FAIL: gcc.dg/cpp/trad/redef1.c foo redefined (test for bogus messages, line 8)
FAIL: gcc.dg/cpp/trad/redef1.c quux redefined (test for bogus messages, line 11)
FAIL: gcc.dg/cpp/trad/redef1.c quux redefined (test for bogus messages, line 12)
FAIL: gcc.dg/cpp/trad/redef1.c baz redefined (test for bogus messages, line 18)
FAIL: gcc.dg/cpp/trad/redef1.c foo prev def (test for bogus messages, line 7)
FAIL: gcc.dg/cpp/trad/redef1.c quux prev def (test for bogus messages, line 10)
FAIL: gcc.dg/cpp/trad/redef1.c quux prev def (test for bogus messages, line 11)
FAIL: gcc.dg/cpp/trad/redef1.c baz prev def (test for bogus messages, line 17)
=== gcc Summary ===
# of expected passes 19164
# of unexpected failures 17
# of expected failures 64
# of unsupported tests 57
/home/ronis/Project/notar/objdir/gcc/xgcc version 3.2 20020620 (experimental)
=== objc tests ===
Running target unix
=== objc Summary ===
# of expected passes 1035
# of expected failures 6
/home/ronis/Project/notar/objdir/gcc/xgcc version 3.2 20020620 (experimental)
=== libjava tests ===
Running target unix
FAIL: PR1343 compilation from bytecode
FAIL: PR1343 -O compilation from bytecode
FAIL: calls run
WARNING: program timed out.
FAIL: cxxtest run
FAIL: field run
FAIL: final_method run
FAIL: findclass run
FAIL: invoke run
FAIL: martin run
FAIL: noclass run
FAIL: overload run
FAIL: register run
FAIL: simple_int run
FAIL: throwit run
FAIL: virtual run
=== libjava Summary ===
# of expected passes 2172
# of unexpected failures 15
# of expected failures 14
# of untested testcases 21
=== libstdc++-v3 tests ===
Running target unix
XPASS: 22_locale/ctype_is_wchar_t.cc execution test
FAIL: 26_numerics/c99_classification_macros_c.cc (test for excess errors)
=== libstdc++-v3 Summary ===
# of expected passes 397
# of unexpected failures 1
# of unexpected successes 1
# of expected failures 25
Compiler version: 3.2 20020620 (experimental)
Platform: i686-pc-linux-gnu
configure flags: --host=i686-pc-linux-gnu --prefix=/usr --with-gnu-as --enable-shared --with-gnu-ld --enable-threads=posix
BOOT_CFLAGS=-O3 -march=i686 -funroll-loops -ffast-math -fomit-frame-pointer -malign-jumps=3 -malign-functions=3 -malign-loops=3 -mpreferred-stack-boundary=3
CFLAGS (set before configure)=-O3 -march=i686 -funroll-loops -ffast-math -fomit-frame-pointer -malign-jumps=3 -malign-functions=3 -malign-loops=3 -mpreferred-stack-boundary=3
CXXFLAGS (set before configure)=-O3 -march=i686 -funroll-loops -ffast-math -fomit-frame-pointer -malign-jumps=3 -malign-functions=3 -malign-loops=3 -mpreferred-stack-boundary=3
Counting all warnings,
there are 65 warnings in stage3 of this bootstrap.
Number of warnings per file:
24 gcc/combine.c
10 gcc/regclass.c
4 gcc/java/lex.c
3 gcc/unroll.c
3 gcc/optabs.c
3 gcc/gcc.c
2 gtype-desc.c
2 gt-except.h
2 gcc/real.c
2 gcc/java/javaop.def
2 /usr/share/bison.simple
1 gt-integrate.h
1 gcc/varasm.c
1 gcc/tree.c
1 gcc/reload.c
1 gcc/java/jvspec.c
1 gcc/function.c
1 gcc/f/where.c
1 gcc/cp/lang-specs.h
Number of warning types:
46 comparison between signed and unsigned
4 string length \`???' is greater than the length \`???' ISO C89 compilers are required to support
4 \`???' defined but not used
2 signed and unsigned type in conditional expression
2 operation on \`???' may be undefined
2 comparison is always true due to limited range of data type
2 \`???' might be used uninitialized in this function
1 pointer targets in passing arg ??? of \`???' differ in signedness
1 function declaration isn't a prototype
1 comparison is always false due to limited range of data type
More information about the Gcc-testresults
mailing list