Results for 3.2 20020620 (experimental) testsuite on i686-pc-linux-gnu
Neil Booth
neil@daikokuya.demon.co.uk
Thu Jun 20 22:12:00 GMT 2002
LAST_UPDATED:
Native configuration is i686-pc-linux-gnu
=== g++ tests ===
Running target unix
FAIL: g++.dg/warn/Wunused-2.C (test for warnings, line 5)
=== g++ Summary ===
# of expected passes 7363
# of unexpected failures 1
# of expected failures 87
# of untested testcases 9
# of unsupported tests 3
/home/neil/src/gcc/build/gcc/testsuite/../g++ version 3.2 20020620 (experimental)
=== g77 tests ===
Running target unix
FAIL: g77.f-torture/execute/6367.f execution, -O0
FAIL: g77.f-torture/execute/6367.f execution, -O1
FAIL: g77.f-torture/execute/6367.f execution, -O2
FAIL: g77.f-torture/execute/6367.f execution, -O3 -fomit-frame-pointer
FAIL: g77.f-torture/execute/6367.f execution, -O3 -fomit-frame-pointer -funroll-loops
FAIL: g77.f-torture/execute/6367.f execution, -O3 -fomit-frame-pointer -funroll-all-loops -finline-functions
FAIL: g77.f-torture/execute/6367.f execution, -O3 -g
FAIL: g77.f-torture/execute/6367.f execution, -Os
WARNING: program timed out.
FAIL: g77.f-torture/execute/f90-intrinsic-bit.f compilation, -Os
=== g77 Summary ===
# of expected passes 1632
# of unexpected failures 9
# of untested testcases 1
/home/neil/src/gcc/build/gcc/testsuite/../g77 version 3.2 20020620 (experimental)
=== gcc tests ===
Running target unix
FAIL: gcc.c-torture/execute/20020412-1.c execution, -O1
FAIL: gcc.c-torture/execute/20020412-1.c execution, -O2
FAIL: gcc.c-torture/execute/20020412-1.c execution, -O3 -fomit-frame-pointer
FAIL: gcc.c-torture/execute/20020412-1.c execution, -O3 -fomit-frame-pointer -funroll-loops
FAIL: gcc.c-torture/execute/20020412-1.c execution, -O3 -fomit-frame-pointer -funroll-all-loops -finline-functions
FAIL: gcc.c-torture/execute/20020412-1.c execution, -O3 -g
FAIL: cmdlne-dM-M.c: #define line not printed
=== gcc Summary ===
# of expected passes 19174
# of unexpected failures 7
# of expected failures 60
# of unsupported tests 57
/home/neil/src/gcc/build/gcc/xgcc version 3.2 20020620 (experimental)
=== objc tests ===
Running target unix
=== objc Summary ===
# of expected passes 1035
# of expected failures 6
/home/neil/src/gcc/build/gcc/xgcc version 3.2 20020620 (experimental)
=== libjava tests ===
Running target unix
FAIL: PR1343 compilation from bytecode
FAIL: PR1343 -O compilation from bytecode
FAIL: calls run
FAIL: field run
FAIL: final_method run
FAIL: findclass run
FAIL: invoke run
FAIL: martin run
FAIL: noclass run
FAIL: overload run
FAIL: register run
FAIL: simple_int run
FAIL: throwit run
FAIL: virtual run
=== libjava Summary ===
# of expected passes 2173
# of unexpected failures 14
# of expected failures 14
# of untested testcases 20
=== libstdc++-v3 tests ===
Running target unix
XPASS: 22_locale/ctype_is_wchar_t.cc execution test
FAIL: 26_numerics/c99_classification_macros_c.cc (test for excess errors)
WARNING: program timed out.
FAIL: thread/pthread4.cc execution test
=== libstdc++-v3 Summary ===
# of expected passes 396
# of unexpected failures 2
# of unexpected successes 1
# of expected failures 25
Compiler version: 3.2 20020620 (experimental)
Platform: i686-pc-linux-gnu
configure flags: --host=i686-pc-linux-gnu --enable-shared --enable-threads=posix --enable-langauges=c,objc,c++,f77
More information about the Gcc-testresults
mailing list