Results for 3.2 20020615 (experimental) testsuite on powerpc-unknown-linux-gnu
Mark Wielaard
mark@wildebeest.org
Sun Jun 16 07:09:00 GMT 2002
Debian GNU/Linux 3.0
Linux 2.4.18-powerpc
binutils Version: 2.12.90.0.1-4
glibc Version: 2.2.5-6
Test results for libjava include the results of the Mauve testsuite
(see http://sources.redhat.com/mauve/)
LAST_UPDATED: Sun Jun 16 07:16:44 UTC 2002
Native configuration is powerpc-unknown-linux-gnu
=== g++ tests ===
Running target unix
FAIL: g++.dg/opt/vt1.C scan-assembler-not section.*_ZTV1S.*"[^w"]*"
FAIL: g++.dg/warn/Wunused-2.C (test for warnings, line 5)
=== g++ Summary ===
# of expected passes 7327
# of unexpected failures 2
# of expected failures 87
# of untested testcases 23
# of unsupported tests 5
/home/mark/src/gcc32/obj/gcc/testsuite/../g++ version 3.2 20020615 (experimental)
=== gcc tests ===
Running target unix
FAIL: cmdlne-dM-M.c: #define line not printed
FAIL: gcc.dg/20020103-1.c scan-assembler-not LC
FAIL: gcc.dg/20020118-1.c execution test
FAIL: gcc.dg/altivec-5.c (test for excess errors)
=== gcc Summary ===
# of expected passes 18949
# of unexpected failures 4
# of expected failures 63
# of unsupported tests 115
/home/mark/src/gcc32/obj/gcc/xgcc version 3.2 20020615 (experimental)
=== libjava tests ===
Running target unix
FAIL: PR1343 compilation from bytecode
FAIL: PR1343 -O compilation from bytecode
FAIL: calls run
WARNING: program timed out.
FAIL: cxxtest run
FAIL: field run
FAIL: final_method run
FAIL: findclass run
FAIL: invoke run
FAIL: martin run
FAIL: noclass run
FAIL: overload run
FAIL: register run
FAIL: simple_int run
FAIL: throwit run
FAIL: virtual run
FAIL: Array_3 execution from source compiled test
FAIL: Array_3 execution from bytecode->native test
FAIL: Array_3 -O execution from source compiled test
FAIL: Array_3 -O execution from bytecode->native test
FAIL: gnu.testlet.java.lang.Double.DoubleTest: Error: test_shortbyteValue failed - 5 (number 1)
FAIL: gnu.testlet.java.lang.Float.FloatTest: Error: test_shortbyteValue failed - 5 (number 1)
FAIL: gnu.testlet.java.lang.Integer.IntegerTest: Error: test_Basics failed - 1 (number 1)
FAIL: Compile gnu/testlet/java/text/DateFormatSymbols/Test.o for gnu.testlet.java.text.DateFormatSymbols.Test
FAIL: gnu.testlet.java.util.zip.ZipInputStream.close: uncaught exception at "reading zip file" number 1: java.lang.IllegalStateException: Closed.
=== libjava Summary ===
# of expected passes 8752
# of unexpected failures 24
# of expected failures 77
# of untested testcases 25
=== libstdc++-v3 tests ===
Running target unix
FAIL: 22_locale/codecvt_members_char_char.cc execution test
FAIL: 22_locale/codecvt_members_wchar_t_char.cc execution test
FAIL: 22_locale/ctor_copy_dtor.cc execution test
FAIL: 22_locale/ctype_to_char.cc execution test
FAIL: 22_locale/ctype_to_wchar_t.cc execution test
FAIL: 26_numerics/c99_classification_macros_c.cc (test for excess errors)
FAIL: 27_io/ostream_inserter_arith.cc execution test
WARNING: program timed out.
FAIL: thread/pthread4.cc execution test
=== libstdc++-v3 Summary ===
# of expected passes 390
# of unexpected failures 8
# of expected failures 26
Compiler version: 3.2 20020615 (experimental)
Platform: powerpc-unknown-linux-gnu
configure flags: --host=powerpc-unknown-linux-gnu --enable-clocale=gnu --enable-shared --enable-threads=posix --enable-languages=c++,java --disable-multilib --prefix=/usr/local/gcc32
time make
real 9700.58
user 7617.58
sys 1722.83
time check
Command exited with non-zero status 2
real 14191.11
user 9643.62
sys 3565.80
More information about the Gcc-testresults
mailing list