Results for 3.2 20020612 (experimental) testsuite on i586-redhat-linux-gnu
Gcc k6 testing account
caligula@cam029208.student.utwente.nl
Thu Jun 13 03:02:00 GMT 2002
Gcc bootstrap for target k6-redhat-linux-gnu on the following system
====================================================================
Red Hat Linux release 7.3 (Valhalla)
Kernel 2.4.17 on an i586
Gnu C 2.96
binutils 2.11.93.0.2
Linux C Library 2.2.5
Dynamic linker (ldd) 2.2.5
RPM versions:
gcc-2.96-110
binutils-2.11.93.0.2-11
glibc-2.2.5-34
dejagnu-1.4.2-3
====================================================================
LAST_UPDATED: Thu Jun 13 00:09:09 UTC 2002
Native configuration is i586-redhat-linux-gnu
=== g++ tests ===
Running target unix
FAIL: g++.dg/opt/vt1.C scan-assembler-not section.*_ZTV1S.*"[^w"]*"
FAIL: g++.dg/warn/Wunused-2.C (test for warnings, line 5)
FAIL: g++.jason/pmf7.C Execution test
FAIL: g++.jason/template26.C Execution test
=== g++ Summary ===
# of expected passes 7350
# of unexpected failures 4
# of expected failures 87
# of untested testcases 9
# of unsupported tests 3
/home/caligula/cvs/HEAD/objdir/gcc/testsuite/../g++ version 3.2 20020612 (experimental)
=== g77 tests ===
Running target unix
FAIL: g77.f-torture/execute/6367.f execution, -O0
FAIL: g77.f-torture/execute/6367.f execution, -O1
FAIL: g77.f-torture/execute/6367.f execution, -O2
FAIL: g77.f-torture/execute/6367.f execution, -O3 -fomit-frame-pointer
FAIL: g77.f-torture/execute/6367.f execution, -O3 -fomit-frame-pointer -funroll-loops
FAIL: g77.f-torture/execute/6367.f execution, -O3 -fomit-frame-pointer -funroll-all-loops -finline-functions
FAIL: g77.f-torture/execute/6367.f execution, -O3 -g
FAIL: g77.f-torture/execute/6367.f execution, -Os
=== g77 Summary ===
# of expected passes 1618
# of unexpected failures 8
# of unsupported tests 8
/home/caligula/cvs/HEAD/objdir/gcc/testsuite/../g77 version 3.2 20020612 (experimental)
=== gcc tests ===
Running target unix
FAIL: gcc.c-torture/execute/20020402-1.c execution, -Os
FAIL: gcc.c-torture/execute/conversion.c execution, -O1
FAIL: gcc.c-torture/execute/conversion.c execution, -O2
FAIL: gcc.c-torture/execute/dbra-1.c execution, -O3 -fomit-frame-pointer
FAIL: gcc.c-torture/execute/dbra-1.c execution, -O3 -g
FAIL: gcc.c-torture/execute/loop-2e.c execution, -Os
FAIL: cmdlne-dM-M.c: #define line not printed
FAIL: gcc.dg/20020531-1.c (test for excess errors)
FAIL: gcc.dg/ultrasp3.c (test for excess errors)
=== gcc Summary ===
# of expected passes 19029
# of unexpected failures 9
# of expected failures 63
# of unsupported tests 56
/home/caligula/cvs/HEAD/objdir/gcc/xgcc version 3.2 20020612 (experimental)
=== objc tests ===
Running target unix
=== objc Summary ===
# of expected passes 1035
# of expected failures 6
/home/caligula/cvs/HEAD/objdir/gcc/xgcc version 3.2 20020612 (experimental)
=== libjava tests ===
Running target unix
FAIL: PR1343 compilation from bytecode
FAIL: PR1343 -O compilation from bytecode
FAIL: PR6865 compilation from source
FAIL: PR6865 byte compilation
FAIL: PR6865 -O compilation from source
FAIL: PR6865 byte compilation
FAIL: calls run
WARNING: program timed out.
FAIL: cxxtest run
FAIL: field run
FAIL: final_method run
FAIL: findclass run
FAIL: invoke run
FAIL: martin run
FAIL: noclass run
FAIL: overload run
FAIL: register run
FAIL: simple_int run
FAIL: throwit run
FAIL: virtual run
WARNING: program timed out.
FAIL: Divide_1 execution from source compiled test
WARNING: program timed out.
FAIL: Divide_1 execution from bytecode->native test
WARNING: program timed out.
FAIL: Divide_1 -O execution from source compiled test
WARNING: program timed out.
FAIL: Divide_1 -O execution from bytecode->native test
FAIL: Thread_Interrupt -O output from bytecode->native test
=== libjava Summary ===
# of expected passes 2159
# of unexpected failures 24
# of expected failures 14
# of untested testcases 27
=== libstdc++-v3 tests ===
Running target unix
XPASS: 22_locale/ctype_is_wchar_t.cc execution test
FAIL: 26_numerics/c99_classification_macros_c.cc (test for excess errors)
WARNING: program timed out.
FAIL: thread/pthread5.cc execution test
=== libstdc++-v3 Summary ===
# of expected passes 396
# of unexpected failures 2
# of unexpected successes 1
# of expected failures 25
Compiler version: 3.2 20020612 (experimental)
Platform: i586-redhat-linux-gnu
configure flags: --prefix=/opt/k6/HEAD --host=k6-redhat-linux-gnu --target=k6-redhat-linux-gnu --enable-languages=c,c++,objc,f77,java --enable-threads=posix
More information about the Gcc-testresults
mailing list