Results for 3.2 20020612 (experimental) testsuite on mmix-knuth-mmixware

Andreas Jaeger aj@suse.de
Thu Jun 13 01:00:00 GMT 2002


LAST_UPDATED: Thu Jun 13 05:02:06 UTC 2002

Target is mmix-knuth-mmixware
Host   is i686-pc-linux-gnu

		=== g++ tests ===


Running target mmixware-sim
FAIL: g++.dg/opt/vt1.C (test for excess errors)
FAIL: g++.dg/opt/vt1.C scan-assembler-not section.*_ZTV1S.*"[^w"]*"
FAIL: g++.dg/warn/Wunused-2.C  (test for warnings, line 5)

		=== g++ Summary ===

# of expected passes		7104
# of unexpected failures	3
# of expected failures		87
# of untested testcases		32
# of unsupported tests		8
/mmix/mmix/build/gcc/testsuite/../g++ version 3.2 20020612 (experimental)

Host   is i686-pc-linux-gnu

		=== g77 tests ===


Running target mmixware-sim
FAIL: g77.dg/f77-edit-apostrophe-out.f output pattern test, is abcde
FAIL: g77.dg/f77-edit-apostrophe-out.f output pattern test, is abcde
FAIL: g77.dg/f77-edit-apostrophe-out.f output pattern test, is abcde
FAIL: g77.dg/f77-edit-apostrophe-out.f output pattern test, is abcde
FAIL: g77.dg/f77-edit-apostrophe-out.f output pattern test, is abcde
FAIL: g77.dg/f77-edit-apostrophe-out.f output pattern test, is abcde
FAIL: g77.dg/f77-edit-colon-out.f output pattern test, is 123
FAIL: g77.dg/f77-edit-colon-out.f output pattern test, is 123
FAIL: g77.dg/f77-edit-colon-out.f output pattern test, is 123
FAIL: g77.dg/f77-edit-colon-out.f output pattern test, is 123
FAIL: g77.dg/f77-edit-colon-out.f output pattern test, is 123
FAIL: g77.dg/f77-edit-colon-out.f output pattern test, is 123
FAIL: g77.dg/f77-edit-h-out.f output pattern test, is 1
FAIL: g77.dg/f77-edit-h-out.f output pattern test, is 1
FAIL: g77.dg/f77-edit-h-out.f output pattern test, is 1
FAIL: g77.dg/f77-edit-h-out.f output pattern test, is 1
FAIL: g77.dg/f77-edit-h-out.f output pattern test, is 1
FAIL: g77.dg/f77-edit-h-out.f output pattern test, is 1
FAIL: g77.dg/f77-edit-s-out.f output pattern test, is +10  20
FAIL: g77.dg/f77-edit-s-out.f output pattern test, is +10  20
FAIL: g77.dg/f77-edit-s-out.f output pattern test, is +10  20
FAIL: g77.dg/f77-edit-s-out.f output pattern test, is +10  20
FAIL: g77.dg/f77-edit-s-out.f output pattern test, is +10  20
FAIL: g77.dg/f77-edit-s-out.f output pattern test, is +10  20
FAIL: g77.dg/f77-edit-slash-out.f output pattern test, is 123
FAIL: g77.dg/f77-edit-slash-out.f output pattern test, is 123
FAIL: g77.dg/f77-edit-slash-out.f output pattern test, is 123
FAIL: g77.dg/f77-edit-slash-out.f output pattern test, is 123
FAIL: g77.dg/f77-edit-slash-out.f output pattern test, is 123
FAIL: g77.dg/f77-edit-slash-out.f output pattern test, is 123
FAIL: g77.dg/f77-edit-x-out.f output pattern test, is 1 2  3
FAIL: g77.dg/f77-edit-x-out.f output pattern test, is 1 2  3
FAIL: g77.dg/f77-edit-x-out.f output pattern test, is 1 2  3
FAIL: g77.dg/f77-edit-x-out.f output pattern test, is 1 2  3
FAIL: g77.dg/f77-edit-x-out.f output pattern test, is 1 2  3
FAIL: g77.dg/f77-edit-x-out.f output pattern test, is 1 2  3
FAIL: g77.f-torture/compile/20010321-1.f,  -O3 -g  
FAIL: g77.f-torture/execute/970625-2.f compilation,  -O1 

		=== g77 Summary ===

# of expected passes		1428
# of unexpected failures	38
# of expected failures		80
# of untested testcases		49
# of unsupported tests		9
/mmix/mmix/build/gcc/testsuite/../g77 version 3.2 20020612 (experimental)

Host   is i686-pc-linux-gnu

		=== gcc tests ===


Running target mmixware-sim
FAIL: cmdlne-dM-M.c: #define line not printed
FAIL: gcc.dg/uninit-A.c uninitialized variable warning (test for bogus messages, line 52)
FAIL: gcc.dg/uninit-A.c uninitialized variable warning (test for bogus messages, line 53)
FAIL: gcc.dg/format/c99-scanf-1.c %hhd sign (test for warnings, line 143)
FAIL: gcc.dg/format/c99-scanf-1.c %hhu sign (test for warnings, line 144)
FAIL: gcc.dg/format/c99-scanf-1.c (test for excess errors)
FAIL: gcc.dg/format/c99-scanf-1.c %hhd sign (test for warnings, line 143)
FAIL: gcc.dg/format/c99-scanf-1.c %hhu sign (test for warnings, line 144)
FAIL: gcc.dg/format/c99-scanf-1.c (test for excess errors)
FAIL: gcc.dg/format/ext-1.c printf_unlocked (test for warnings, line 125)
FAIL: gcc.dg/format/ext-1.c (test for excess errors)
FAIL: gcc.dg/format/ext-1.c printf_unlocked (test for warnings, line 125)
FAIL: gcc.dg/format/ext-1.c (test for excess errors)

		=== gcc Summary ===

# of expected passes		18430
# of unexpected failures	13
# of expected failures		71
# of unsupported tests		139
/mmix/mmix/build/gcc/xgcc version 3.2 20020612 (experimental)

Host   is i686-pc-linux-gnu

		=== objc tests ===


Running target mmixware-sim

		=== objc Summary ===

# of expected passes		1035
# of expected failures		6
/mmix/mmix/build/gcc/xgcc version 3.2 20020612 (experimental)


Compiler version: 3.2 20020612 (experimental) 
Platform: mmix-knuth-mmixware
configure flags: --host=i686-pc-linux-gnu --target=mmix --prefix=/mmix/mmix/install --disable-nls



More information about the Gcc-testresults mailing list