Results for 3.1.1 20020610 (prerelease) testsuite on mips-sgi-irix6.5

H . J . Lu hjl@lucon.org
Tue Jun 11 23:39:00 GMT 2002


LAST_UPDATED: Mon Jun 10 15:48:07 UTC 2002

Native configuration is mips-sgi-irix6.5

		=== g++ tests ===


Running target unix

		=== g++ Summary ===

# of expected passes		7021
# of expected failures		96
# of untested testcases		23
# of unsupported tests		6
/export/build/gnu/gcc-3.1/build-mips-irix/gcc/testsuite/../g++ version 3.1.1 20020610 (prerelease)

		=== g77 tests ===


Running target unix

		=== g77 Summary ===

# of expected passes		1452
# of unsupported tests		8
/export/build/gnu/gcc-3.1/build-mips-irix/gcc/testsuite/../g77 version 3.1.1 20020610 (prerelease)

		=== gcc tests ===


Running target unix
WARNING: program timed out.
FAIL: gcc.c-torture/compile/20001226-1.c,  -O1  
WARNING: program timed out.
FAIL: gcc.c-torture/compile/20001226-1.c,  -O2  
WARNING: program timed out.
FAIL: gcc.c-torture/compile/20001226-1.c,  -O3 -fomit-frame-pointer  
WARNING: program timed out.
FAIL: gcc.c-torture/compile/20001226-1.c,  -O3 -g  
FAIL: gcc.c-torture/compile/20001226-1.c,  -Os  
FAIL: gcc.c-torture/execute/20020307-2.c execution,  -O0 
FAIL: gcc.c-torture/execute/20020307-2.c execution,  -O1 
FAIL: gcc.c-torture/execute/20020307-2.c execution,  -O2 
FAIL: gcc.c-torture/execute/20020307-2.c execution,  -O3 -fomit-frame-pointer 
FAIL: gcc.c-torture/execute/20020307-2.c execution,  -O3 -fomit-frame-pointer -funroll-loops 
FAIL: gcc.c-torture/execute/20020307-2.c execution,  -O3 -fomit-frame-pointer -funroll-all-loops -finline-functions 
FAIL: gcc.c-torture/execute/20020307-2.c execution,  -O3 -g 
FAIL: gcc.c-torture/execute/20020307-2.c execution,  -Os 

		=== gcc Summary ===

# of expected passes		17905
# of unexpected failures	13
# of expected failures		101
# of unsupported tests		122
/export/build/gnu/gcc-3.1/build-mips-irix/gcc/xgcc version 3.1.1 20020610 (prerelease)

		=== objc tests ===


Running target unix

		=== objc Summary ===

# of expected passes		1035
# of expected failures		6
/export/build/gnu/gcc-3.1/build-mips-irix/gcc/xgcc version 3.1.1 20020610 (prerelease)

		=== libjava tests ===


Running target unix
FAIL: invokethrow execution from source compiled test
FAIL: invokethrow execution from bytecode->native test
FAIL: invokethrow -O execution from source compiled test
FAIL: invokethrow -O execution from bytecode->native test
FAIL: TLtest compilation from bytecode
FAIL: TLtest -O compilation from bytecode
FAIL: FileHandleGcTest execution from source compiled test
FAIL: FileHandleGcTest execution from bytecode->native test
FAIL: FileHandleGcTest -O execution from source compiled test
FAIL: FileHandleGcTest -O execution from bytecode->native test
FAIL: Throw_2 execution from source compiled test
FAIL: Throw_2 execution from bytecode->native test
FAIL: Throw_2 -O execution from source compiled test
FAIL: Throw_2 -O execution from bytecode->native test

		=== libjava Summary ===

# of expected passes		1969
# of unexpected failures	14
# of expected failures		18
# of untested testcases		106
		=== libstdc++-v3 tests ===


Running target unix
XPASS: 22_locale/collate_members_wchar_t.cc execution test
XPASS: 22_locale/ctype_is_wchar_t.cc execution test
XPASS: 22_locale/money_get_members_wchar_t.cc execution test
XPASS: 22_locale/money_put_members_wchar_t.cc execution test
XPASS: 22_locale/moneypunct_members_wchar_t.cc execution test
XPASS: 22_locale/num_get_members_wchar_t.cc execution test
XPASS: 22_locale/num_put_members_wchar_t.cc execution test
XPASS: 22_locale/numpunct_members_wchar_t.cc execution test
XPASS: 22_locale/time_get_members_wchar_t.cc execution test
XPASS: 22_locale/time_put_members_wchar_t.cc execution test
FAIL: 27_io/ios_base_storage.cc execution test
FAIL: 27_io/ostream_inserter_arith.cc execution test

		=== libstdc++-v3 Summary ===

# of expected passes		382
# of unexpected failures	2
# of unexpected successes	10
# of expected failures		16
# of unsupported tests		6

Compiler version: 3.1.1 20020610 (prerelease) 
Platform: mips-sgi-irix6.5
configure flags: --host=mips-sgi-irix6.5 --disable-multilib --disable-nls --enable-libgcj --enable-shared --enable-haifa --disable-checking --prefix=/export/tools --with-local-prefix=/usr/local



More information about the Gcc-testresults mailing list