Results for 3.2 20020611 (experimental) testsuite on s390x-ibm-linux-gnu

Ulrich Weigand Ulrich.Weigand@de.ibm.com
Tue Jun 11 13:19:00 GMT 2002


Native configuration is s390x-ibm-linux-gnu

                === g++ tests ===


Running target unix
FAIL: g++.dg/bprob/bprob-1.C compilation,  -g  -fbranch-probabilities
UNRESOLVED: g++.dg/bprob/bprob-1.C execution,    -g  -fbranch-probabilities
FAIL: g++.dg/opt/vt1.C scan-assembler-not section.*_ZTV1S.*"[^w"]*"
FAIL: g++.dg/template/typename2.C (test for excess errors)
FAIL: g++.dg/warn/Wunused-2.C  (test for warnings, line 5)

                === g++ Summary ===

# of expected passes            7324
# of unexpected failures        4
# of expected failures          87
# of unresolved testcases       1
# of untested testcases         23
# of unsupported tests          5
/mnt/dasdc1/weigand/fsf/gcc-head-build/gcc/testsuite/../g++ version 3.2 20020611 (experimental)

                === g77 tests ===


Running target unix
FAIL: g77.f-torture/execute/6367.f execution,  -O0
FAIL: g77.f-torture/execute/6367.f execution,  -O1
FAIL: g77.f-torture/execute/6367.f execution,  -O2
FAIL: g77.f-torture/execute/6367.f execution,  -O3 -fomit-frame-pointer
FAIL: g77.f-torture/execute/6367.f execution,  -O3 -fomit-frame-pointer -funroll-loops
FAIL: g77.f-torture/execute/6367.f execution,  -O3 -fomit-frame-pointer -funroll-all-loops -finline-functions
FAIL: g77.f-torture/execute/6367.f execution,  -O3 -g
FAIL: g77.f-torture/execute/6367.f execution,  -Os

                === g77 Summary ===

# of expected passes            1618
# of unexpected failures        8
# of unsupported tests          8
/mnt/dasdc1/weigand/fsf/gcc-head-build/gcc/testsuite/../g77 version 3.2 20020611 (experimental)

                === gcc tests ===


Running target unix
FAIL: gcc.c-torture/execute/string-opt-17.c compilation,  -O1
UNRESOLVED: gcc.c-torture/execute/string-opt-17.c execution,  -O1
FAIL: gcc.c-torture/execute/string-opt-17.c compilation,  -O2
UNRESOLVED: gcc.c-torture/execute/string-opt-17.c execution,  -O2
FAIL: gcc.c-torture/execute/string-opt-17.c compilation,  -O3 -fomit-frame-pointer
UNRESOLVED: gcc.c-torture/execute/string-opt-17.c execution,  -O3 -fomit-frame-pointer
FAIL: gcc.c-torture/execute/string-opt-17.c compilation,  -O3 -g
UNRESOLVED: gcc.c-torture/execute/string-opt-17.c execution,  -O3 -g
FAIL: cmdlne-dM-M.c: #define line not printed

                === gcc Summary ===

# of expected passes            18849
# of unexpected failures        5
# of expected failures          63
# of unresolved testcases       4
# of unsupported tests          129
/mnt/dasdc1/weigand/fsf/gcc-head-build/gcc/xgcc version 3.2 20020611 (experimental)

                === objc tests ===


Running target unix

                === objc Summary ===

# of expected passes            1035
# of expected failures          6
/mnt/dasdc1/weigand/fsf/gcc-head-build/gcc/xgcc version 3.2 20020611 (experimental)

                === libstdc++-v3 tests ===


Running target unix
XPASS: 22_locale/collate_byname.cc execution test
XPASS: 22_locale/collate_members_char.cc execution test
XPASS: 22_locale/collate_members_wchar_t.cc execution test
XPASS: 22_locale/ctype_is_char.cc execution test
XPASS: 22_locale/ctype_is_wchar_t.cc execution test
XPASS: 22_locale/members.cc execution test
XPASS: 22_locale/messages_byname.cc execution test
XPASS: 22_locale/messages_members_char.cc execution test
XPASS: 22_locale/money_get_members_char.cc execution test
XPASS: 22_locale/money_put_members_char.cc execution test
XPASS: 22_locale/moneypunct_byname.cc execution test
XPASS: 22_locale/moneypunct_members_char.cc execution test
XPASS: 22_locale/moneypunct_members_wchar_t.cc execution test
XPASS: 22_locale/num_get_members_char.cc execution test
XPASS: 22_locale/num_get_members_wchar_t.cc execution test
XPASS: 22_locale/num_put_members_char.cc execution test
XPASS: 22_locale/num_put_members_wchar_t.cc execution test
XPASS: 22_locale/numpunct_byname.cc execution test
XPASS: 22_locale/numpunct_members_char.cc execution test
XPASS: 22_locale/numpunct_members_wchar_t.cc execution test
XPASS: 22_locale/time_get_members_char.cc execution test
XPASS: 22_locale/time_get_members_wchar_t.cc execution test
XPASS: 22_locale/time_put_members_char.cc execution test
XPASS: 22_locale/time_put_members_wchar_t.cc execution test
FAIL: 26_numerics/c99_classification_macros_c.cc (test for excess errors)

                === libstdc++-v3 Summary ===

# of expected passes            397
# of unexpected failures        1
# of unexpected successes       24
# of expected failures          2

Compiler version: 3.2 20020611 (experimental)
Platform: s390x-ibm-linux-gnu
configure flags: --host=s390x-ibm-linux --enable-shared --enable-threads --prefix=/home/weigand/fsf/gcc-head-install




More information about the Gcc-testresults mailing list