Results for 3.1.1 20020610 (prerelease) testsuite on sparc64-unknown-linux-gnu
David S. Miller
davem@nuts.ninka.net
Tue Jun 11 07:28:00 GMT 2002
LAST_UPDATED: Tue Jun 11 02:23:42 UTC 2002
Native configuration is sparc64-unknown-linux-gnu
=== g++ tests ===
Running target unix
FAIL: g++.dg/opt/vt1.C scan-assembler-not section.*_ZTV1S.*"[^w"]*"
=== g++ Summary ===
# of expected passes 7164
# of unexpected failures 1
# of expected failures 88
# of untested testcases 23
# of unsupported tests 4
/disk1/davem/GCC/cvs/3.1/build-sparc64-linux/gcc/testsuite/../g++ version 3.1.1 20020610 (prerelease)
=== g77 tests ===
Running target unix
=== g77 Summary ===
# of expected passes 1452
# of unsupported tests 8
/disk1/davem/GCC/cvs/3.1/build-sparc64-linux/gcc/testsuite/../g77 version 3.1.1 20020610 (prerelease)
=== gcc tests ===
Running target unix
XPASS: gcc.c-torture/execute/20020227-1.c execution, -O0
XPASS: gcc.c-torture/execute/20020227-1.c execution, -O1
XPASS: gcc.dg/c99-intconst-1.c (test for excess errors)
=== gcc Summary ===
# of expected passes 18323
# of unexpected successes 3
# of expected failures 69
# of unsupported tests 106
/disk1/davem/GCC/cvs/3.1/build-sparc64-linux/gcc/xgcc version 3.1.1 20020610 (prerelease)
=== objc tests ===
Running target unix
=== objc Summary ===
# of expected passes 1035
# of expected failures 6
/disk1/davem/GCC/cvs/3.1/build-sparc64-linux/gcc/xgcc version 3.1.1 20020610 (prerelease)
=== libjava tests ===
Running target unix
FAIL: TLtest compilation from bytecode
FAIL: TLtest -O compilation from bytecode
=== libjava Summary ===
# of expected passes 1993
# of unexpected failures 2
# of expected failures 18
# of untested testcases 94
=== libstdc++-v3 tests ===
Running target unix
XPASS: 22_locale/collate_byname.cc execution test
XPASS: 22_locale/collate_members_char.cc execution test
XPASS: 22_locale/collate_members_wchar_t.cc execution test
XPASS: 22_locale/ctype_is_char.cc execution test
XPASS: 22_locale/ctype_is_wchar_t.cc execution test
XPASS: 22_locale/members.cc execution test
XPASS: 22_locale/messages_byname.cc execution test
XPASS: 22_locale/messages_members_char.cc execution test
XPASS: 22_locale/money_get_members_char.cc execution test
XPASS: 22_locale/money_put_members_char.cc execution test
XPASS: 22_locale/moneypunct_byname.cc execution test
XPASS: 22_locale/moneypunct_members_char.cc execution test
XPASS: 22_locale/moneypunct_members_wchar_t.cc execution test
XPASS: 22_locale/num_get_members_char.cc execution test
XPASS: 22_locale/num_get_members_wchar_t.cc execution test
XPASS: 22_locale/num_put_members_char.cc execution test
XPASS: 22_locale/num_put_members_wchar_t.cc execution test
XPASS: 22_locale/numpunct_byname.cc execution test
XPASS: 22_locale/numpunct_members_char.cc execution test
XPASS: 22_locale/numpunct_members_wchar_t.cc execution test
XPASS: 22_locale/time_get_members_char.cc execution test
XPASS: 22_locale/time_get_members_wchar_t.cc execution test
XPASS: 22_locale/time_put_members_char.cc execution test
XPASS: 22_locale/time_put_members_wchar_t.cc execution test
FAIL: 26_numerics/c99_classification_macros_c.cc (test for excess errors)
=== libstdc++-v3 Summary ===
# of expected passes 395
# of unexpected failures 1
# of unexpected successes 24
# of expected failures 2
Compiler version: 3.1.1 20020610 (prerelease)
Platform: sparc64-unknown-linux-gnu
configure flags: --host=sparc64-unknown-linux-gnu --prefix=/foo/bar
More information about the Gcc-testresults
mailing list