Results for 3.1 testsuite on i686-pc-cygwin
hin-tak.leung@idl-bt.com
hin-tak.leung@idl-bt.com
Tue Jun 11 04:49:00 GMT 2002
CYGWIN_NT-5.0 LEUNGH2 1.3.10(0.51/3/2) 2002-02-25 11:14 i686 unknown
Win2k sp2 with cygwin 1.3.10
Didn't see any test result on this on the GCC web site so I thought I'll
set it in. Well-done to the GCC team for the good work.
Hin-Tak Leung
LAST_UPDATED:
Native configuration is i686-pc-cygwin
=== g++ tests ===
Running target unix
FAIL: g++.dg/ext/instantiate3.C scan-assembler-not
FAIL: g++.dg/special/conpr-1.C execution test
FAIL: g++.dg/special/conpr-2.C execution test
FAIL: g++.dg/special/conpr-3.C execution test
FAIL: g++.dg/special/conpr-3.C execution test
FAIL: g++.dg/special/initp1.C execution test
XPASS: g++.ext/attrib5.C Execution test
XPASS: g++.jason/template18.C (test for excess errors)
XPASS: g++.jason/template18.C Execution test
=== g++ Summary ===
# of expected passes 7168
# of unexpected failures 6
# of unexpected successes 3
# of expected failures 87
# of untested testcases 15
# of unsupported tests 3
/home/Hin-Tak_Leung/objdir/gcc/testsuite/../g++ version 3.1
=== g77 tests ===
Running target unix
=== g77 Summary ===
# of expected passes 1468
/home/Hin-Tak_Leung/objdir/gcc/testsuite/../g77 version 3.1
=== gcc tests ===
Running target unix
FAIL: gcc.c-torture/execute/20020307-2.c execution, -O1
FAIL: gcc.c-torture/execute/20020307-2.c execution, -O2
FAIL: gcc.c-torture/execute/20020307-2.c execution, -O3
-fomit-frame-pointer
FAIL: gcc.c-torture/execute/20020307-2.c execution, -O3
-fomit-frame-pointer -funroll-loops
FAIL: gcc.c-torture/execute/20020307-2.c execution, -O3
-fomit-frame-pointer -funroll-all-loops -finline-functions
FAIL: gcc.c-torture/execute/20020307-2.c execution, -O3 -g
FAIL: gcc.c-torture/execute/20020402-1.c execution, -Os
XPASS: gcc.c-torture/execute/loop-2e.c execution, -Os
FAIL: gcc.dg/weak-2.c applying #pragma weak (test for warnings, line 33)
FAIL: gcc.dg/weak-3.c (test for excess errors)
FAIL: gcc.dg/weak-4.c applying #pragma weak (test for warnings, line 41)
FAIL: gcc.dg/weak-4.c applying #pragma weak (test for warnings, line 73)
FAIL: gcc.dg/weak-5.c (test for excess errors)
FAIL: gcc.dg/weak-6.c (test for errors, line 4)
FAIL: gcc.dg/weak-7.c (test for excess errors)
=== gcc Summary ===
# of expected passes 18351
# of unexpected failures 14
# of unexpected successes 1
# of expected failures 69
# of unsupported tests 48
/home/Hin-Tak_Leung/objdir/gcc/xgcc version 3.1
=== objc tests ===
Running target unix
=== objc Summary ===
# of expected passes 1036
# of expected failures 6
/home/Hin-Tak_Leung/objdir/gcc/xgcc version 3.1
=== libstdc++-v3 tests ===
Running target unix
ERROR: tcl error sourcing
/home/Hin-Tak_Leung/gcc-3.1/libstdc++-v3/testsuite/libstdc++-v3.dg/dg.exp.
ERROR: couldn't compile regular expression pattern: nested *?+
=== libstdc++-v3 Summary ===
Compiler version: 3.1
Platform: i686-pc-cygwin
configure flags: --host=i686-pc-cygwin --prefix=/usr/local/gcc-3.1
More information about the Gcc-testresults
mailing list