Results for 3.1 testsuite on ia64-unknown-linux-gnu

Craig Prescott cppresco@shr.intel.com
Mon Jun 10 19:39:00 GMT 2002


LAST_UPDATED: 
Native configuration is ia64-unknown-linux-gnu

		=== g++ tests ===


Running target unix
FAIL: g++.law/profile1.C  Execution test

		=== g++ Summary ===

# of expected passes		7034
# of unexpected failures	1
# of expected failures		88
# of untested testcases		23
# of unsupported tests		4
/proj/cad_csv/local/ia64-linux-redhat7.1/build/gcc-3.1/gcc/testsuite/../g++ version 3.1

		=== g77 tests ===


Running target unix

		=== g77 Summary ===

# of expected passes		1452
# of unsupported tests		8
/proj/cad_csv/local/ia64-linux-redhat7.1/build/gcc-3.1/gcc/testsuite/../g77 version 3.1

		=== gcc tests ===


Running target unix
XPASS: gcc.dg/c99-intconst-1.c (test for excess errors)
FAIL: gcc.dg/noncompile/920923-1.c  (test for errors, line 111)
FAIL: gcc.dg/noncompile/920923-1.c (test for excess errors)

		=== gcc Summary ===

# of expected passes		17903
# of unexpected failures	2
# of unexpected successes	1
# of expected failures		83
# of unsupported tests		106
/proj/cad_csv/local/ia64-linux-redhat7.1/build/gcc-3.1/gcc/xgcc version 3.1

		=== libstdc++-v3 tests ===


Running target unix
XPASS: 22_locale/ctype_members_char.cc execution test
XPASS: 22_locale/members.cc execution test
XPASS: 22_locale/messages_byname.cc execution test
XPASS: 22_locale/messages_members_char.cc execution test
XPASS: 22_locale/money_get_members_char.cc execution test
XPASS: 22_locale/money_get_members_wchar_t.cc execution test
XPASS: 22_locale/money_put_members_char.cc execution test
XPASS: 22_locale/money_put_members_wchar_t.cc execution test
XPASS: 22_locale/moneypunct_byname.cc execution test
XPASS: 22_locale/moneypunct_members_char.cc execution test
XPASS: 22_locale/moneypunct_members_wchar_t.cc execution test
XPASS: 22_locale/num_get_members_char.cc execution test
XPASS: 22_locale/num_get_members_wchar_t.cc execution test
XPASS: 22_locale/num_put_members_char.cc execution test
XPASS: 22_locale/num_put_members_wchar_t.cc execution test
XPASS: 22_locale/numpunct_byname.cc execution test
XPASS: 22_locale/numpunct_members_char.cc execution test
XPASS: 22_locale/numpunct_members_wchar_t.cc execution test
XPASS: 22_locale/time_get_members_char.cc execution test
XPASS: 22_locale/time_get_members_wchar_t.cc execution test
XPASS: 22_locale/time_put_members_char.cc execution test
XPASS: 22_locale/time_put_members_wchar_t.cc execution test
FAIL: 26_numerics/c99_classification_macros_c.cc (test for excess errors)

		=== libstdc++-v3 Summary ===

# of expected passes		374
# of unexpected failures	1
# of unexpected successes	22
# of expected failures		3

Compiler version: 3.1 
Platform: ia64-unknown-linux-gnu
configure flags: --host=ia64-unknown-linux --prefix=/proj/cad_csv/local/ia64-linux-redhat7.1/gcc-3.1 --enable-shared --enable-languages=c,c++,f77 --with-as=/proj/cad_csv/local/ia64-linux-redhat7.1/ia64-unknown-linux/bin/as --with-gnu-as --with-ld=/proj/cad_csv/local/ia64-linux-redhat7.1/ia64-unknown-linux/bin/ld --with-gnu-ld



More information about the Gcc-testresults mailing list