Results for 3.2 20020608 (experimental) testsuite on i686-pc-linux-gnu

Gordon Sadler gbsadler1@lcisp.com
Sat Jun 8 10:16:00 GMT 2002


LAST_UPDATED: Sat Jun  8 08:48:13 UTC 2002

Native configuration is i686-pc-linux-gnu

		=== g++ tests ===


Running target unix
FAIL: g++.dg/template/typename2.C (test for excess errors)
FAIL: g++.dg/warn/Wunused-2.C  (test for warnings, line 5)
FAIL: g++.other/crash32.C caused compiler crash

		=== g++ Summary ===

# of expected passes		7348
# of unexpected failures	3
# of expected failures		86
# of untested testcases		9
# of unsupported tests		3
/usr/local/src/build/gcc/gcc/testsuite/../g++ version 3.2 20020608 (experimental)

		=== g77 tests ===


Running target unix
FAIL: g77.f-torture/execute/6367.f execution,  -O0 
FAIL: g77.f-torture/execute/6367.f execution,  -O1 
FAIL: g77.f-torture/execute/6367.f execution,  -O2 
FAIL: g77.f-torture/execute/6367.f execution,  -O3 -fomit-frame-pointer 
FAIL: g77.f-torture/execute/6367.f execution,  -O3 -fomit-frame-pointer -funroll-loops 
FAIL: g77.f-torture/execute/6367.f execution,  -O3 -fomit-frame-pointer -funroll-all-loops -finline-functions 
FAIL: g77.f-torture/execute/6367.f execution,  -O3 -g 
FAIL: g77.f-torture/execute/6367.f execution,  -Os 

		=== g77 Summary ===

# of expected passes		1634
# of unexpected failures	8
/usr/local/src/build/gcc/gcc/testsuite/../g77 version 3.2 20020608 (experimental)

		=== gcc tests ===


Running target unix
FAIL: gcc.c-torture/execute/20020402-1.c execution,  -Os 
FAIL: gcc.c-torture/execute/20020412-1.c execution,  -O1 
FAIL: gcc.c-torture/execute/20020412-1.c execution,  -O2 
FAIL: gcc.c-torture/execute/20020412-1.c execution,  -O3 -fomit-frame-pointer 
FAIL: gcc.c-torture/execute/20020412-1.c execution,  -O3 -fomit-frame-pointer -funroll-loops 
FAIL: gcc.c-torture/execute/20020412-1.c execution,  -O3 -fomit-frame-pointer -funroll-all-loops -finline-functions 
FAIL: gcc.c-torture/execute/20020412-1.c execution,  -O3 -g 
FAIL: gcc.c-torture/execute/conversion.c compilation,  -O1 
UNRESOLVED: gcc.c-torture/execute/conversion.c execution,  -O1 
FAIL: gcc.c-torture/execute/conversion.c execution,  -O2 
FAIL: cmdlne-dM-M.c: #define line not printed
FAIL: gcc.dg/noreturn-4.c warn for main (test for warnings, line 10)
FAIL: gcc.dg/noreturn-4.c (test for excess errors)
FAIL: gcc.dg/sequence-pt-1.c sequence point warning (test for warnings, line 66)
FAIL: gcc.dg/sequence-pt-1.c (test for excess errors)
FAIL: gcc.dg/uninit-A.c uninitialized variable warning (test for bogus messages, line 52)
FAIL: gcc.dg/uninit-A.c uninitialized variable warning (test for bogus messages, line 53)

		=== gcc Summary ===

# of expected passes		18997
# of unexpected failures	16
# of expected failures		60
# of unresolved testcases	1
# of unsupported tests		56
/usr/local/src/build/gcc/gcc/xgcc version 3.2 20020608 (experimental)

		=== objc tests ===


Running target unix

		=== objc Summary ===

# of expected passes		1035
# of expected failures		6
/usr/local/src/build/gcc/gcc/xgcc version 3.2 20020608 (experimental)

		=== libjava tests ===


Running target unix
FAIL: PR1343 compilation from bytecode
FAIL: PR1343 -O compilation from bytecode
FAIL: calls run
FAIL: field run
FAIL: final_method run
FAIL: findclass run
FAIL: invoke run
FAIL: martin run
FAIL: noclass run
FAIL: overload run
FAIL: register run
FAIL: simple_int run
FAIL: throwit run
FAIL: virtual run
WARNING: program timed out.
FAIL: cxxtest run

		=== libjava Summary ===

# of expected passes		2168
# of unexpected failures	15
# of expected failures		14
# of untested testcases		21
		=== libstdc++-v3 tests ===


Running target unix
XPASS: 22_locale/ctype_is_wchar_t.cc execution test
FAIL: 26_numerics/c99_classification_macros_c.cc (test for excess errors)

		=== libstdc++-v3 Summary ===

# of expected passes		395
# of unexpected failures	1
# of unexpected successes	1
# of expected failures		25

Compiler version: 3.2 20020608 (experimental) 
Platform: i686-pc-linux-gnu
configure flags: --host=i686-pc-linux-gnu --verbose --enable-threads=posix --with-system-zlib --enable-shared --disable-nls --enable-checking
Counting all warnings,
there are 0 warnings in stage3 of this bootstrap.

Number of warnings per file:

Number of warning types:



More information about the Gcc-testresults mailing list