Results for 3.2 20020604 (experimental) testsuite on i686-pc-linux-gnu

Andreas Jaeger aj@suse.de
Sat Jun 8 04:21:00 GMT 2002


Bootstrap and regtesting on i686-linux-gnu.
CVS sources: branch: cfg-branch
LAST_UPDATED: Sat Jun  8 08:15:08 UTC 2002

Native configuration is i686-pc-linux-gnu

		=== g++ tests ===


Running target unix
FAIL: g++.dg/template/typename2.C (test for excess errors)
FAIL: g++.dg/warn/Wunused-2.C  (test for warnings, line 5)
FAIL: g++.dg/gcov/gcov-1.C gcov failed:  94.41% of 143 source lines executed in file /cvs/gcc-cfg-branch/gcc/testsuite/g++.dg/gcov/gcov-1.C
FAIL: g++.brendan/copy9.C caused compiler crash
FAIL: g++.brendan/overload7.C caused compiler crash
FAIL: g++.eh/crash3.C caused compiler crash
FAIL: g++.mike/bool2.C caused compiler crash

		=== g++ Summary ===

# of expected passes		7343
# of unexpected failures	7
# of expected failures		87
# of untested testcases		9
# of unsupported tests		3
/builds/gcc/misc/gcc/testsuite/../g++ version 3.2 20020604 (experimental)

		=== g77 tests ===


Running target unix
FAIL: g77.dg/gcov/gcov-1.f gcov failed:  87.03% of 239 source lines executed in file /cvs/gcc-cfg-branch/gcc/testsuite/g77.dg/gcov/gcov-1.f
FAIL: g77.f-torture/compile/19990305-0.f,  -O0  
FAIL: g77.f-torture/compile/20000629-1.f,  -O0  
FAIL: g77.f-torture/compile/980310-3.f,  -O0  
FAIL: g77.f-torture/compile/980310-4.f,  -O0  
FAIL: g77.f-torture/execute/6367.f execution,  -O0 
FAIL: g77.f-torture/execute/6367.f execution,  -O1 
FAIL: g77.f-torture/execute/6367.f execution,  -O2 
FAIL: g77.f-torture/execute/6367.f execution,  -O3 -fomit-frame-pointer 
FAIL: g77.f-torture/execute/6367.f execution,  -O3 -fomit-frame-pointer -funroll-loops 
FAIL: g77.f-torture/execute/6367.f execution,  -O3 -fomit-frame-pointer -funroll-all-loops -finline-functions 
FAIL: g77.f-torture/execute/6367.f execution,  -O3 -g 
FAIL: g77.f-torture/execute/6367.f execution,  -Os 
FAIL: g77.f-torture/execute/970625-2.f compilation,  -O0 
FAIL: g77.f-torture/execute/971102-1.f compilation,  -O3 -fomit-frame-pointer 
FAIL: g77.f-torture/execute/971102-1.f compilation,  -O3 -fomit-frame-pointer -funroll-loops 
FAIL: g77.f-torture/execute/971102-1.f compilation,  -O3 -fomit-frame-pointer -funroll-all-loops -finline-functions 
FAIL: g77.f-torture/execute/971102-1.f compilation,  -O3 -g 
FAIL: g77.f-torture/execute/dnrm2.f compilation,  -O0 
WARNING: program timed out.
FAIL: g77.f-torture/execute/f90-intrinsic-bit.f compilation,  -Os 

		=== g77 Summary ===

# of expected passes		1615
# of unexpected failures	20
# of untested testcases		7
/builds/gcc/misc/gcc/testsuite/../g77 version 3.2 20020604 (experimental)

		=== gcc tests ===


Running target unix
WARNING: program timed out.
FAIL: gcc.c-torture/compile/20001226-1.c,  -O2  
WARNING: program timed out.
FAIL: gcc.c-torture/compile/20001226-1.c,  -O3 -g  
WARNING: program timed out.
FAIL: gcc.c-torture/compile/20001226-1.c,  -Os  
FAIL: gcc.c-torture/compile/950922-1.c,  -O0  
FAIL: gcc.c-torture/compile/961010-1.c,  -O0  
FAIL: gcc.c-torture/compile/980506-2.c,  -O0  
FAIL: gcc.c-torture/compile/981223-1.c,  -O0  
FAIL: gcc.c-torture/compile/991213-3.c,  -O1  
FAIL: gcc.c-torture/compile/991213-3.c,  -O2  
FAIL: gcc.c-torture/compile/991213-3.c,  -O3 -fomit-frame-pointer  
FAIL: gcc.c-torture/compile/991213-3.c,  -O3 -g  
FAIL: gcc.c-torture/compile/991213-3.c,  -Os  
FAIL: gcc.c-torture/execute/20020402-1.c execution,  -Os 
FAIL: gcc.c-torture/execute/20020412-1.c execution,  -O1 
FAIL: gcc.c-torture/execute/20020412-1.c execution,  -O2 
FAIL: gcc.c-torture/execute/20020412-1.c execution,  -O3 -fomit-frame-pointer 
FAIL: gcc.c-torture/execute/20020412-1.c execution,  -O3 -fomit-frame-pointer -funroll-loops 
FAIL: gcc.c-torture/execute/20020412-1.c execution,  -O3 -fomit-frame-pointer -funroll-all-loops -finline-functions 
FAIL: gcc.c-torture/execute/20020412-1.c execution,  -O3 -g 
FAIL: gcc.c-torture/execute/930513-2.c compilation,  -O1 
UNRESOLVED: gcc.c-torture/execute/930513-2.c execution,  -O1 
FAIL: gcc.c-torture/execute/961017-1.c compilation,  -O1 
UNRESOLVED: gcc.c-torture/execute/961017-1.c execution,  -O1 
FAIL: gcc.c-torture/execute/961017-1.c compilation,  -O2 
UNRESOLVED: gcc.c-torture/execute/961017-1.c execution,  -O2 
FAIL: gcc.c-torture/execute/961017-1.c compilation,  -O3 -fomit-frame-pointer 
UNRESOLVED: gcc.c-torture/execute/961017-1.c execution,  -O3 -fomit-frame-pointer 
FAIL: gcc.c-torture/execute/961017-1.c compilation,  -O3 -fomit-frame-pointer -funroll-loops 
UNRESOLVED: gcc.c-torture/execute/961017-1.c execution,  -O3 -fomit-frame-pointer -funroll-loops 
FAIL: gcc.c-torture/execute/961017-1.c compilation,  -O3 -fomit-frame-pointer -funroll-all-loops -finline-functions 
UNRESOLVED: gcc.c-torture/execute/961017-1.c execution,  -O3 -fomit-frame-pointer -funroll-all-loops -finline-functions 
FAIL: gcc.c-torture/execute/961017-1.c compilation,  -O3 -g 
UNRESOLVED: gcc.c-torture/execute/961017-1.c execution,  -O3 -g 
FAIL: gcc.c-torture/execute/961017-1.c compilation,  -Os 
UNRESOLVED: gcc.c-torture/execute/961017-1.c execution,  -Os 
FAIL: gcc.c-torture/execute/conversion.c compilation,  -O0 
UNRESOLVED: gcc.c-torture/execute/conversion.c execution,  -O0 
FAIL: gcc.c-torture/execute/conversion.c compilation,  -O1 
UNRESOLVED: gcc.c-torture/execute/conversion.c execution,  -O1 
FAIL: gcc.c-torture/execute/conversion.c execution,  -O2 
FAIL: gcc.c-torture/execute/ieee/20001122-1.c compilation,  -O0 
UNRESOLVED: gcc.c-torture/execute/ieee/20001122-1.c execution,  -O0 
FAIL: gcc.c-torture/execute/ieee/920518-1.c compilation,  -O0 
UNRESOLVED: gcc.c-torture/execute/ieee/920518-1.c execution,  -O0 
FAIL: gcc.c-torture/execute/ieee/920810-1.c compilation,  -O0 
UNRESOLVED: gcc.c-torture/execute/ieee/920810-1.c execution,  -O0 
FAIL: gcc.c-torture/execute/ieee/980619-1.c compilation,  -O0 
UNRESOLVED: gcc.c-torture/execute/ieee/980619-1.c execution,  -O0 
FAIL: gcc.c-torture/execute/ieee/fp-cmp-1.c compilation,  -O0 
UNRESOLVED: gcc.c-torture/execute/ieee/fp-cmp-1.c execution,  -O0 
FAIL: gcc.c-torture/execute/ieee/fp-cmp-2.c compilation,  -O0 
UNRESOLVED: gcc.c-torture/execute/ieee/fp-cmp-2.c execution,  -O0 
FAIL: gcc.c-torture/execute/ieee/fp-cmp-3.c compilation,  -O0 
UNRESOLVED: gcc.c-torture/execute/ieee/fp-cmp-3.c execution,  -O0 
FAIL: gcc.c-torture/execute/ieee/mzero2.c compilation,  -O0 
UNRESOLVED: gcc.c-torture/execute/ieee/mzero2.c execution,  -O0 
FAIL: cmdlne-dM-M.c: #define line not printed
FAIL: gcc.dg/debug/debug-1.c scan-assembler xyzzy
FAIL: gcc.dg/debug/debug-1.c scan-assembler xyzzy
FAIL: gcc.dg/debug/debug-1.c scan-assembler xyzzy
FAIL: gcc.dg/debug/debug-1.c scan-assembler xyzzy
FAIL: gcc.dg/debug/debug-1.c scan-assembler xyzzy
FAIL: gcc.dg/debug/debug-1.c scan-assembler xyzzy
FAIL: gcc.dg/debug/debug-1.c scan-assembler xyzzy
FAIL: gcc.dg/debug/debug-1.c scan-assembler xyzzy
FAIL: gcc.dg/debug/debug-1.c scan-assembler xyzzy
FAIL: gcc.dg/debug/debug-1.c scan-assembler xyzzy
FAIL: gcc.dg/debug/debug-2.c scan-assembler xyzzy
FAIL: gcc.dg/debug/debug-2.c scan-assembler xyzzy
FAIL: gcc.dg/debug/debug-2.c scan-assembler xyzzy
FAIL: gcc.dg/debug/debug-2.c scan-assembler xyzzy
FAIL: gcc.dg/debug/debug-2.c scan-assembler xyzzy
FAIL: gcc.dg/debug/debug-2.c scan-assembler xyzzy
FAIL: gcc.dg/debug/debug-2.c scan-assembler xyzzy
FAIL: gcc.dg/debug/debug-2.c scan-assembler xyzzy
FAIL: gcc.dg/debug/debug-2.c scan-assembler xyzzy
FAIL: gcc.dg/debug/debug-2.c scan-assembler xyzzy
FAIL: gcc.dg/i386-387-1.c (test for excess errors)
ERROR: gcc.dg/i386-387-1.c: error executing dg-final: couldn't open "i386-387-1.s": no such file or directory
UNRESOLVED: gcc.dg/i386-387-1.c: error executing dg-final: couldn't open "i386-387-1.s": no such file or directory
FAIL: gcc.dg/i386-mmx-1.c (test for excess errors)
FAIL: gcc.dg/i386-mmx-2.c (test for excess errors)
FAIL: gcc.dg/i386-sse-1.c (test for excess errors)
FAIL: gcc.dg/i386-sse-2.c (test for excess errors)
FAIL: gcc.misc-tests/gcov-4b.c gcov failed:  95.52% of 134 source lines executed in file /cvs/gcc-cfg-branch/gcc/testsuite/gcc.misc-tests/gcov-4b.c
FAIL: gcc.misc-tests/gcov-5b.c gcov failed: 100.00% of 11 source lines executed in file /cvs/gcc-cfg-branch/gcc/testsuite/gcc.misc-tests/gcov-5b.c
FAIL: gcc.misc-tests/gcov-6.c gcov failed: 100.00% of 9 source lines executed in file /cvs/gcc-cfg-branch/gcc/testsuite/gcc.misc-tests/gcov-6.c
FAIL: gcc.misc-tests/gcov-7.c gcov failed:  96.43% of 28 source lines executed in file /cvs/gcc-cfg-branch/gcc/testsuite/gcc.misc-tests/gcov-7.c

		=== gcc Summary ===

# of expected passes		18913
# of unexpected failures	68
# of expected failures		64
# of unresolved testcases	19
# of unsupported tests		54
/builds/gcc/misc/gcc/xgcc version 3.2 20020604 (experimental)

		=== objc tests ===


Running target unix

		=== objc Summary ===

# of expected passes		1035
# of expected failures		6
/builds/gcc/misc/gcc/xgcc version 3.2 20020604 (experimental)

		=== libjava tests ===


Running target unix
FAIL: ArrayClass -O compilation from bytecode
FAIL: PR209 -O compilation from bytecode
FAIL: PR5902 -O compilation from bytecode
XPASS: PR5913 compilation from source
XPASS: PR5913 byte compilation
XPASS: PR5913 -O compilation from source
XPASS: PR5913 byte compilation
FAIL: PR5913 -O compilation from bytecode
FAIL: PR6026 -O compilation from bytecode
FAIL: calls run
WARNING: program timed out.
FAIL: cxxtest run
FAIL: field run
FAIL: final_method run
FAIL: findclass run
FAIL: invoke run
FAIL: martin run
FAIL: noclass run
FAIL: overload run
FAIL: register run
FAIL: simple_int run
FAIL: throwit run
FAIL: virtual run
FAIL: Array_1 -O compilation from bytecode
FAIL: Array_3 -O compilation from bytecode
FAIL: Class_1 -O compilation from bytecode
FAIL: Divide_1 -O compilation from bytecode
FAIL: FileHandleGcTest -O compilation from bytecode
FAIL: II -O compilation from bytecode
FAIL: Invoke_1 -O compilation from bytecode
FAIL: Invoke_2 -O compilation from bytecode
FAIL: Matrix4f -O compilation from bytecode
FAIL: PR141 -O compilation from bytecode
FAIL: PR218 -O compilation from bytecode
FAIL: PR260 -O compilation from bytecode
FAIL: PR3096 -O compilation from bytecode
FAIL: Primes compilation from bytecode
FAIL: Primes -O compilation from bytecode
FAIL: SyncTest -O compilation from bytecode
FAIL: TLtest compilation from source
FAIL: TLtest compilation from bytecode
FAIL: Thread_Interrupt -O compilation from bytecode
FAIL: Thread_Join -O compilation from bytecode
FAIL: Thread_Monitor -O compilation from bytecode
FAIL: Thread_Wait_2 -O compilation from bytecode
FAIL: Thread_Wait_Interrupt -O compilation from bytecode
FAIL: Throw_1 -O compilation from bytecode
FAIL: anon -O compilation from bytecode
FAIL: anon2 -O compilation from bytecode
FAIL: anon4 -O compilation from bytecode
FAIL: anonarray -O compilation from bytecode
FAIL: anonarray2 -O compilation from bytecode
FAIL: anonarray3 -O compilation from bytecode
FAIL: err1 -O compilation from bytecode
FAIL: err12 compilation from source
FAIL: err12 compilation from bytecode
FAIL: err4 compilation from source
FAIL: Throw_2 -O compilation from bytecode
FAIL: final_inner -O compilation from bytecode
FAIL: final_int -O compilation from bytecode
FAIL: final_static_and_friend -O compilation from bytecode
FAIL: inner2 -O compilation from bytecode
FAIL: inner4 -O compilation from bytecode
FAIL: instinit -O compilation from bytecode
FAIL: instinit2 -O compilation from bytecode
FAIL: invoke_from_inner -O compilation from bytecode
FAIL: invokethrow -O compilation from bytecode
FAIL: multiple_finit -O compilation from bytecode
FAIL: nested_with_ctor -O compilation from bytecode
FAIL: pr179 -O compilation from bytecode
FAIL: pr184 -O compilation from bytecode
FAIL: stub -O compilation from bytecode
FAIL: PR6085 -O compilation from bytecode
FAIL: PR6204 -O compilation from bytecode
FAIL: PR6820 -O compilation from bytecode

		=== libjava Summary ===

# of expected passes		1993
# of unexpected failures	70
# of unexpected successes	4
# of expected failures		14
# of untested testcases		125
		=== libstdc++-v3 tests ===


Running target unix
FAIL: 20_util/pairs.cc (test for excess errors)
WARNING: 20_util/pairs.cc compilation failed to produce executable
XPASS: 22_locale/collate_byname.cc execution test
XPASS: 22_locale/collate_members_char.cc execution test
XPASS: 22_locale/collate_members_wchar_t.cc execution test
XPASS: 22_locale/ctype_is_char.cc execution test
XPASS: 22_locale/ctype_is_wchar_t.cc execution test
XPASS: 22_locale/members.cc execution test
FAIL: 22_locale/money_get_members_char.cc (test for excess errors)
WARNING: 22_locale/money_get_members_char.cc compilation failed to produce executable
FAIL: 22_locale/money_get_members_wchar_t.cc (test for excess errors)
WARNING: 22_locale/money_get_members_wchar_t.cc compilation failed to produce executable
FAIL: 22_locale/money_put_members_char.cc (test for excess errors)
WARNING: 22_locale/money_put_members_char.cc compilation failed to produce executable
FAIL: 22_locale/money_put_members_wchar_t.cc (test for excess errors)
WARNING: 22_locale/money_put_members_wchar_t.cc compilation failed to produce executable
XPASS: 22_locale/moneypunct_byname.cc execution test
XPASS: 22_locale/moneypunct_members_char.cc execution test
XPASS: 22_locale/moneypunct_members_wchar_t.cc execution test
FAIL: 22_locale/num_get_members_char.cc (test for excess errors)
WARNING: 22_locale/num_get_members_char.cc compilation failed to produce executable
FAIL: 22_locale/num_get_members_wchar_t.cc (test for excess errors)
WARNING: 22_locale/num_get_members_wchar_t.cc compilation failed to produce executable
FAIL: 22_locale/num_put_members_char.cc (test for excess errors)
WARNING: 22_locale/num_put_members_char.cc compilation failed to produce executable
FAIL: 22_locale/num_put_members_wchar_t.cc (test for excess errors)
WARNING: 22_locale/num_put_members_wchar_t.cc compilation failed to produce executable
XPASS: 22_locale/numpunct_byname.cc execution test
XPASS: 22_locale/numpunct_members_char.cc execution test
XPASS: 22_locale/numpunct_members_wchar_t.cc execution test
XPASS: 22_locale/time_get_members_char.cc execution test
XPASS: 22_locale/time_get_members_wchar_t.cc execution test
XPASS: 22_locale/time_put_members_char.cc execution test
XPASS: 22_locale/time_put_members_wchar_t.cc execution test
FAIL: 26_numerics/c99_classification_macros_c.cc (test for excess errors)
FAIL: 26_numerics/complex_inserters_extractors.cc (test for excess errors)
WARNING: 26_numerics/complex_inserters_extractors.cc compilation failed to produce executable
FAIL: 26_numerics/complex_value.cc (test for excess errors)
WARNING: 26_numerics/complex_value.cc compilation failed to produce executable

		=== libstdc++-v3 Summary ===

# of expected passes		381
# of unexpected failures	12
# of unexpected successes	16
# of expected failures		2

Compiler version: 3.2 20020604 (experimental) 
Platform: i686-pc-linux-gnu
configure flags: --host=i686-pc-linux-gnu --prefix=/opt/gcc/cfg --enable-shared --enable-threads=posix --enable-clocale=gnu --disable-nls --enable-languages=c,c++,f77,java,objc --enable-checking=misc,tree,rtl,gc --with-system-zlib



More information about the Gcc-testresults mailing list