Results for 3.2 20020606 (experimental) testsuite on i486-suse-linux-gnu
Robert Schiele
schiele@pi3.informatik.uni-mannheim.de
Thu Jun 6 20:41:00 GMT 2002
This includes the patch
http://gcc.gnu.org/ml/gcc-patches/2002-05/msg01802.html by Jakub
Jelinek which fixes a bug in a test case I made. My test case is also
included in the mentioned patch.
Robert
LAST_UPDATED: Thu Jun 6 22:17:51 UTC 2002
Native configuration is i486-suse-linux-gnu
=== g++ tests ===
Running target unix
FAIL: g++.dg/template/typename2.C (test for excess errors)
FAIL: g++.dg/warn/Wunused-2.C (test for warnings, line 5)
FAIL: g++.eh/catch4.C (test for excess errors)
FAIL: g++.jason/pmf7.C Execution test
FAIL: g++.jason/template26.C Execution test
=== g++ Summary ===
# of expected passes 7346
# of unexpected failures 5
# of expected failures 88
# of untested testcases 9
# of unsupported tests 3
/local/gccbuild/gcc/testsuite/../g++ version 3.2 20020606 (experimental)
=== g77 tests ===
Running target unix
FAIL: g77.f-torture/execute/6367.f execution, -O0
FAIL: g77.f-torture/execute/6367.f execution, -O1
FAIL: g77.f-torture/execute/6367.f execution, -O2
FAIL: g77.f-torture/execute/6367.f execution, -O3 -fomit-frame-pointer
FAIL: g77.f-torture/execute/6367.f execution, -O3 -fomit-frame-pointer -funroll-loops
FAIL: g77.f-torture/execute/6367.f execution, -O3 -fomit-frame-pointer -funroll-all-loops -finline-functions
FAIL: g77.f-torture/execute/6367.f execution, -O3 -g
FAIL: g77.f-torture/execute/6367.f execution, -Os
=== g77 Summary ===
# of expected passes 1618
# of unexpected failures 8
# of unsupported tests 8
/local/gccbuild/gcc/testsuite/../g77 version 3.2 20020606 (experimental)
=== gcc tests ===
Running target unix
FAIL: gcc.c-torture/execute/20020402-1.c execution, -Os
FAIL: gcc.c-torture/execute/conversion.c execution, -O1
FAIL: gcc.c-torture/execute/conversion.c execution, -O2
FAIL: gcc.c-torture/execute/loop-2e.c execution, -Os
FAIL: cmdlne-dM-M.c: #define line not printed
FAIL: gcc.dg/uninit-A.c uninitialized variable warning (test for bogus messages, line 52)
FAIL: gcc.dg/uninit-A.c uninitialized variable warning (test for bogus messages, line 53)
=== gcc Summary ===
# of expected passes 18996
# of unexpected failures 7
# of expected failures 63
# of unsupported tests 56
/local/gccbuild/gcc/xgcc version 3.2 20020606 (experimental)
=== objc tests ===
Running target unix
=== objc Summary ===
# of expected passes 1035
# of expected failures 6
/local/gccbuild/gcc/xgcc version 3.2 20020606 (experimental)
=== libjava tests ===
Running target unix
FAIL: PR1343 compilation from bytecode
FAIL: PR1343 -O compilation from bytecode
FAIL: calls run
FAIL: field run
FAIL: final_method run
FAIL: findclass run
FAIL: invoke run
FAIL: martin run
FAIL: noclass run
FAIL: overload run
FAIL: register run
FAIL: simple_int run
FAIL: throwit run
FAIL: virtual run
WARNING: program timed out.
FAIL: cxxtest run
FAIL: Divide_1 execution from source compiled test
FAIL: Divide_1 execution from bytecode->native test
FAIL: Divide_1 -O execution from source compiled test
FAIL: Divide_1 -O execution from bytecode->native test
FAIL: Thread_Interrupt -O output from source compiled test
=== libjava Summary ===
# of expected passes 2159
# of unexpected failures 20
# of expected failures 14
# of untested testcases 25
=== libstdc++-v3 tests ===
Running target unix
XPASS: 22_locale/collate_byname.cc execution test
XPASS: 22_locale/collate_members_char.cc execution test
XPASS: 22_locale/collate_members_wchar_t.cc execution test
XPASS: 22_locale/ctype_is_char.cc execution test
XPASS: 22_locale/ctype_is_wchar_t.cc execution test
XPASS: 22_locale/members.cc execution test
XPASS: 22_locale/messages_byname.cc execution test
XPASS: 22_locale/messages_members_char.cc execution test
XPASS: 22_locale/money_get_members_char.cc execution test
XPASS: 22_locale/money_put_members_char.cc execution test
XPASS: 22_locale/moneypunct_byname.cc execution test
XPASS: 22_locale/moneypunct_members_char.cc execution test
XPASS: 22_locale/moneypunct_members_wchar_t.cc execution test
XPASS: 22_locale/num_get_members_char.cc execution test
XPASS: 22_locale/num_get_members_wchar_t.cc execution test
XPASS: 22_locale/num_put_members_char.cc execution test
XPASS: 22_locale/num_put_members_wchar_t.cc execution test
XPASS: 22_locale/numpunct_byname.cc execution test
XPASS: 22_locale/numpunct_members_char.cc execution test
XPASS: 22_locale/numpunct_members_wchar_t.cc execution test
XPASS: 22_locale/time_get_members_char.cc execution test
XPASS: 22_locale/time_get_members_wchar_t.cc execution test
XPASS: 22_locale/time_put_members_char.cc execution test
XPASS: 22_locale/time_put_members_wchar_t.cc execution test
FAIL: 26_numerics/c99_classification_macros_c.cc (test for excess errors)
=== libstdc++-v3 Summary ===
# of expected passes 395
# of unexpected failures 1
# of unexpected successes 24
# of expected failures 2
Compiler version: 3.2 20020606 (experimental)
Platform: i486-suse-linux-gnu
configure flags: --host=i486-suse-linux --enable-threads=posix --prefix=/opt/Pkg/Linux/i686/gcc32 --enable-languages=c,c++,f77,objc,java --with-system-zlib --enable-shared
More information about the Gcc-testresults
mailing list