Results for 3.1 testsuite on i686-pc-linux-gnu
Fred Marton
fred@btgid192.bgi.uni-bayreuth.de
Thu Jun 6 09:36:00 GMT 2002
LAST_UPDATED:
Native configuration is i686-pc-linux-gnu
=== g++ tests ===
Running target unix
=== g++ Summary ===
# of expected passes 7184
# of expected failures 88
# of untested testcases 9
# of unsupported tests 3
/home/fred/new/gcc-3.1/obj/gcc/testsuite/../g++ version 3.1
=== g77 tests ===
Running target unix
=== g77 Summary ===
# of expected passes 1468
/home/fred/new/gcc-3.1/obj/gcc/testsuite/../g77 version 3.1
=== gcc tests ===
Running target unix
FAIL: gcc.c-torture/execute/20020307-2.c execution, -O1
FAIL: gcc.c-torture/execute/20020307-2.c execution, -O2
FAIL: gcc.c-torture/execute/20020307-2.c execution, -O3 -fomit-frame-pointer
FAIL: gcc.c-torture/execute/20020307-2.c execution, -O3 -fomit-frame-pointer -funroll-loops
FAIL: gcc.c-torture/execute/20020307-2.c execution, -O3 -fomit-frame-pointer -funroll-all-loops -finline-functions
FAIL: gcc.c-torture/execute/20020307-2.c execution, -O3 -g
FAIL: gcc.c-torture/execute/20020402-1.c execution, -Os
FAIL: gcc.dg/format/c99-scanf-1.c %hhu sign (test for warnings, line 144)
=== gcc Summary ===
# of expected passes 18404
# of unexpected failures 8
# of expected failures 70
# of unsupported tests 43
/home/fred/new/gcc-3.1/obj/gcc/xgcc version 3.1
=== objc tests ===
Running target unix
=== objc Summary ===
# of expected passes 1036
# of expected failures 6
/home/fred/new/gcc-3.1/obj/gcc/xgcc version 3.1
=== libjava tests ===
Running target unix
ERROR: tcl error sourcing /home/fred/new/gcc-3.1/src/libjava/testsuite/libjava.compile/compile.exp.
ERROR: can't read "x": no such variable
ERROR: No \`main' given in program pr179
UNRESOLVED: pr179 -O compilation from source
ERROR: No \`main' given in program pr179
UNRESOLVED: anfi compilation from source
ERROR: No \`main' given in program anfi
UNRESOLVED: anfi -O compilation from source
ERROR: No \`main' given in program anfi
UNRESOLVED: pr184 compilation from source
ERROR: No \`main' given in program pr184
UNRESOLVED: pr184 -O compilation from source
ERROR: No \`main' given in program pr184
UNRESOLVED: private_direct_read compilation from source
ERROR: No \`main' given in program private_direct_read
UNRESOLVED: private_direct_read -O compilation from source
ERROR: No \`main' given in program private_direct_read
UNRESOLVED: Synch compilation from source
ERROR: No \`main' given in program Synch
UNRESOLVED: Synch -O compilation from source
ERROR: No \`main' given in program Synch
UNRESOLVED: err10 compilation from source
ERROR: No \`main' given in program err10
UNRESOLVED: err10 -O compilation from source
ERROR: No \`main' given in program err10
UNRESOLVED: II compilation from source
ERROR: No \`main' given in program II
UNRESOLVED: II -O compilation from source
ERROR: No \`main' given in program II
UNRESOLVED: err11 compilation from source
ERROR: No \`main' given in program err11
UNRESOLVED: err11 -O compilation from source
ERROR: No \`main' given in program err11
UNRESOLVED: anonarray compilation from source
ERROR: No \`main' given in program anonarray
UNRESOLVED: anonarray -O compilation from source
ERROR: No \`main' given in program anonarray
UNRESOLVED: err12 compilation from source
ERROR: No \`main' given in program err12
UNRESOLVED: err12 -O compilation from source
ERROR: No \`main' given in program err12
UNRESOLVED: err13 compilation from source
ERROR: No \`main' given in program err13
UNRESOLVED: err13 -O compilation from source
ERROR: No \`main' given in program err13
UNRESOLVED: G19990310_01 compilation from source
ERROR: No \`main' given in program G19990310_01
UNRESOLVED: G19990310_01 -O compilation from source
ERROR: No \`main' given in program G19990310_01
UNRESOLVED: Thread_Alive compilation from source
ERROR: tcl error sourcing /home/fred/new/gcc-3.1/src/libjava/testsuite/libjava.lang/lang.exp.
ERROR: can't read "x": no such variable
=== libjava Summary ===
# of expected passes 140
# of expected failures 1
# of unresolved testcases 24
# of untested testcases 4
=== libstdc++-v3 tests ===
Running target unix
XPASS: 22_locale/time_put_members_char.cc execution test
XPASS: 22_locale/time_put_members_wchar_t.cc execution test
FAIL: 26_numerics/c99_classification_macros_c.cc (test for excess errors)
=== libstdc++-v3 Summary ===
# of expected passes 374
# of unexpected failures 1
# of unexpected successes 2
# of expected failures 23
Compiler version: 3.1
Platform: i686-pc-linux-gnu
configure flags: --host=i686-pc-linux-gnu
More information about the Gcc-testresults
mailing list