Results for 3.2 20020605 (experimental) testsuite on sparcv9-sun-solaris2.8
Brad Lucier
lucier@math.purdue.edu
Wed Jun 5 17:54:00 GMT 2002
LAST_UPDATED: Wed Jun 5 17:53:04 UTC 2002
Native configuration is sparcv9-sun-solaris2.8
=== g++ tests ===
Running target unix
FAIL: g++.dg/bprob/bprob-1.C compilation, -O1 -fbranch-probabilities
UNRESOLVED: g++.dg/bprob/bprob-1.C execution, -O1 -fbranch-probabilities
FAIL: g++.dg/parse/stack1.C (test for excess errors)
FAIL: g++.dg/template/typename2.C (test for excess errors)
FAIL: g++.dg/warn/Wunused-2.C (test for warnings, line 5)
FAIL: g++.dg/special/conpr-2.C execution test
FAIL: g++.dg/special/conpr-3.C execution test
FAIL: g++.dg/special/initp1.C execution test
=== g++ Summary ===
# of expected passes 7325
# of unexpected failures 7
# of expected failures 87
# of unresolved testcases 1
# of untested testcases 23
# of unsupported tests 3
/export/u3/lucier/programs/gcc/gcc-3.2/objdir-sparcv9/gcc/testsuite/../g++ version 3.2 20020605 (experimental)
=== g77 tests ===
Running target unix
FAIL: g77.dg/bprob/bprob-1.f execution, -g -fprofile-arcs
UNRESOLVED: g77.dg/bprob/bprob-1.f compilation, -g -fbranch-probabilities
UNRESOLVED: g77.dg/bprob/bprob-1.f execution, -g -fbranch-probabilities
FAIL: g77.dg/bprob/bprob-1.f execution: file bprob-1.da does not exist, -O0 -fprofile-arcs
UNRESOLVED: g77.dg/bprob/bprob-1.f compilation, -O0 -fbranch-probabilities
UNRESOLVED: g77.dg/bprob/bprob-1.f execution, -O0 -fbranch-probabilities
FAIL: g77.dg/bprob/bprob-1.f compilation, -O2 -fprofile-arcs
UNRESOLVED: g77.dg/bprob/bprob-1.f execution, -O2 -fprofile-arcs
UNRESOLVED: g77.dg/bprob/bprob-1.f compilation, -O2 -fbranch-probabilities
UNRESOLVED: g77.dg/bprob/bprob-1.f execution, -O2 -fbranch-probabilities
FAIL: g77.dg/bprob/bprob-1.f compilation, -O3 -g -fprofile-arcs
UNRESOLVED: g77.dg/bprob/bprob-1.f execution, -O3 -g -fprofile-arcs
UNRESOLVED: g77.dg/bprob/bprob-1.f compilation, -O3 -g -fbranch-probabilities
UNRESOLVED: g77.dg/bprob/bprob-1.f execution, -O3 -g -fbranch-probabilities
FAIL: g77.f-torture/execute/6367.f execution, -O0
FAIL: g77.f-torture/execute/6367.f execution, -O1
FAIL: g77.f-torture/execute/6367.f execution, -O2
FAIL: g77.f-torture/execute/6367.f execution, -O3 -fomit-frame-pointer
FAIL: g77.f-torture/execute/6367.f execution, -O3 -fomit-frame-pointer -funroll-loops
FAIL: g77.f-torture/execute/6367.f execution, -O3 -fomit-frame-pointer -funroll-all-loops -finline-functions
FAIL: g77.f-torture/execute/6367.f execution, -O3 -g
FAIL: g77.f-torture/execute/6367.f execution, -Os
=== g77 Summary ===
# of expected passes 1604
# of unexpected failures 12
# of unresolved testcases 10
# of unsupported tests 8
/export/u3/lucier/programs/gcc/gcc-3.2/objdir-sparcv9/gcc/testsuite/../g77 version 3.2 20020605 (experimental)
=== gcc tests ===
Running target unix
FAIL: gcc.c-torture/execute/20000511-1.c compilation, -O1
UNRESOLVED: gcc.c-torture/execute/20000511-1.c execution, -O1
FAIL: gcc.c-torture/execute/20000511-1.c compilation, -O2
UNRESOLVED: gcc.c-torture/execute/20000511-1.c execution, -O2
FAIL: gcc.c-torture/execute/20000511-1.c compilation, -O3 -fomit-frame-pointer
UNRESOLVED: gcc.c-torture/execute/20000511-1.c execution, -O3 -fomit-frame-pointer
FAIL: gcc.c-torture/execute/20000511-1.c compilation, -O3 -g
UNRESOLVED: gcc.c-torture/execute/20000511-1.c execution, -O3 -g
FAIL: gcc.c-torture/execute/20000511-1.c compilation, -Os
UNRESOLVED: gcc.c-torture/execute/20000511-1.c execution, -Os
XPASS: gcc.c-torture/execute/20020227-1.c execution, -O0
XPASS: gcc.c-torture/execute/20020227-1.c execution, -O1
FAIL: cmdlne-dM-M.c: #define line not printed
FAIL: gcc.dg/debug/debug-1.c scan-assembler xyzzy
FAIL: gcc.dg/debug/debug-1.c scan-assembler xyzzy
FAIL: gcc.dg/debug/debug-1.c scan-assembler xyzzy
FAIL: gcc.dg/debug/debug-1.c scan-assembler xyzzy
FAIL: gcc.dg/debug/debug-1.c scan-assembler xyzzy
FAIL: gcc.dg/debug/debug-1.c scan-assembler xyzzy
FAIL: gcc.dg/debug/debug-1.c scan-assembler xyzzy
FAIL: gcc.dg/debug/debug-1.c scan-assembler xyzzy
FAIL: gcc.dg/debug/debug-1.c scan-assembler xyzzy
FAIL: gcc.dg/debug/debug-1.c scan-assembler xyzzy
FAIL: gcc.dg/debug/debug-2.c scan-assembler xyzzy
FAIL: gcc.dg/debug/debug-2.c scan-assembler xyzzy
FAIL: gcc.dg/debug/debug-2.c scan-assembler xyzzy
FAIL: gcc.dg/debug/debug-2.c scan-assembler xyzzy
FAIL: gcc.dg/debug/debug-2.c scan-assembler xyzzy
FAIL: gcc.dg/debug/debug-2.c scan-assembler xyzzy
FAIL: gcc.dg/debug/debug-2.c scan-assembler xyzzy
FAIL: gcc.dg/debug/debug-2.c scan-assembler xyzzy
FAIL: gcc.dg/debug/debug-2.c scan-assembler xyzzy
FAIL: gcc.dg/debug/debug-2.c scan-assembler xyzzy
FAIL: gcc.dg/debug/debug-6.c scan-assembler xyzzy
FAIL: gcc.dg/debug/debug-6.c scan-assembler xyzzy
FAIL: gcc.dg/debug/debug-6.c scan-assembler xyzzy
FAIL: gcc.dg/debug/debug-6.c scan-assembler xyzzy
FAIL: gcc.dg/debug/debug-6.c scan-assembler xyzzy
FAIL: gcc.dg/debug/debug-6.c scan-assembler xyzzy
FAIL: gcc.dg/uninit-A.c uninitialized variable warning (test for bogus messages, line 52)
FAIL: gcc.dg/uninit-A.c uninitialized variable warning (test for bogus messages, line 53)
UNRESOLVED: weak-1.c
UNRESOLVED: weak-2.c
UNRESOLVED: wkali-1.c
UNRESOLVED: wkali-2.c
=== gcc Summary ===
# of expected passes 18800
# of unexpected failures 34
# of unexpected successes 2
# of expected failures 67
# of unresolved testcases 9
# of unsupported tests 120
/export/u3/lucier/programs/gcc/gcc-3.2/objdir-sparcv9/gcc/xgcc version 3.2 20020605 (experimental)
=== objc tests ===
Running target unix
=== objc Summary ===
# of expected passes 1035
# of expected failures 6
/export/u3/lucier/programs/gcc/gcc-3.2/objdir-sparcv9/gcc/xgcc version 3.2 20020605 (experimental)
=== libjava tests ===
Running target unix
FAIL: ArrayClass -O compilation from bytecode
FAIL: PR209 -O compilation from bytecode
FAIL: PR5902 -O compilation from bytecode
FAIL: PR5913 -O compilation from bytecode
FAIL: PR6026 -O compilation from bytecode
FAIL: PR1343 compilation from bytecode
FAIL: PR1343 -O compilation from bytecode
FAIL: Array_1 -O compilation from bytecode
FAIL: Array_3 -O compilation from bytecode
FAIL: Class_1 -O compilation from bytecode
FAIL: Divide_1 -O compilation from bytecode
FAIL: FileHandleGcTest execution from source compiled test
FAIL: FileHandleGcTest execution from bytecode->native test
FAIL: FileHandleGcTest -O execution from source compiled test
FAIL: FileHandleGcTest -O compilation from bytecode
FAIL: II -O compilation from bytecode
FAIL: Invoke_1 -O compilation from bytecode
FAIL: Invoke_2 -O compilation from bytecode
FAIL: Matrix4f -O compilation from bytecode
FAIL: PR141 -O compilation from bytecode
FAIL: PR218 -O compilation from bytecode
FAIL: PR260 -O compilation from bytecode
FAIL: PR3096 -O compilation from bytecode
FAIL: Primes -O compilation from bytecode
FAIL: SyncTest -O compilation from bytecode
FAIL: Thread_Interrupt -O compilation from bytecode
FAIL: Thread_Join -O compilation from bytecode
FAIL: Thread_Monitor -O compilation from bytecode
FAIL: Thread_Wait_2 -O compilation from bytecode
FAIL: Thread_Wait_Interrupt -O compilation from bytecode
FAIL: Throw_1 -O compilation from bytecode
FAIL: anon -O compilation from bytecode
FAIL: anon2 -O compilation from bytecode
FAIL: anon4 -O compilation from bytecode
FAIL: final_static_and_friend -O compilation from bytecode
FAIL: anonarray -O compilation from bytecode
FAIL: anonarray2 -O compilation from bytecode
FAIL: anonarray3 -O compilation from bytecode
FAIL: err1 -O compilation from bytecode
FAIL: final_inner -O compilation from bytecode
FAIL: final_int -O compilation from bytecode
FAIL: inner2 -O compilation from bytecode
FAIL: instinit -O compilation from bytecode
FAIL: instinit2 -O compilation from bytecode
FAIL: invoke_from_inner -O compilation from bytecode
FAIL: invokethrow -O compilation from bytecode
FAIL: multiple_finit -O compilation from bytecode
FAIL: nested_with_ctor -O compilation from bytecode
FAIL: pr179 -O compilation from bytecode
FAIL: pr184 -O compilation from bytecode
FAIL: stub -O compilation from bytecode
FAIL: Throw_2 -O compilation from bytecode
FAIL: PR6085 -O compilation from bytecode
FAIL: PR6204 -O compilation from bytecode
FAIL: PR6820 -O compilation from bytecode
=== libjava Summary ===
# of expected passes 2035
# of unexpected failures 55
# of expected failures 14
# of untested testcases 101
=== libstdc++-v3 tests ===
Running target unix
FAIL: 21_strings/capacity.cc execution test
XPASS: 22_locale/collate_members_wchar_t.cc execution test
XPASS: 22_locale/ctype_is_wchar_t.cc execution test
XPASS: 22_locale/money_get_members_wchar_t.cc execution test
XPASS: 22_locale/money_put_members_wchar_t.cc execution test
XPASS: 22_locale/moneypunct_members_wchar_t.cc execution test
XPASS: 22_locale/num_get_members_wchar_t.cc execution test
XPASS: 22_locale/num_put_members_wchar_t.cc execution test
XPASS: 22_locale/numpunct_members_wchar_t.cc execution test
XPASS: 22_locale/time_get_members_wchar_t.cc execution test
XPASS: 22_locale/time_put_members_wchar_t.cc execution test
FAIL: 27_io/istream_extractor_arith.cc execution test
=== libstdc++-v3 Summary ===
# of expected passes 394
# of unexpected failures 2
# of unexpected successes 10
# of expected failures 16
Compiler version: 3.2 20020605 (experimental)
Platform: sparcv9-sun-solaris2.8
configure flags: --host=sparcv9-sun-solaris2.8 --prefix=/home/c/lucier/local/gcc-test
Counting all warnings,
there are 99 warnings in stage3 of this bootstrap.
Number of warnings per file:
18 gcc/combine.c
17 gcc/gengtype-lex.l
10 gcc/regclass.c
8 gcc/gcc.c
4 gcc/unwind-dw2.c
4 gcc/libgcc2.c
4 gcc/java/lex.c
3 gcc/unroll.c
3 gcc/optabs.c
3 gcc/java/class.c
2 gtype-desc.c
2 gt-except.h
2 gcc/java/javaop.def
2 gcc/gengtype.c
2 gcc/cp/decl.c
2 /pkgs/gnu/share/bison.simple
1 gt-integrate.h
1 gcc/varasm.c
1 gcc/tree.c
1 gcc/sched-deps.c
1 gcc/reload.c
1 gcc/java/jvspec.c
1 gcc/genautomata.c
1 gcc/function.c
1 gcc/f/where.c
1 gcc/except.c
1 gcc/cp/pt.c
1 gcc/cp/lang-specs.h
1 gcc/cfgrtl.c
Number of warning types:
40 comparison between signed and unsigned
19 subscript has type \`char'
8 string length \`???' is greater than the length \`???' ISO C89 compilers are required to support
7 cast from pointer to integer of different size
5 \`???' might be used uninitialized in this function
2 traditional C rejects string concatenation
2 operation on \`???' may be undefined
2 missing braces around initializer
2 implicit declaration of function \`???'
2 comparison is always true due to limited range of data type
2 \`???' defined but not used
2 (near initialization for \`???')
1 unused variable \`???'
1 unused parameter \`???'
1 signed and unsigned type in conditional expression
1 pointer targets in passing arg ??? of \`???' differ in signedness
1 function declaration isn't a prototype
1 comparison is always false due to limited range of data type
More information about the Gcc-testresults
mailing list