Results for 3.2 20020603 (experimental) testsuite on mips-sgi-irix6.5
Billinghurst, David (CRTS)
David.Billinghurst@riotinto.com
Tue Jun 4 17:11:00 GMT 2002
LAST_UPDATED: Tue Jun 04 03:33:47 2002
Native configuration is mips-sgi-irix6.5
=== g77 tests ===
Running target unix
FAIL: g77.f-torture/execute/6367.f execution, -O0
FAIL: g77.f-torture/execute/6367.f execution, -O1
FAIL: g77.f-torture/execute/6367.f execution, -O2
FAIL: g77.f-torture/execute/6367.f execution, -O3 -fomit-frame-pointer
FAIL: g77.f-torture/execute/6367.f execution, -O3 -fomit-frame-pointer -funroll-loops
FAIL: g77.f-torture/execute/6367.f execution, -O3 -fomit-frame-pointer -funroll-all-loops -finline-functions
FAIL: g77.f-torture/execute/6367.f execution, -O3 -g
FAIL: g77.f-torture/execute/6367.f execution, -Os
=== g77 Summary for unix ===
# of expected passes 1618
# of unexpected failures 8
# of unsupported tests 8
Running target unix/-mabi=64
FAIL: g77.f-torture/execute/6367.f execution, -O0
FAIL: g77.f-torture/execute/6367.f execution, -O1
FAIL: g77.f-torture/execute/6367.f execution, -O2
FAIL: g77.f-torture/execute/6367.f execution, -O3 -fomit-frame-pointer
FAIL: g77.f-torture/execute/6367.f execution, -O3 -fomit-frame-pointer -funroll-loops
FAIL: g77.f-torture/execute/6367.f execution, -O3 -fomit-frame-pointer -funroll-all-loops -finline-functions
FAIL: g77.f-torture/execute/6367.f execution, -O3 -g
FAIL: g77.f-torture/execute/6367.f execution, -Os
=== g77 Summary for unix/-mabi=64 ===
# of expected passes 1618
# of unexpected failures 8
# of unsupported tests 8
=== g77 Summary ===
# of expected passes 3236
# of unexpected failures 16
# of unsupported tests 16
/exd4/billingd/obj/gcc/gcc/testsuite/../g77 version 3.2 20020603 (experimental)
=== gcc tests ===
Running target unix
WARNING: program timed out.
FAIL: gcc.c-torture/compile/20001226-1.c, -O2
WARNING: program timed out.
FAIL: gcc.c-torture/compile/20001226-1.c, -O3 -fomit-frame-pointer
WARNING: program timed out.
FAIL: gcc.c-torture/compile/20001226-1.c, -O3 -g
WARNING: program timed out.
FAIL: gcc.c-torture/compile/20001226-1.c, -Os
FAIL: gcc.c-torture/execute/20020412-1.c execution, -O0
FAIL: gcc.c-torture/execute/20020412-1.c execution, -O1
FAIL: gcc.c-torture/execute/20020412-1.c execution, -O2
FAIL: gcc.c-torture/execute/20020412-1.c execution, -O3 -fomit-frame-pointer
FAIL: gcc.c-torture/execute/20020412-1.c execution, -O3 -fomit-frame-pointer -funroll-loops
FAIL: gcc.c-torture/execute/20020412-1.c execution, -O3 -fomit-frame-pointer -funroll-all-loops -finline-functions
FAIL: gcc.c-torture/execute/20020412-1.c execution, -O3 -g
FAIL: gcc.c-torture/execute/20020412-1.c execution, -Os
FAIL: gcc.c-torture/execute/pure-1.c compilation, -O1
UNRESOLVED: gcc.c-torture/execute/pure-1.c execution, -O1
FAIL: gcc.c-torture/execute/pure-1.c compilation, -O2
UNRESOLVED: gcc.c-torture/execute/pure-1.c execution, -O2
FAIL: gcc.c-torture/execute/pure-1.c compilation, -O3 -fomit-frame-pointer
UNRESOLVED: gcc.c-torture/execute/pure-1.c execution, -O3 -fomit-frame-pointer
FAIL: gcc.c-torture/execute/pure-1.c compilation, -O3 -g
UNRESOLVED: gcc.c-torture/execute/pure-1.c execution, -O3 -g
FAIL: gcc.c-torture/execute/pure-1.c compilation, -Os
UNRESOLVED: gcc.c-torture/execute/pure-1.c execution, -Os
FAIL: cmdlne-dM-M.c: #define line not printed
FAIL: gcc.dg/debug/debug-1.c scan-assembler xyzzy
FAIL: gcc.dg/debug/debug-1.c scan-assembler xyzzy
FAIL: gcc.dg/debug/debug-2.c scan-assembler xyzzy
FAIL: gcc.dg/debug/debug-2.c scan-assembler xyzzy
=== gcc Summary for unix ===
# of expected passes 18435
# of unexpected failures 22
# of expected failures 114
# of unresolved testcases 5
# of unsupported tests 129
Running target unix/-mabi=64
WARNING: program timed out.
FAIL: gcc.c-torture/compile/20001226-1.c, -O2
WARNING: program timed out.
FAIL: gcc.c-torture/compile/20001226-1.c, -O3 -fomit-frame-pointer
WARNING: program timed out.
FAIL: gcc.c-torture/compile/20001226-1.c, -O3 -g
WARNING: program timed out.
FAIL: gcc.c-torture/compile/20001226-1.c, -Os
FAIL: gcc.c-torture/execute/20020412-1.c execution, -O0
FAIL: gcc.c-torture/execute/20020412-1.c execution, -O1
FAIL: gcc.c-torture/execute/20020412-1.c execution, -O2
FAIL: gcc.c-torture/execute/20020412-1.c execution, -O3 -fomit-frame-pointer
FAIL: gcc.c-torture/execute/20020412-1.c execution, -O3 -fomit-frame-pointer -funroll-loops
FAIL: gcc.c-torture/execute/20020412-1.c execution, -O3 -fomit-frame-pointer -funroll-all-loops -finline-functions
FAIL: gcc.c-torture/execute/20020412-1.c execution, -O3 -g
FAIL: gcc.c-torture/execute/20020412-1.c execution, -Os
FAIL: gcc.c-torture/execute/builtin-abs-1.c execution, -O0
FAIL: gcc.c-torture/execute/builtin-abs-1.c compilation, -O1
UNRESOLVED: gcc.c-torture/execute/builtin-abs-1.c execution, -O1
FAIL: gcc.c-torture/execute/builtin-abs-1.c compilation, -O2
UNRESOLVED: gcc.c-torture/execute/builtin-abs-1.c execution, -O2
FAIL: gcc.c-torture/execute/builtin-abs-1.c compilation, -O3 -fomit-frame-pointer
UNRESOLVED: gcc.c-torture/execute/builtin-abs-1.c execution, -O3 -fomit-frame-pointer
FAIL: gcc.c-torture/execute/builtin-abs-1.c compilation, -O3 -g
UNRESOLVED: gcc.c-torture/execute/builtin-abs-1.c execution, -O3 -g
FAIL: gcc.c-torture/execute/builtin-abs-1.c compilation, -Os
UNRESOLVED: gcc.c-torture/execute/builtin-abs-1.c execution, -Os
FAIL: gcc.c-torture/execute/pure-1.c compilation, -O1
UNRESOLVED: gcc.c-torture/execute/pure-1.c execution, -O1
FAIL: gcc.c-torture/execute/pure-1.c compilation, -O2
UNRESOLVED: gcc.c-torture/execute/pure-1.c execution, -O2
FAIL: gcc.c-torture/execute/pure-1.c compilation, -O3 -fomit-frame-pointer
UNRESOLVED: gcc.c-torture/execute/pure-1.c execution, -O3 -fomit-frame-pointer
FAIL: gcc.c-torture/execute/pure-1.c compilation, -O3 -g
UNRESOLVED: gcc.c-torture/execute/pure-1.c execution, -O3 -g
FAIL: gcc.c-torture/execute/pure-1.c compilation, -Os
UNRESOLVED: gcc.c-torture/execute/pure-1.c execution, -Os
FAIL: cmdlne-dM-M.c: #define line not printed
FAIL: gcc.dg/debug/debug-1.c scan-assembler xyzzy
FAIL: gcc.dg/debug/debug-1.c scan-assembler xyzzy
FAIL: gcc.dg/debug/debug-2.c scan-assembler xyzzy
FAIL: gcc.dg/debug/debug-2.c scan-assembler xyzzy
FAIL: gcc.dg/c90-intconst-1.c unsigned decimal no suffix (test for warnings, line 432)
FAIL: gcc.dg/c90-intconst-1.c unsigned decimal long suffix (test for warnings, line 433)
FAIL: gcc.dg/c90-intconst-1.c unsigned decimal long suffix (test for warnings, line 434)
FAIL: gcc.dg/c90-intconst-1.c (test for excess errors)
FAIL: gcc.dg/c99-intconst-1.c (test for excess errors)
=== gcc Summary for unix/-mabi=64 ===
# of expected passes 18419
# of unexpected failures 33
# of expected failures 114
# of unresolved testcases 10
# of unsupported tests 129
=== gcc Summary ===
# of expected passes 36854
# of unexpected failures 55
# of expected failures 228
# of unresolved testcases 15
# of unsupported tests 258
/exd4/billingd/obj/gcc/gcc/xgcc version 3.2 20020603 (experimental)
=== g++ tests ===
Running target unix
FAIL: g++.dg/ext/instantiate2.C scan-assembler
FAIL: g++.dg/template/typename2.C (test for excess errors)
FAIL: g++.dg/warn/Wunused-2.C (test for warnings, line 5)
=== g++ Summary for unix ===
# of expected passes 7129
# of unexpected failures 3
# of expected failures 95
# of untested testcases 23
# of unsupported tests 5
Running target unix/-mabi=64
FAIL: g++.dg/ext/instantiate2.C scan-assembler
FAIL: g++.dg/template/typename2.C (test for excess errors)
FAIL: g++.dg/warn/Wunused-2.C (test for warnings, line 5)
FAIL: g++.benjamin/p12475.C (test for warnings, line 14)
FAIL: g++.jason/rfg10.C enum overflow (test for errors, line 9)
FAIL: g++.jason/rfg10.C (test for excess errors)
=== g++ Summary for unix/-mabi=64 ===
# of expected passes 7126
# of unexpected failures 6
# of expected failures 95
# of untested testcases 23
# of unsupported tests 5
=== g++ Summary ===
# of expected passes 14255
# of unexpected failures 9
# of expected failures 190
# of untested testcases 46
# of unsupported tests 10
/exd4/billingd/obj/gcc/gcc/testsuite/../g++ version 3.2 20020603 (experimental)
=== objc tests ===
Running target unix
=== objc Summary for unix ===
# of expected passes 1035
# of expected failures 6
Running target unix/-mabi=64
=== objc Summary for unix/-mabi=64 ===
# of expected passes 1035
# of expected failures 6
=== objc Summary ===
# of expected passes 2070
# of expected failures 12
/exd4/billingd/obj/gcc/gcc/xgcc version 3.2 20020603 (experimental)
=== libjava tests ===
Running target unix
FAIL: ArrayClass -O compilation from bytecode
FAIL: PR209 -O compilation from bytecode
XPASS: PR5913 compilation from source
XPASS: PR5913 byte compilation
XPASS: PR5913 -O compilation from source
XPASS: PR5913 byte compilation
FAIL: PR5913 -O compilation from bytecode
FAIL: PR5902 -O compilation from bytecode
FAIL: PR6026 -O compilation from bytecode
FAIL: PR6085 -O compilation from bytecode
FAIL: TLtest compilation from bytecode
FAIL: TLtest -O compilation from bytecode
FAIL: err1 -O compilation from bytecode
FAIL: Matrix4f -O compilation from bytecode
FAIL: PR6204 -O compilation from bytecode
FAIL: anon4 -O compilation from bytecode
FAIL: stub -O compilation from bytecode
FAIL: SyncTest -O compilation from bytecode
FAIL: pr184 -O compilation from bytecode
FAIL: PR3096 -O compilation from bytecode
FAIL: anon2 -O compilation from bytecode
FAIL: PR141 -O compilation from bytecode
FAIL: Primes -O compilation from bytecode
FAIL: Array_3 -O compilation from bytecode
FAIL: Invoke_2 -O compilation from bytecode
FAIL: instinit2 -O compilation from bytecode
FAIL: invoke_from_inner -O compilation from bytecode
FAIL: PR260 -O compilation from bytecode
FAIL: Throw_2 execution from source compiled test
FAIL: Throw_2 execution from bytecode->native test
FAIL: Throw_2 -O execution from source compiled test
FAIL: Throw_2 -O compilation from bytecode
FAIL: PR6820 -O compilation from bytecode
FAIL: Throw_1 -O compilation from bytecode
FAIL: Array_1 -O compilation from bytecode
FAIL: Thread_Wait_Interrupt -O compilation from bytecode
FAIL: Thread_Interrupt -O compilation from bytecode
FAIL: Class_1 -O compilation from bytecode
FAIL: Invoke_1 -O compilation from bytecode
FAIL: Divide_1 -O compilation from bytecode
FAIL: final_inner -O compilation from bytecode
FAIL: II -O compilation from bytecode
FAIL: FileHandleGcTest execution from source compiled test
FAIL: FileHandleGcTest execution from bytecode->native test
FAIL: FileHandleGcTest -O execution from source compiled test
FAIL: FileHandleGcTest -O compilation from bytecode
FAIL: inner4 -O compilation from bytecode
FAIL: final_int -O compilation from bytecode
FAIL: instinit -O compilation from bytecode
FAIL: anonarray3 -O compilation from bytecode
FAIL: inner2 -O compilation from bytecode
FAIL: PR218 -O compilation from bytecode
FAIL: anonarray2 -O compilation from bytecode
FAIL: multiple_finit -O compilation from bytecode
FAIL: anon -O compilation from bytecode
FAIL: pr179 -O compilation from bytecode
FAIL: final_static_and_friend -O compilation from bytecode
FAIL: Thread_Wait_2 -O compilation from bytecode
FAIL: Thread_Monitor -O compilation from bytecode
FAIL: anonarray -O compilation from bytecode
FAIL: invokethrow execution from source compiled test
FAIL: invokethrow execution from bytecode->native test
FAIL: invokethrow -O execution from source compiled test
FAIL: invokethrow -O compilation from bytecode
FAIL: nested_with_ctor -O compilation from bytecode
FAIL: Thread_Join -O compilation from bytecode
=== libjava Summary ===
# of expected passes 1936
# of unexpected failures 62
# of unexpected successes 4
# of expected failures 14
# of untested testcases 177
=== libstdc++-v3 tests ===
Running target unix
XPASS: 22_locale/collate_members_wchar_t.cc execution test
XPASS: 22_locale/ctype_is_wchar_t.cc execution test
FAIL: 22_locale/money_get_members_char.cc (test for excess errors)
WARNING: 22_locale/money_get_members_char.cc compilation failed to produce executable
XPASS: 22_locale/money_get_members_wchar_t.cc execution test
FAIL: 22_locale/money_put_members_char.cc (test for excess errors)
WARNING: 22_locale/money_put_members_char.cc compilation failed to produce executable
XPASS: 22_locale/money_put_members_wchar_t.cc execution test
XPASS: 22_locale/moneypunct_members_wchar_t.cc execution test
FAIL: 22_locale/num_get_members_char.cc (test for excess errors)
WARNING: 22_locale/num_get_members_char.cc compilation failed to produce executable
XPASS: 22_locale/num_get_members_wchar_t.cc execution test
FAIL: 22_locale/num_put_members_char.cc (test for excess errors)
WARNING: 22_locale/num_put_members_char.cc compilation failed to produce executable
XPASS: 22_locale/num_put_members_wchar_t.cc execution test
XPASS: 22_locale/numpunct_members_wchar_t.cc execution test
XPASS: 22_locale/time_get_members_wchar_t.cc execution test
XPASS: 22_locale/time_put_members_wchar_t.cc execution test
FAIL: 27_io/ios_base_storage.cc execution test
FAIL: 27_io/ostream_inserter_arith.cc execution test
=== libstdc++-v3 Summary ===
# of expected passes 378
# of unexpected failures 6
# of unexpected successes 10
# of expected failures 12
# of unsupported tests 6
=== libjava tests ===
Running target unix/-mabi=64
FAIL: ArrayClass -O compilation from bytecode
FAIL: PR209 -O compilation from bytecode
XPASS: PR5913 compilation from source
XPASS: PR5913 byte compilation
XPASS: PR5913 -O compilation from source
XPASS: PR5913 byte compilation
FAIL: PR5913 -O compilation from bytecode
FAIL: PR5902 -O compilation from bytecode
FAIL: PR6026 -O compilation from bytecode
FAIL: calls output
FAIL: martin output
FAIL: throwit output
FAIL: PR6085 -O compilation from bytecode
FAIL: TLtest compilation from bytecode
FAIL: TLtest -O compilation from bytecode
FAIL: err1 -O compilation from bytecode
FAIL: Matrix4f -O compilation from bytecode
FAIL: PR6204 -O compilation from bytecode
FAIL: anon4 -O compilation from bytecode
FAIL: stub -O compilation from bytecode
FAIL: SyncTest -O compilation from bytecode
FAIL: pr184 -O compilation from bytecode
FAIL: InvokeReturn output from source compiled test
FAIL: InvokeReturn output from bytecode->native test
FAIL: InvokeReturn -O output from source compiled test
FAIL: InvokeReturn -O output from bytecode->native test
FAIL: PR3096 -O compilation from bytecode
FAIL: anon2 -O compilation from bytecode
FAIL: PR141 -O compilation from bytecode
FAIL: Primes -O compilation from bytecode
FAIL: Array_3 -O compilation from bytecode
FAIL: Invoke_2 -O compilation from bytecode
FAIL: instinit2 -O compilation from bytecode
FAIL: invoke_from_inner -O compilation from bytecode
FAIL: PR260 -O compilation from bytecode
FAIL: Throw_2 execution from source compiled test
FAIL: Throw_2 execution from bytecode->native test
FAIL: Throw_2 -O execution from source compiled test
FAIL: Throw_2 -O compilation from bytecode
FAIL: PR6820 -O compilation from bytecode
FAIL: Throw_1 -O compilation from bytecode
FAIL: Array_1 -O compilation from bytecode
FAIL: Thread_Wait_Interrupt -O compilation from bytecode
FAIL: Thread_Interrupt -O compilation from bytecode
FAIL: Class_1 -O compilation from bytecode
FAIL: Invoke_1 -O compilation from bytecode
FAIL: Divide_1 -O compilation from bytecode
FAIL: final_inner -O compilation from bytecode
FAIL: II -O compilation from bytecode
FAIL: FileHandleGcTest execution from source compiled test
FAIL: FileHandleGcTest execution from bytecode->native test
FAIL: FileHandleGcTest -O execution from source compiled test
FAIL: FileHandleGcTest -O compilation from bytecode
FAIL: inner4 -O compilation from bytecode
FAIL: final_int -O compilation from bytecode
FAIL: instinit -O compilation from bytecode
FAIL: anonarray3 -O compilation from bytecode
FAIL: inner2 -O compilation from bytecode
FAIL: PR218 -O compilation from bytecode
FAIL: anonarray2 -O compilation from bytecode
FAIL: multiple_finit -O compilation from bytecode
FAIL: anon -O compilation from bytecode
FAIL: pr179 -O compilation from bytecode
FAIL: final_static_and_friend -O compilation from bytecode
FAIL: Thread_Wait_2 -O compilation from bytecode
FAIL: Thread_Monitor -O compilation from bytecode
FAIL: anonarray -O compilation from bytecode
FAIL: invokethrow output from source compiled test
FAIL: invokethrow output from bytecode->native test
FAIL: invokethrow -O output from source compiled test
FAIL: invokethrow -O compilation from bytecode
FAIL: nested_with_ctor -O compilation from bytecode
FAIL: Thread_Join -O compilation from bytecode
=== libjava Summary ===
# of expected passes 1932
# of unexpected failures 69
# of unexpected successes 4
# of expected failures 14
# of untested testcases 174
=== libstdc++-v3 tests ===
Running target unix/-mabi=64
XPASS: 22_locale/collate_members_wchar_t.cc execution test
XPASS: 22_locale/ctype_is_wchar_t.cc execution test
XPASS: 22_locale/money_get_members_wchar_t.cc execution test
XPASS: 22_locale/money_put_members_wchar_t.cc execution test
XPASS: 22_locale/moneypunct_members_wchar_t.cc execution test
XPASS: 22_locale/num_get_members_wchar_t.cc execution test
XPASS: 22_locale/num_put_members_wchar_t.cc execution test
XPASS: 22_locale/numpunct_members_wchar_t.cc execution test
XPASS: 22_locale/time_get_members_wchar_t.cc execution test
XPASS: 22_locale/time_put_members_wchar_t.cc execution test
FAIL: 27_io/ostream_inserter_arith.cc execution test
=== libstdc++-v3 Summary ===
# of expected passes 383
# of unexpected failures 1
# of unexpected successes 10
# of expected failures 16
# of unsupported tests 6
Compiler version: 3.2 20020603 (experimental)
Platform: mips-sgi-irix6.5
configure flags: --host=mips-sgi-irix6.5 --enable-shared --enable-haifa --enable-libgcj --enable-threads=single --disable-nls --prefix=/exd4/billingd/tmp/gcc
Counting all warnings,
there are 92 warnings in stage3 of this bootstrap.
Number of warnings per file:
20 gcc/combine.c
11 gcc/genautomata.c
11 gcc/config/mips/mips.md
6 gcc/loop.c
5 gcc/gcc.c
4 insn-emit.c
4 insn-attrtab.c
4 gcc/reload.c
3 /usr/local/share/bison/bison.simple
3 gcc/unroll.c
3 gcc/regclass.c
2 gcc/java/lex.c
2 gcc/java/javaop.def
1 gcc/varasm.c
1 gcc/tree.c
1 gcc/rtlanal.c
1 gcc/java/jvspec.c
1 gcc/java/jcf-io.c
1 gcc/f/where.c
1 gcc/flow.c
1 gcc/cp/pt.c
1 gcc/cp/lang-specs.h
1 gcc/cpptrad.c
1 gcc/config/mips/mips.c
1 gcc/cfgrtl.c
1 gcc/builtins.c
1 gcc/alias.c
Number of warning types:
32 comparison between signed and unsigned
13 \`???' might be used uninitialized in this function
7 string length \`???' is greater than the length \`???' ISO C89 compilers are required to support
6 suggest parentheses around && within ||
6 operand 1 missing mode?
5 operand 0 missing mode?
4 \`???' defined but not used
4 traditional C rejects automatic aggregate initialization
3 label \`???' defined but not used
2 operation on \`???' may be undefined
2 comparison is always true due to limited range of data type
1 unused parameter \`???'
1 signed and unsigned type in conditional expression
1 pointer targets in passing arg ??? of \`???' differ in signedness
1 passing arg ??? of \`???' from incompatible pointer type
1 function declaration isn't a prototype
1 empty body in an if-statement
1 comparison is always false due to limited range of data type
1 cast to pointer from integer of different size
More information about the Gcc-testresults
mailing list