Results for 3.2 20020603 (experimental) testsuite on powerpc-unknown-linux-gnu
Mark Wielaard
mark@wildebeest.org
Tue Jun 4 07:20:00 GMT 2002
Debian GNU/Linux 3.0
Linux 2.4.18-powerpc
binutils Version: 2.12.90.0.1-4
glibc Version: 2.2.5-6
Test results for libjava include the results of the Mauve testsuite
(see http://sources.redhat.com/mauve/)
LAST_UPDATED: Tue Jun 4 07:16:20 UTC 2002
Native configuration is powerpc-unknown-linux-gnu
=== g++ tests ===
Running target unix
FAIL: g++.dg/template/typename2.C (test for excess errors)
FAIL: g++.dg/warn/Wunused-2.C (test for warnings, line 5)
=== g++ Summary ===
# of expected passes 7324
# of unexpected failures 2
# of expected failures 87
# of untested testcases 23
# of unsupported tests 5
/home/mark/src/gcc32/obj/gcc/testsuite/../g++ version 3.2 20020603 (experimental)
=== gcc tests ===
Running target unix
FAIL: cmdlne-dM-M.c: #define line not printed
FAIL: gcc.dg/debug/debug-1.c scan-assembler xyzzy
FAIL: gcc.dg/debug/debug-1.c scan-assembler xyzzy
FAIL: gcc.dg/debug/debug-1.c scan-assembler xyzzy
FAIL: gcc.dg/debug/debug-1.c scan-assembler xyzzy
FAIL: gcc.dg/debug/debug-1.c scan-assembler xyzzy
FAIL: gcc.dg/debug/debug-1.c scan-assembler xyzzy
FAIL: gcc.dg/debug/debug-1.c scan-assembler xyzzy
FAIL: gcc.dg/debug/debug-1.c scan-assembler xyzzy
FAIL: gcc.dg/debug/debug-1.c scan-assembler xyzzy
FAIL: gcc.dg/debug/debug-1.c scan-assembler xyzzy
FAIL: gcc.dg/debug/debug-2.c scan-assembler xyzzy
FAIL: gcc.dg/debug/debug-2.c scan-assembler xyzzy
FAIL: gcc.dg/debug/debug-2.c scan-assembler xyzzy
FAIL: gcc.dg/debug/debug-2.c scan-assembler xyzzy
FAIL: gcc.dg/debug/debug-2.c scan-assembler xyzzy
FAIL: gcc.dg/debug/debug-2.c scan-assembler xyzzy
FAIL: gcc.dg/debug/debug-2.c scan-assembler xyzzy
FAIL: gcc.dg/debug/debug-2.c scan-assembler xyzzy
FAIL: gcc.dg/debug/debug-2.c scan-assembler xyzzy
FAIL: gcc.dg/debug/debug-2.c scan-assembler xyzzy
FAIL: gcc.dg/20020103-1.c scan-assembler-not LC
FAIL: gcc.dg/20020118-1.c execution test
FAIL: gcc.dg/altivec-5.c (test for excess errors)
FAIL: gcc.dg/uninit-A.c uninitialized variable warning (test for bogus messages, line 52)
FAIL: gcc.dg/uninit-A.c uninitialized variable warning (test for bogus messages, line 53)
=== gcc Summary ===
# of expected passes 18833
# of unexpected failures 26
# of expected failures 63
# of unsupported tests 112
/home/mark/src/gcc32/obj/gcc/xgcc version 3.2 20020603 (experimental)
=== libjava tests ===
Running target unix
FAIL: ArrayClass -O compilation from bytecode
FAIL: PR209 -O compilation from bytecode
FAIL: PR5902 -O compilation from bytecode
XPASS: PR5913 compilation from source
XPASS: PR5913 byte compilation
XPASS: PR5913 -O compilation from source
XPASS: PR5913 byte compilation
FAIL: PR5913 -O compilation from bytecode
FAIL: PR6026 -O compilation from bytecode
FAIL: calls run
WARNING: program timed out.
FAIL: cxxtest run
FAIL: field run
FAIL: final_method run
FAIL: findclass run
FAIL: invoke run
FAIL: martin run
FAIL: noclass run
FAIL: overload run
FAIL: register run
FAIL: simple_int run
FAIL: throwit run
FAIL: virtual run
FAIL: Array_1 -O compilation from bytecode
FAIL: Array_3 execution from source compiled test
FAIL: Array_3 execution from bytecode->native test
FAIL: Array_3 -O execution from source compiled test
FAIL: Array_3 -O compilation from bytecode
FAIL: Class_1 -O compilation from bytecode
FAIL: Divide_1 -O compilation from bytecode
FAIL: FileHandleGcTest -O compilation from bytecode
FAIL: II -O compilation from bytecode
FAIL: Invoke_1 -O compilation from bytecode
FAIL: Invoke_2 -O compilation from bytecode
FAIL: Matrix4f -O compilation from bytecode
FAIL: PR141 -O compilation from bytecode
FAIL: PR218 -O compilation from bytecode
FAIL: PR260 -O compilation from bytecode
FAIL: PR3096 -O compilation from bytecode
FAIL: Primes -O compilation from bytecode
FAIL: SyncTest -O compilation from bytecode
FAIL: Thread_Interrupt -O compilation from bytecode
FAIL: Thread_Join -O compilation from bytecode
FAIL: Thread_Monitor -O compilation from bytecode
FAIL: Thread_Wait_2 -O compilation from bytecode
FAIL: Thread_Wait_Interrupt -O compilation from bytecode
FAIL: Throw_1 -O compilation from bytecode
FAIL: anon -O compilation from bytecode
FAIL: anon2 -O compilation from bytecode
FAIL: anon4 -O compilation from bytecode
FAIL: anonarray -O compilation from bytecode
FAIL: anonarray2 -O compilation from bytecode
FAIL: anonarray3 -O compilation from bytecode
FAIL: err1 -O compilation from bytecode
FAIL: final_inner -O compilation from bytecode
FAIL: final_int -O compilation from bytecode
FAIL: final_static_and_friend -O compilation from bytecode
FAIL: inner2 -O compilation from bytecode
FAIL: instinit -O compilation from bytecode
FAIL: instinit2 -O compilation from bytecode
FAIL: invoke_from_inner -O compilation from bytecode
FAIL: invokethrow -O compilation from bytecode
FAIL: multiple_finit -O compilation from bytecode
FAIL: nested_with_ctor -O compilation from bytecode
FAIL: pr179 -O compilation from bytecode
FAIL: pr184 -O compilation from bytecode
FAIL: stub -O compilation from bytecode
FAIL: Throw_2 -O compilation from bytecode
FAIL: PR6085 -O compilation from bytecode
FAIL: PR6204 -O compilation from bytecode
FAIL: PR6820 -O compilation from bytecode
FAIL: gnu.testlet.java.lang.Integer.IntegerTest: Error: test_Basics failed - 1 (number 1)
FAIL: gnu.testlet.java.lang.Integer.getInteger (number 12)
FAIL: gnu.testlet.java.lang.Integer.getInteger (number 17)
FAIL: gnu.testlet.java.lang.Integer.getInteger: uncaught exception at number 18: java.lang.IllegalArgumentException: key can't be empty
FAIL: gnu.testlet.java.lang.Integer.new_Integer: decode (number 6)
FAIL: gnu.testlet.java.lang.Integer.new_Integer: uncaught exception at "decode" number 11: java.lang.NumberFormatException
FAIL: gnu.testlet.java.lang.Long.LongTest: getLong (number 1)
FAIL: gnu.testlet.java.lang.Long.LongTest: getLong (number 2)
FAIL: gnu.testlet.java.lang.Long.LongTest: getLong (number 3)
FAIL: gnu.testlet.java.lang.Long.LongTest: getLong (number 4)
FAIL: gnu.testlet.java.lang.Long.LongTest: getLong (number 5)
FAIL: gnu.testlet.java.lang.Long.LongTest: getLong (number 6)
FAIL: gnu.testlet.java.lang.Long.getLong (number 1)
FAIL: gnu.testlet.java.lang.Long.getLong (number 2)
FAIL: gnu.testlet.java.lang.Long.getLong (number 4)
FAIL: gnu.testlet.java.lang.Long.getLong (number 6)
FAIL: gnu.testlet.java.lang.Long.getLong (number 7)
FAIL: gnu.testlet.java.lang.Long.getLong (number 8)
FAIL: Compile gnu/testlet/java/lang/Math/min.o for gnu.testlet.java.lang.Math.min
=== libjava Summary ===
# of expected passes 8504
# of unexpected failures 85
# of unexpected successes 4
# of expected failures 78
# of untested testcases 114
=== libstdc++-v3 tests ===
Running target unix
FAIL: 22_locale/codecvt_members_char_char.cc execution test
FAIL: 22_locale/codecvt_members_wchar_t_char.cc execution test
FAIL: 22_locale/ctor_copy_dtor.cc execution test
FAIL: 22_locale/ctype_to_char.cc execution test
FAIL: 22_locale/ctype_to_wchar_t.cc execution test
FAIL: 22_locale/money_get_members_char.cc (test for excess errors)
WARNING: 22_locale/money_get_members_char.cc compilation failed to produce executable
FAIL: 22_locale/money_get_members_wchar_t.cc (test for excess errors)
WARNING: 22_locale/money_get_members_wchar_t.cc compilation failed to produce executable
FAIL: 22_locale/money_put_members_char.cc (test for excess errors)
WARNING: 22_locale/money_put_members_char.cc compilation failed to produce executable
FAIL: 22_locale/money_put_members_wchar_t.cc (test for excess errors)
WARNING: 22_locale/money_put_members_wchar_t.cc compilation failed to produce executable
FAIL: 22_locale/num_get_members_char.cc (test for excess errors)
WARNING: 22_locale/num_get_members_char.cc compilation failed to produce executable
FAIL: 22_locale/num_get_members_wchar_t.cc (test for excess errors)
WARNING: 22_locale/num_get_members_wchar_t.cc compilation failed to produce executable
FAIL: 22_locale/num_put_members_char.cc (test for excess errors)
WARNING: 22_locale/num_put_members_char.cc compilation failed to produce executable
FAIL: 22_locale/num_put_members_wchar_t.cc (test for excess errors)
WARNING: 22_locale/num_put_members_wchar_t.cc compilation failed to produce executable
FAIL: 26_numerics/c99_classification_macros_c.cc (test for excess errors)
FAIL: 27_io/ostream_inserter_arith.cc execution test
WARNING: program timed out.
FAIL: thread/pthread4.cc execution test
=== libstdc++-v3 Summary ===
# of expected passes 380
# of unexpected failures 16
# of expected failures 18
Compiler version: 3.2 20020603 (experimental)
Platform: powerpc-unknown-linux-gnu
configure flags: --host=powerpc-unknown-linux-gnu --enable-clocale=gnu --enable-shared --enable-threads=posix --enable-languages=c++,java --disable-multilib --prefix=/usr/local/gcc32
time make
real 10186.39
user 7992.79
sys 1819.82
time check
Command exited with non-zero status 2
real 14071.74
user 9495.46
sys 3604.82
More information about the Gcc-testresults
mailing list