Results for 3.1.1 20020527 (prerelease) testsuite on powerpc-ibm-aix4.1.5.0

Alexandre Oliva oliva@lsd.ic.unicamp.br
Sun Jun 2 15:17:00 GMT 2002


Native configuration is powerpc-ibm-aix4.1.5.0

		=== binutils tests ===


Running target unix
FAIL: strip with saving a symbol
FAIL: run stripped executable with saving a symbol

		=== binutils Summary ===

# of expected passes		21
# of unexpected failures	2
# of expected failures		3
		=== g++ tests ===


Running target unix
FAIL: g++.dg/debug/trivial.C execution test
FAIL: g++.dg/debug/trivial.C execution test
FAIL: g++.dg/debug/trivial.C execution test
FAIL: g++.dg/debug/trivial.C execution test
FAIL: g++.dg/debug/trivial.C execution test
FAIL: g++.dg/debug/trivial.C execution test
FAIL: g++.dg/debug/trivial.C execution test
FAIL: g++.dg/debug/trivial.C execution test
FAIL: g++.dg/debug/trivial.C execution test
FAIL: g++.dg/debug/trivial.C execution test
FAIL: g++.dg/debug/trivial.C execution test
FAIL: g++.dg/debug/trivial.C execution test
FAIL: g++.dg/debug/trivial.C execution test
FAIL: g++.dg/debug/trivial.C execution test
FAIL: g++.dg/debug/trivial.C execution test
FAIL: g++.dg/debug/trivial.C execution test
FAIL: g++.dg/debug/trivial.C execution test
FAIL: g++.dg/debug/trivial.C execution test
FAIL: g++.dg/abi/bitfield1.C execution test
FAIL: g++.dg/abi/bitfield2.C execution test
FAIL: g++.dg/abi/empty4.C execution test
FAIL: g++.dg/abi/enum1.C execution test
FAIL: g++.dg/abi/mangle2.C execution test
FAIL: g++.dg/abi/offsetof.C execution test
FAIL: g++.dg/abi/vbase8-10.C (test for excess errors)
FAIL: g++.dg/abi/vbase8-21.C (test for excess errors)
FAIL: g++.dg/abi/vbase8-22.C (test for excess errors)
FAIL: g++.dg/abi/vbase8-4.C (test for excess errors)
FAIL: g++.dg/abi/vthunk1.C (test for excess errors)
FAIL: g++.dg/eh/ctor1.C (test for excess errors)
FAIL: g++.dg/eh/dtor1.C (test for excess errors)
FAIL: g++.dg/eh/filter1.C (test for excess errors)
FAIL: g++.dg/eh/filter2.C (test for excess errors)
FAIL: g++.dg/eh/loop1.C (test for excess errors)
FAIL: g++.dg/eh/omit-frame-pointer.C (test for excess errors)
FAIL: g++.dg/eh/registers1.C (test for excess errors)
FAIL: g++.dg/eh/template1.C (test for excess errors)
FAIL: g++.dg/eh/unexpected1.C (test for excess errors)
FAIL: g++.dg/ext/attrib3.C execution test
FAIL: g++.dg/inherit/null1.C execution test
FAIL: g++.dg/init/array1.C execution test
FAIL: g++.dg/init/dtor1.C (test for excess errors)
FAIL: g++.dg/init/elide1.C execution test
FAIL: g++.dg/init/empty1.C execution test
FAIL: g++.dg/init/init-ref1.C execution test
FAIL: g++.dg/init/init-ref2.C execution test
FAIL: g++.dg/init/pm1.C execution test
FAIL: g++.dg/opt/alias1.C execution test
FAIL: g++.dg/opt/alias2.C execution test
FAIL: g++.dg/opt/cleanup1.C (test for excess errors)
FAIL: g++.dg/opt/const1.C execution test
FAIL: g++.dg/opt/dtor1.C execution test
FAIL: g++.dg/opt/longbranch1.C (test for excess errors)
FAIL: g++.dg/opt/nrv1.C execution test
FAIL: g++.dg/opt/nrv2.C execution test
FAIL: g++.dg/opt/preinc1.C (test for excess errors)
FAIL: g++.dg/opt/ptrintsum1.C execution test
FAIL: g++.dg/opt/reg-stack.C (test for excess errors)
FAIL: g++.dg/opt/thunk1.C (test for excess errors)
FAIL: g++.dg/other/copy1.C execution test
FAIL: g++.dg/other/init2.C execution test
FAIL: g++.dg/other/ptrmem1.C execution test
FAIL: g++.dg/other/stdarg1.C execution test
FAIL: g++.dg/template/friend.C (test for excess errors)
FAIL: g++.dg/template/qualttp16.C execution test
FAIL: g++.dg/template/vtable1.C (test for excess errors)
FAIL: g++.dg/special/conpr-1.C execution test
FAIL: g++.dg/special/conpr-2.C execution test
FAIL: g++.dg/special/conpr-3.C execution test
FAIL: g++.dg/special/conpr-3.C execution test
FAIL: g++.dg/special/initp1.C execution test
FAIL: g++.abi/arraynew.C (test for excess errors)
FAIL: g++.abi/cxa_vec.C (test for excess errors)
FAIL: g++.abi/empty.C  Execution test
FAIL: g++.abi/layout1.C  Execution test
FAIL: g++.abi/primary.C (test for excess errors)
FAIL: g++.abi/primary2.C (test for excess errors)
FAIL: g++.abi/primary3.C (test for excess errors)
FAIL: g++.abi/primary4.C (test for excess errors)
FAIL: g++.abi/primary5.C (test for excess errors)
FAIL: g++.abi/ptrflags.C (test for excess errors)
FAIL: g++.abi/ptrmem.C (test for excess errors)
FAIL: g++.abi/vbase1.C (test for excess errors)
FAIL: g++.abi/vbase2.C (test for excess errors)
FAIL: g++.abi/vbase3.C (test for excess errors)
FAIL: g++.abi/vbase4.C (test for excess errors)
FAIL: g++.abi/vbase7.C (test for excess errors)
FAIL: g++.abi/vbase8-5.C (test for excess errors)
FAIL: g++.abi/vbase8-9.C (test for excess errors)
FAIL: g++.abi/vmihint.C (test for excess errors)
FAIL: g++.abi/vtable.C (test for excess errors)
FAIL: g++.abi/vtable2.C (test for excess errors)
FAIL: g++.abi/vtable3a.C (test for excess errors)
FAIL: g++.abi/vtable3b.C (test for excess errors)
FAIL: g++.abi/vtable3c.C (test for excess errors)
FAIL: g++.abi/vtable3d.C (test for excess errors)
FAIL: g++.abi/vtable3e.C (test for excess errors)
FAIL: g++.abi/vtable3f.C (test for excess errors)
FAIL: g++.abi/vtable3g.C (test for excess errors)
FAIL: g++.abi/vtable3h.C (test for excess errors)
FAIL: g++.abi/vtable3i.C (test for excess errors)
FAIL: g++.abi/vtable3j.C (test for excess errors)
FAIL: g++.benjamin/14687.C  Execution test
FAIL: g++.benjamin/15071.C (test for excess errors)
FAIL: g++.benjamin/15351-1.C  Execution test
FAIL: g++.benjamin/15351-2.C  Execution test
FAIL: g++.benjamin/15822.C  Execution test
FAIL: g++.benjamin/bool01.C  Execution test
FAIL: g++.benjamin/bool02.C  Execution test
FAIL: g++.benjamin/tem06.C  Execution test
FAIL: g++.benjamin/tem07.C  Execution test
FAIL: g++.benjamin/typeid01.C (test for excess errors)
FAIL: g++.bob/delete1.C  Execution test
FAIL: g++.bob/packed1.C  Execution test
FAIL: g++.bob/template4.C  Execution test
FAIL: g++.brendan/code-gen1.C  Execution test
FAIL: g++.brendan/code-gen2.C  Execution test
FAIL: g++.brendan/code-gen3.C  Execution test
FAIL: g++.brendan/code-gen4.C  Execution test
FAIL: g++.brendan/code-gen6.C  Execution test
FAIL: g++.brendan/complex1.C  Execution test
FAIL: g++.brendan/copy1.C  Execution test
FAIL: g++.brendan/copy2.C  Execution test
FAIL: g++.brendan/copy3.C  Execution test
FAIL: g++.brendan/copy4.C  Execution test
FAIL: g++.brendan/copy5.C (test for excess errors)
FAIL: g++.brendan/copy6.C  Execution test
FAIL: g++.brendan/copy7.C  Execution test
FAIL: g++.brendan/copy8.C  Execution test
FAIL: g++.brendan/copy9.C (test for excess errors)
FAIL: g++.brendan/crash11.C (test for excess errors)
FAIL: g++.brendan/crash15.C (test for excess errors)
FAIL: g++.brendan/crash20.C (test for excess errors)
FAIL: g++.brendan/crash30.C (test for excess errors)
FAIL: g++.brendan/crash38.C (test for excess errors)
FAIL: g++.brendan/crash49.C (test for excess errors)
FAIL: g++.brendan/crash62.C (test for excess errors)
FAIL: g++.brendan/ctors1.C  Execution test
FAIL: g++.brendan/ctors2.C  Execution test
FAIL: g++.brendan/cvt1.C (test for excess errors)
FAIL: g++.brendan/delete2.C  Execution test
FAIL: g++.brendan/dtors1.C  Execution test
FAIL: g++.brendan/dtors2.C (test for excess errors)
FAIL: g++.brendan/dtors3.C (test for excess errors)
FAIL: g++.brendan/eh1.C (test for excess errors)
FAIL: g++.brendan/err-msg3.C (test for excess errors)
FAIL: g++.brendan/groff1.C  Execution test
FAIL: g++.brendan/init3.C  Execution test
FAIL: g++.brendan/misc7.C  Execution test
FAIL: g++.brendan/nest21.C (test for excess errors)
FAIL: g++.brendan/new2.C  Execution test
FAIL: g++.brendan/new3.C  Execution test
FAIL: g++.brendan/operators5.C  Execution test
FAIL: g++.brendan/overload2.C (test for excess errors)
FAIL: g++.brendan/overload7.C  Execution test
FAIL: g++.brendan/ptolemy2.C (test for excess errors)
FAIL: g++.brendan/redecl2.C  Execution test
FAIL: g++.brendan/reference1.C  Execution test
FAIL: g++.brendan/sizeof5.C  Execution test
FAIL: g++.brendan/template22.C  Execution test
FAIL: g++.brendan/template24.C  Execution test
FAIL: g++.brendan/template3.C  Execution test
FAIL: g++.brendan/vtables1.C (test for excess errors)
FAIL: g++.bugs/891230_01.C  Execution test
FAIL: g++.bugs/900107_01.C  Execution test
FAIL: g++.bugs/900207_03.C (test for excess errors)
FAIL: g++.bugs/900208_02.C  Execution test
FAIL: g++.bugs/900212_03.C  Execution test
FAIL: g++.bugs/900220_01.C  Execution test
FAIL: g++.bugs/900220_02.C  Execution test
FAIL: g++.bugs/900220_03.C  Execution test
FAIL: g++.bugs/900321_02.C  Execution test
FAIL: g++.bugs/900321_04.C  Execution test
FAIL: g++.bugs/900321_05.C  Execution test
FAIL: g++.bugs/900324_03.C  Execution test
FAIL: g++.bugs/900324_06.C  Execution test
FAIL: g++.bugs/900331_02.C  Execution test
FAIL: g++.bugs/900331_03.C (test for excess errors)
FAIL: g++.bugs/900331_04.C  Execution test
FAIL: g++.bugs/900406_02.C (syntax) Execution test
FAIL: g++.bugs/900428_02.C  (test for errors, line 26)
FAIL: g++.bugs/900428_02.C (test for excess errors)
FAIL: g++.bugs/900511_01.C  Execution test
FAIL: g++.bugs/900519_02.C  (test for errors, line 29)
FAIL: g++.bugs/900519_04.C  Execution test
FAIL: g++.bugs/900519_05.C  Execution test
FAIL: g++.bugs/900520_04.C  Execution test
FAIL: g++.bugs/900520_05.C  Execution test
FAIL: g++.bugs/900520_06.C  Execution test
FAIL: g++.eh/badalloc1.C (test for excess errors)
FAIL: g++.eh/catch11.C (test for excess errors)
FAIL: g++.eh/catch12.C (test for excess errors)
FAIL: g++.eh/catch3.C (test for excess errors)
FAIL: g++.eh/catch3p.C (test for excess errors)
FAIL: g++.eh/catch4.C (test for excess errors)
FAIL: g++.eh/catch4p.C (test for excess errors)
FAIL: g++.eh/catch5.C (test for excess errors)
FAIL: g++.eh/catch5p.C (test for excess errors)
FAIL: g++.eh/catch6.C (test for excess errors)
FAIL: g++.eh/catch6p.C (test for excess errors)
FAIL: g++.eh/catch7.C (test for excess errors)
FAIL: g++.eh/catch7p.C (test for excess errors)
FAIL: g++.eh/catch8.C (test for excess errors)
FAIL: g++.eh/catch8p.C (test for excess errors)
FAIL: g++.eh/catch9.C (test for excess errors)
FAIL: g++.eh/catch9p.C (test for excess errors)
FAIL: g++.eh/catchptr1.C (test for excess errors)
FAIL: g++.eh/cleanup1.C (test for excess errors)
FAIL: g++.eh/cleanup2.C (test for excess errors)
FAIL: g++.eh/flow1.C (test for excess errors)
FAIL: g++.eh/fntry1.C (test for excess errors)
FAIL: g++.eh/ia64-1.C (test for excess errors)
FAIL: g++.eh/inline2.C (test for excess errors)
FAIL: g++.eh/new1.C (test for excess errors)
FAIL: g++.eh/new2.C (test for excess errors)
FAIL: g++.eh/pdel1.C (test for excess errors)
FAIL: g++.eh/pdel2.C (test for excess errors)
FAIL: g++.eh/ptr1.C (test for excess errors)
FAIL: g++.eh/ptrmem1.C (test for excess errors)
FAIL: g++.eh/rethrow1.C (test for excess errors)
FAIL: g++.eh/rethrow2.C (test for excess errors)
FAIL: g++.eh/rethrow3.C (test for excess errors)
FAIL: g++.eh/rethrow4.C (test for excess errors)
FAIL: g++.eh/rethrow5.C (test for excess errors)
FAIL: g++.eh/rethrow6.C (test for excess errors)
FAIL: g++.eh/spec1.C (test for excess errors)
FAIL: g++.eh/spec2.C (test for excess errors)
FAIL: g++.eh/spec3.C (test for excess errors)
FAIL: g++.eh/spec4.C (test for excess errors)
FAIL: g++.eh/spec7.C  Execution test
FAIL: g++.eh/terminate1.C (test for excess errors)
FAIL: g++.eh/terminate2.C (test for excess errors)
FAIL: g++.eh/tmpl1.C (test for excess errors)
FAIL: g++.eh/unwind1.C (test for excess errors)
FAIL: g++.eh/vbase1.C (test for excess errors)
FAIL: g++.eh/vbase2.C (test for excess errors)
FAIL: g++.eh/vbase4.C (test for excess errors)
FAIL: g++.ext/addrfunc2.C  Execution test
FAIL: g++.ext/addrfunc3.C  Execution test
FAIL: g++.ext/addrfunc4.C  Execution test
FAIL: g++.ext/anon1.C  Execution test
FAIL: g++.ext/attrib5.C  Execution test
FAIL: g++.ext/constructor.C  Execution test
FAIL: g++.ext/default.C  Execution test
FAIL: g++.ext/delvoid.C  Execution test
FAIL: g++.ext/jump1.C  Execution test
FAIL: g++.ext/label1.C  Execution test
FAIL: g++.ext/label2.C  Execution test
FAIL: g++.ext/namedret1.C  Execution test
FAIL: g++.ext/namedret3.C  Execution test
FAIL: g++.ext/noweak1.C  Execution test
FAIL: g++.ext/null1.C  Execution test
FAIL: g++.ext/pretty2.C  Execution test
FAIL: g++.ext/pretty3.C  Execution test
FAIL: g++.ext/pretty4.C  Execution test
FAIL: g++.ext/return1.C  Execution test
FAIL: g++.ext/typename1.C  Execution test
FAIL: g++.jason/2371.C (test for excess errors)
FAIL: g++.jason/access18.C private dtor (test for errors, line 16)
FAIL: g++.jason/aggregate.C  Execution test
FAIL: g++.jason/anon.C  Execution test
FAIL: g++.jason/bool2.C  Execution test
FAIL: g++.jason/bool4.C  Execution test
FAIL: g++.jason/bool5.C  Execution test
FAIL: g++.jason/byval.C  Execution test
FAIL: g++.jason/cleanup.C  Execution test
FAIL: g++.jason/cond2.C  Execution test
FAIL: g++.jason/const.C  Execution test
FAIL: g++.jason/const2.C  Execution test
FAIL: g++.jason/const3.C  Execution test
FAIL: g++.jason/conversion6.C  Execution test
FAIL: g++.jason/conversion7.C  Execution test
FAIL: g++.jason/conversion8.C  Execution test
FAIL: g++.jason/conversion9.C  Execution test
FAIL: g++.jason/ctor1.C  Execution test
FAIL: g++.jason/dcast2.C (test for excess errors)
FAIL: g++.jason/dcast3.C (test for excess errors)
FAIL: g++.jason/defctor.C  Execution test
FAIL: g++.jason/dtor2.C  Execution test
FAIL: g++.jason/dtor5.C  Execution test
FAIL: g++.jason/enum5.C  Execution test
FAIL: g++.jason/enum6.C  Execution test
FAIL: g++.jason/enum8.C  Execution test
FAIL: g++.jason/friend.C  Execution test
FAIL: g++.jason/groff1.C  Execution test
FAIL: g++.jason/init2.C  Execution test
FAIL: g++.jason/init3.C  Execution test
FAIL: g++.jason/inline.C  Execution test
FAIL: g++.jason/inline3.C  Execution test
FAIL: g++.jason/lex1.C  Execution test
FAIL: g++.jason/lvalue4.C  Execution test
FAIL: g++.jason/mangle3.C  Execution test
FAIL: g++.jason/mi.C (test for excess errors)
FAIL: g++.jason/mutable1.C  Execution test
FAIL: g++.jason/net2.C  Execution test
FAIL: g++.jason/new2.C  Execution test
FAIL: g++.jason/new3.C  Execution test
FAIL: g++.jason/new4.C  Execution test
FAIL: g++.jason/new5.C  Execution test
FAIL: g++.jason/offset2.C  Execution test
FAIL: g++.jason/opeq.C  Execution test
FAIL: g++.jason/opeq5.C (test for excess errors)
FAIL: g++.jason/optimize2.C  Execution test
FAIL: g++.jason/overload11.C  Execution test
FAIL: g++.jason/overload12.C  Execution test
FAIL: g++.jason/overload13.C (test for excess errors)
FAIL: g++.jason/overload19.C  Execution test
FAIL: g++.jason/overload27.C  Execution test
FAIL: g++.jason/overload36.C  Execution test
FAIL: g++.jason/parse10.C  Execution test
FAIL: g++.jason/parse12.C  Execution test
FAIL: g++.jason/parse9.C  Execution test
FAIL: g++.jason/pmem2.C  Execution test
FAIL: g++.jason/pmem3.C  Execution test
FAIL: g++.jason/pmf7.C (test for excess errors)
FAIL: g++.jason/pmf8.C  Execution test
FAIL: g++.jason/ref10.C (test for excess errors)
FAIL: g++.jason/ref11.C  Execution test
FAIL: g++.jason/ref12.C  Execution test
FAIL: g++.jason/ref7.C  Execution test
FAIL: g++.jason/ref8.C (test for excess errors)
FAIL: g++.jason/ref9.C  Execution test
FAIL: g++.jason/return.C  Execution test
FAIL: g++.jason/return2.C  Execution test
FAIL: g++.jason/return3.C  Execution test
FAIL: g++.jason/rvalue1.C (test for excess errors)
FAIL: g++.jason/rvalue2.C  Execution test
FAIL: g++.jason/scoping17.C  Execution test
FAIL: g++.jason/static1.C  Execution test
FAIL: g++.jason/synth5.C  Execution test
FAIL: g++.jason/synth7.C  Execution test
FAIL: g++.jason/template11.C  Execution test
FAIL: g++.jason/template14.C  Execution test
FAIL: g++.jason/template15.C  Execution test
FAIL: g++.jason/template16.C  Execution test
FAIL: g++.jason/template19.C  Execution test
FAIL: g++.jason/template20.C  Execution test
FAIL: g++.jason/template24.C (test for excess errors)
FAIL: g++.jason/template25.C  Execution test
FAIL: g++.jason/template26.C  Execution test
FAIL: g++.jason/template27.C  Execution test
FAIL: g++.jason/template28.C  Execution test
FAIL: g++.jason/template3.C  Execution test
FAIL: g++.jason/template31.C (test for excess errors)
FAIL: g++.jason/template34.C  Execution test
FAIL: g++.jason/template36.C  Execution test
FAIL: g++.jason/template37.C  Execution test
FAIL: g++.jason/template40.C  Execution test
FAIL: g++.jason/template41.C (test for excess errors)
FAIL: g++.jason/template42.C  Execution test
FAIL: g++.jason/template43.C  Execution test
FAIL: g++.jason/template44.C  Execution test
FAIL: g++.jason/template6.C - failed temp resolution Execution test
FAIL: g++.jason/temporary.C  Execution test
FAIL: g++.jason/temporary3.C  Execution test
FAIL: g++.jason/temporary4.C  Execution test
FAIL: g++.jason/temporary5.C  Execution test
FAIL: g++.jason/temporary7.C  Execution test
FAIL: g++.jason/temporary8.C  Execution test
FAIL: g++.jason/thunk1.C (test for excess errors)
FAIL: g++.jason/thunk2.C (test for excess errors)
FAIL: g++.jason/thunk3.C (test for excess errors)
FAIL: g++.jason/typedef2.C  Execution test
FAIL: g++.jason/typeid1.C (test for excess errors)
FAIL: g++.jason/typeid2.C (test for excess errors)
FAIL: g++.jason/vecdel.C  Execution test
FAIL: g++.jason/virtual2.C (test for excess errors)
FAIL: g++.jason/warning5.C  Execution test
FAIL: g++.law/arg1.C (test for excess errors)
FAIL: g++.law/arg7.C  Execution test
FAIL: g++.law/arg8.C (test for excess errors)
FAIL: g++.law/arm12.C (test for excess errors)
FAIL: g++.law/arm13.C  Execution test
FAIL: g++.law/arm15.C  Execution test
FAIL: g++.law/arm4.C  Execution test
FAIL: g++.law/arm5.C  Execution test
FAIL: g++.law/arm7.C  Execution test
FAIL: g++.law/arm9.C (test for excess errors)
FAIL: g++.law/array1.C  Execution test
FAIL: g++.law/bad-error7.C (test for excess errors)
FAIL: g++.law/bit-fields2.C  Execution test
FAIL: g++.law/builtin1.C  Execution test
FAIL: g++.law/code-gen1.C  Execution test
FAIL: g++.law/code-gen2.C (test for excess errors)
FAIL: g++.law/code-gen4.C  Execution test
FAIL: g++.law/code-gen5.C (test for excess errors)
FAIL: g++.law/copy1.C  Execution test
FAIL: g++.law/ctors10.C (test for excess errors)
FAIL: g++.law/ctors12.C (test for excess errors)
FAIL: g++.law/ctors13.C (test for excess errors)
FAIL: g++.law/ctors15.C  Execution test
FAIL: g++.law/ctors16.C  Execution test
FAIL: g++.law/ctors17.C (test for excess errors)
FAIL: g++.law/ctors2.C  Execution test
FAIL: g++.law/ctors4.C (test for excess errors)
FAIL: g++.law/ctors6.C (test for excess errors)
FAIL: g++.law/ctors8.C  Execution test
FAIL: g++.law/cvt12.C  Execution test
FAIL: g++.law/cvt16.C (test for excess errors)
FAIL: g++.law/cvt2.C (test for excess errors)
FAIL: g++.law/cvt4.C  Execution test
FAIL: g++.law/cvt7.C  Execution test
FAIL: g++.law/dtors2.C  Execution test
FAIL: g++.law/dtors3.C  Execution test
FAIL: g++.law/dtors4.C  Execution test
FAIL: g++.law/dtors5.C  Execution test
FAIL: g++.law/enum9.C  Execution test
FAIL: g++.law/global-init1.C  Execution test
FAIL: g++.law/init11.C  Execution test
FAIL: g++.law/init13.C  Execution test
FAIL: g++.law/init14.C  Execution test
FAIL: g++.law/init9.C  Execution test
FAIL: g++.law/inline4.C  Execution test
FAIL: g++.law/missed-error2.C (test for excess errors)
FAIL: g++.law/nest3.C (test for excess errors)
FAIL: g++.law/operators15.C  Execution test
FAIL: g++.law/operators16.C  Execution test
FAIL: g++.law/operators23.C  Execution test
FAIL: g++.law/operators27.C  Execution test
FAIL: g++.law/operators30.C  Execution test
FAIL: g++.law/operators32.C (test for excess errors)
FAIL: g++.law/operators4.C (test for excess errors)
FAIL: g++.law/operators8.C (test for excess errors)
FAIL: g++.law/profile1.C  Execution test
FAIL: g++.law/refs1.C  Execution test
FAIL: g++.law/refs4.C  Execution test
FAIL: g++.law/scope2.C  Execution test
FAIL: g++.law/temps2.C  Execution test
FAIL: g++.law/temps3.C  Execution test
FAIL: g++.law/temps4.C  Execution test
FAIL: g++.law/temps5.C  Execution test
FAIL: g++.law/temps6.C  Execution test
FAIL: g++.law/vbase1.C (test for excess errors)
FAIL: g++.law/virtual2.C (test for excess errors)
FAIL: g++.law/virtual3.C (test for excess errors)
FAIL: g++.law/virtual4.C (test for excess errors)
FAIL: g++.law/visibility1.C (test for excess errors)
FAIL: g++.law/visibility10.C (test for excess errors)
FAIL: g++.law/visibility13.C (test for excess errors)
FAIL: g++.law/visibility17.C (test for excess errors)
FAIL: g++.law/visibility19.C .* (test for errors, line 38)
FAIL: g++.law/visibility19.C .* (test for errors, line 39)
FAIL: g++.law/visibility2.C (test for excess errors)
FAIL: g++.law/visibility22.C (test for excess errors)
FAIL: g++.law/visibility25.C (test for excess errors)
FAIL: g++.law/visibility7.C (test for excess errors)
FAIL: g++.law/vtable3.C (test for excess errors)
FAIL: g++.martin/bitset1.C (test for excess errors)
FAIL: g++.martin/conv1.C  Execution test
FAIL: g++.martin/eval1.C  Execution test
FAIL: g++.martin/new1.C (test for excess errors)
FAIL: g++.martin/overload1.C  Execution test
FAIL: g++.martin/pmf1.C (test for excess errors)
FAIL: g++.martin/pmf2.C (test for excess errors)
FAIL: g++.martin/sts_conv.C - should convert Execution test
FAIL: g++.martin/sts_iarr.C  Execution test
FAIL: g++.martin/sts_partial.C  Execution test
FAIL: g++.martin/sts_vectini.C  Execution test
FAIL: g++.mike/align1.C (test for excess errors)
FAIL: g++.mike/align2.C (test for excess errors)
FAIL: g++.mike/asm2.C  Execution test
FAIL: g++.mike/bool2.C  Execution test
FAIL: g++.mike/conv1.C  Execution test
FAIL: g++.mike/dyncast1.C (test for excess errors)
FAIL: g++.mike/dyncast2.C (test for excess errors)
FAIL: g++.mike/dyncast3.C (test for excess errors)
FAIL: g++.mike/dyncast5.C (test for excess errors)
FAIL: g++.mike/dyncast7.C (test for excess errors)
FAIL: g++.mike/dyncast8.C (test for excess errors)
FAIL: g++.mike/dyncast9.C (test for excess errors)
FAIL: g++.mike/eh10.C (test for excess errors)
FAIL: g++.mike/eh12.C (test for excess errors)
FAIL: g++.mike/eh13.C  Execution test
FAIL: g++.mike/eh14.C (test for excess errors)
FAIL: g++.mike/eh16.C (test for excess errors)
FAIL: g++.mike/eh17.C (test for excess errors)
FAIL: g++.mike/eh18.C (test for excess errors)
FAIL: g++.mike/eh2.C (test for excess errors)
FAIL: g++.mike/eh21.C (test for excess errors)
FAIL: g++.mike/eh23.C (test for excess errors)
FAIL: g++.mike/eh24.C (test for excess errors)
FAIL: g++.mike/eh25.C (test for excess errors)
FAIL: g++.mike/eh26.C (test for excess errors)
FAIL: g++.mike/eh27.C (test for excess errors)
FAIL: g++.mike/eh28.C (test for excess errors)
FAIL: g++.mike/eh29.C (test for excess errors)
FAIL: g++.mike/eh3.C (test for excess errors)
FAIL: g++.mike/eh31.C (test for excess errors)
FAIL: g++.mike/eh33.C (test for excess errors)
FAIL: g++.mike/eh34.C (test for excess errors)
FAIL: g++.mike/eh35.C (test for excess errors)
FAIL: g++.mike/eh36.C (test for excess errors)
FAIL: g++.mike/eh37.C (test for excess errors)
FAIL: g++.mike/eh38.C (test for excess errors)
FAIL: g++.mike/eh39.C (test for excess errors)
FAIL: g++.mike/eh40.C (test for excess errors)
FAIL: g++.mike/eh41.C (test for excess errors)
FAIL: g++.mike/eh42.C (test for excess errors)
FAIL: g++.mike/eh44.C (test for excess errors)
FAIL: g++.mike/eh45.C (test for excess errors)
FAIL: g++.mike/eh47.C (test for excess errors)
FAIL: g++.mike/eh48.C (test for excess errors)
FAIL: g++.mike/eh49.C (test for excess errors)
FAIL: g++.mike/eh5.C (test for excess errors)
FAIL: g++.mike/eh50.C (test for excess errors)
FAIL: g++.mike/eh51.C (test for excess errors)
FAIL: g++.mike/eh52.C  Execution test
FAIL: g++.mike/eh53.C  Execution test
FAIL: g++.mike/eh55.C (test for excess errors)
FAIL: g++.mike/eh56.C  Execution test
FAIL: g++.mike/eh59.C  Execution test
FAIL: g++.mike/eh6.C (test for excess errors)
FAIL: g++.mike/eh7.C  Execution test
FAIL: g++.mike/eh8.C (test for excess errors)
FAIL: g++.mike/eh9.C  Execution test
FAIL: g++.mike/hog1.C  Execution test
FAIL: g++.mike/init1.C  Execution test
FAIL: g++.mike/leak1.C  Execution test
FAIL: g++.mike/mangle3.C  Execution test
FAIL: g++.mike/mi1.C (test for excess errors)
FAIL: g++.mike/mi2.C (test for excess errors)
FAIL: g++.mike/misc1.C  Execution test
FAIL: g++.mike/misc13.C (test for excess errors)
FAIL: g++.mike/misc14.C (test for excess errors)
FAIL: g++.mike/net15.C  Execution test
FAIL: g++.mike/net16.C  Execution test
FAIL: g++.mike/net17.C (test for excess errors)
FAIL: g++.mike/net21.C (test for excess errors)
FAIL: g++.mike/net26.C (test for excess errors)
FAIL: g++.mike/net34.C (test for excess errors)
FAIL: g++.mike/net35.C (test for excess errors)
FAIL: g++.mike/net37.C  Execution test
FAIL: g++.mike/net38.C (test for excess errors)
FAIL: g++.mike/net39.C (test for excess errors)
FAIL: g++.mike/net40.C  Execution test
FAIL: g++.mike/net41.C  Execution test
FAIL: g++.mike/net46.C (test for excess errors)
FAIL: g++.mike/ns1.C  Execution test
FAIL: g++.mike/ns10.C  Execution test
FAIL: g++.mike/ns11.C  Execution test
FAIL: g++.mike/ns12.C  Execution test
FAIL: g++.mike/ns2.C  Execution test
FAIL: g++.mike/ns9.C  Execution test
FAIL: g++.mike/offset1.C (test for excess errors)
FAIL: g++.mike/opr-as1.C  Execution test
FAIL: g++.mike/p10148.C (test for excess errors)
FAIL: g++.mike/p10849a.C (test for excess errors)
FAIL: g++.mike/p11144.C  Execution test
FAIL: g++.mike/p11667.C  Execution test
FAIL: g++.mike/p12306.C  Execution test
FAIL: g++.mike/p12306a.C (test for excess errors)
FAIL: g++.mike/p1248.C (test for excess errors)
FAIL: g++.mike/p1567.C (test for excess errors)
FAIL: g++.mike/p16146.C (test for excess errors)
FAIL: g++.mike/p1862.C (test for excess errors)
FAIL: g++.mike/p2394.C  Execution test
FAIL: g++.mike/p2736.C  Execution test
FAIL: g++.mike/p2846.C (test for excess errors)
FAIL: g++.mike/p2846a.C (test for excess errors)
FAIL: g++.mike/p2846b.C (test for excess errors)
FAIL: g++.mike/p2960.C (test for excess errors)
FAIL: g++.mike/p3041.C (test for excess errors)
FAIL: g++.mike/p3060d.C  Execution test
FAIL: g++.mike/p3068.C (test for excess errors)
FAIL: g++.mike/p3139.C (test for excess errors)
FAIL: g++.mike/p3570.C  Execution test
FAIL: g++.mike/p3579.C  Execution test
FAIL: g++.mike/p3708.C (test for excess errors)
FAIL: g++.mike/p3708a.C (test for excess errors)
FAIL: g++.mike/p3708b.C (test for excess errors)
FAIL: g++.mike/p4068.C  Execution test
FAIL: g++.mike/p4104.C  Execution test
FAIL: g++.mike/p4246.C (test for excess errors)
FAIL: g++.mike/p4511.C (test for excess errors)
FAIL: g++.mike/p4623.C (test for excess errors)
FAIL: g++.mike/p4667.C (test for excess errors)
FAIL: g++.mike/p4736a.C (test for excess errors)
FAIL: g++.mike/p4736b.C (test for excess errors)
FAIL: g++.mike/p4736c.C (test for excess errors)
FAIL: g++.mike/p5469.C  Execution test
FAIL: g++.mike/p5469a.C  Execution test
FAIL: g++.mike/p5571.C (test for excess errors)
FAIL: g++.mike/p5611.C  Execution test
FAIL: g++.mike/p5673.C  Execution test
FAIL: g++.mike/p5718.C  Execution test
FAIL: g++.mike/p5840.C  Execution test
FAIL: g++.mike/p5958.C  Execution test
FAIL: g++.mike/p6004.C  Execution test
FAIL: g++.mike/p6311.C  Execution test
FAIL: g++.mike/p658.C (test for excess errors)
FAIL: g++.mike/p6610a.C (test for excess errors)
FAIL: g++.mike/p6610b.C (test for excess errors)
FAIL: g++.mike/p6611.C  Execution test
FAIL: g++.mike/p6927.C  Execution test
FAIL: g++.mike/p7180.C  Execution test
FAIL: g++.mike/p755.C (test for excess errors)
FAIL: g++.mike/p755a.C  Execution test
FAIL: g++.mike/p7651.C  Execution test
FAIL: g++.mike/p783.C  Execution test
FAIL: g++.mike/p783a.C  Execution test
FAIL: g++.mike/p783b.C  Execution test
FAIL: g++.mike/p786.C  Execution test
FAIL: g++.mike/p7865.C  Execution test
FAIL: g++.mike/p789.C (test for excess errors)
FAIL: g++.mike/p789a.C (test for excess errors)
FAIL: g++.mike/p7912.C (test for excess errors)
FAIL: g++.mike/p8018.C  Execution test
FAIL: g++.mike/p8155.C (test for excess errors)
FAIL: g++.mike/p8483.C  Execution test
FAIL: g++.mike/p8804.C  Execution test
FAIL: g++.mike/p9206.C (test for excess errors)
FAIL: g++.mike/p9706.C (test for excess errors)
FAIL: g++.mike/p9732a.C (test for excess errors)
FAIL: g++.mike/p9732b.C (test for excess errors)
FAIL: g++.mike/pmf1.C (test for excess errors)
FAIL: g++.mike/pmf2.C (test for excess errors)
FAIL: g++.mike/pmf7.C (test for excess errors)
FAIL: g++.mike/pmf8.C (test for excess errors)
FAIL: g++.mike/pmf9.C (test for excess errors)
FAIL: g++.mike/pt1.C (test for excess errors)
FAIL: g++.mike/pt2.C (test for excess errors)
FAIL: g++.mike/ref1.C (test for excess errors)
FAIL: g++.mike/rtti1.C (test for excess errors)
FAIL: g++.mike/rtti2.C (test for excess errors)
FAIL: g++.mike/rtti3.C (test for excess errors)
FAIL: g++.mike/temp.C (test for excess errors)
FAIL: g++.mike/thunk2.C (test for excess errors)
FAIL: g++.mike/thunk3.C (test for excess errors)
FAIL: g++.mike/virt2.C (test for excess errors)
FAIL: g++.mike/virt4.C (test for excess errors)
FAIL: g++.mike/virt5.C (test for excess errors)
FAIL: g++.mike/virt6.C (test for excess errors)
FAIL: g++.mike/vtable1.C (test for excess errors)
FAIL: g++.niklas/t140.C (test for excess errors)
FAIL: g++.ns/alias1.C (test for excess errors)
FAIL: g++.ns/alias3.C (test for excess errors)
FAIL: g++.ns/alias5.C (test for excess errors)
FAIL: g++.ns/alias6.C (test for excess errors)
FAIL: g++.ns/anon1.C (test for excess errors)
FAIL: g++.ns/extern1.C (test for excess errors)
FAIL: g++.ns/koenig3.C (test for excess errors)
FAIL: g++.ns/koenig4.C (test for excess errors)
FAIL: g++.ns/koenig6.C (test for excess errors)
FAIL: g++.ns/koenig7.C (test for excess errors)
FAIL: g++.ns/lookup3.C (test for excess errors)
FAIL: g++.ns/new1.C (test for excess errors)
FAIL: g++.ns/ns1.C (test for excess errors)
FAIL: g++.ns/ns12.C (test for excess errors)
FAIL: g++.ns/ns13.C (test for excess errors)
FAIL: g++.ns/ns14.C (test for excess errors)
FAIL: g++.ns/ns2.C (test for excess errors)
FAIL: g++.ns/ns6.C (test for excess errors)
FAIL: g++.ns/overload1.C (test for excess errors)
FAIL: g++.ns/template11.C (test for excess errors)
FAIL: g++.ns/template18.C (test for excess errors)
FAIL: g++.ns/template3.C (test for excess errors)
FAIL: g++.ns/template4.C (test for excess errors)
FAIL: g++.ns/template5.C (test for excess errors)
FAIL: g++.ns/template9.C (test for excess errors)
FAIL: g++.ns/using13.C (test for excess errors)
FAIL: g++.ns/using7.C (test for excess errors)
FAIL: g++.oliva/delete2.C (test for excess errors)
FAIL: g++.oliva/delete3.C (test for excess errors)
FAIL: g++.oliva/delete4.C (test for excess errors)
FAIL: g++.oliva/delete5.C (test for excess errors)
FAIL: g++.oliva/expr2.C (test for excess errors)
FAIL: g++.oliva/ext1.C (test for excess errors)
FAIL: g++.oliva/new1.C (test for excess errors)
FAIL: g++.oliva/thunk1.C (test for excess errors)
FAIL: g++.other/addrof1.C (test for excess errors)
FAIL: g++.other/anon2.C (test for excess errors)
FAIL: g++.other/anon3.C (test for excess errors)
FAIL: g++.other/anon6.C (test for excess errors)
FAIL: g++.other/array1.C (test for excess errors)
FAIL: g++.other/array2.C (test for excess errors)
FAIL: g++.other/array6.C (test for excess errors)
FAIL: g++.other/badopt1.C (test for excess errors)
FAIL: g++.other/builtins1.C (test for excess errors)
FAIL: g++.other/builtins2.C (test for excess errors)
FAIL: g++.other/builtins3.C (test for excess errors)
FAIL: g++.other/builtins4.C (test for excess errors)
FAIL: g++.other/builtins6.C (test for excess errors)
FAIL: g++.other/builtins7.C (test for excess errors)
FAIL: g++.other/builtins8.C (test for excess errors)
FAIL: g++.other/builtins9.C (test for excess errors)
FAIL: g++.other/call1.C (test for excess errors)
FAIL: g++.other/cast4.C static cast (test for errors, line 61)
FAIL: g++.other/cast4.C (test for excess errors)
FAIL: g++.other/cast7.C (test for excess errors)
FAIL: g++.other/cleanup1.C (test for excess errors)
FAIL: g++.other/cleanup2.C (test for excess errors)
FAIL: g++.other/comdat1.C (test for excess errors)
FAIL: g++.other/comdat2.C (test for excess errors)
FAIL: g++.other/cond1.C (test for excess errors)
FAIL: g++.other/conv4.C (test for excess errors)
FAIL: g++.other/conv6.C (test for excess errors)
FAIL: g++.other/copy1.C (test for excess errors)
FAIL: g++.other/copy2.C (test for excess errors)
FAIL: g++.other/copy3.C (test for excess errors)
FAIL: g++.other/crash22.C (test for excess errors)
FAIL: g++.other/ctor1.C (test for excess errors)
FAIL: g++.other/debug7.C (test for excess errors)
FAIL: g++.other/decl5.C no such type (test for errors, line 60)
FAIL: g++.other/decl5.C no such type (test for errors, line 63)
FAIL: g++.other/decl5.C N::fn not a member of NMS (test for errors, line 66)
FAIL: g++.other/decl5.C extra qualification (test for warnings, line 57)
FAIL: g++.other/decl5.C (test for excess errors)
FAIL: g++.other/defarg2.C (test for excess errors)
FAIL: g++.other/defarg6.C (test for excess errors)
FAIL: g++.other/delete3.C (test for excess errors)
FAIL: g++.other/delete5.C (test for excess errors)
FAIL: g++.other/delete6.C (test for excess errors)
FAIL: g++.other/delete7.C (test for excess errors)
FAIL: g++.other/delete8.C (test for excess errors)
FAIL: g++.other/dtor1.C (test for excess errors)
FAIL: g++.other/dtor10.C (test for excess errors)
FAIL: g++.other/dtor11.C (test for excess errors)
FAIL: g++.other/dtor12.C (test for excess errors)
FAIL: g++.other/dtor5.C (test for excess errors)
FAIL: g++.other/dtor6.C (test for excess errors)
FAIL: g++.other/dtor7.C (test for excess errors)
FAIL: g++.other/dtor8.C (test for excess errors)
FAIL: g++.other/dtor9.C (test for excess errors)
FAIL: g++.other/dyncast1.C (test for excess errors)
FAIL: g++.other/dyncast2.C (test for excess errors)
FAIL: g++.other/dyncast3.C (test for excess errors)
FAIL: g++.other/dyncast4.C (test for excess errors)
FAIL: g++.other/dyncast5.C (test for excess errors)
FAIL: g++.other/dyncast6.C (test for excess errors)
FAIL: g++.other/eh3.C (test for excess errors)
FAIL: g++.other/empty1.C (test for excess errors)
FAIL: g++.other/enum1.C (test for excess errors)
FAIL: g++.other/enum4.C (test for excess errors)
FAIL: g++.other/exprstmt1.C (test for excess errors)
FAIL: g++.other/externC3.C (test for excess errors)
FAIL: g++.other/field2.C (test for excess errors)
FAIL: g++.other/fnname1.C (test for excess errors)
FAIL: g++.other/friend1.C protected (test for errors, line 82)
FAIL: g++.other/friend1.C (test for excess errors)
FAIL: g++.other/friend4.C (test for excess errors)
FAIL: g++.other/goto4.C (test for excess errors)
FAIL: g++.other/headers1.C (test for excess errors)
FAIL: g++.other/init1.C (test for excess errors)
FAIL: g++.other/init10.C (test for excess errors)
FAIL: g++.other/init11.C (test for excess errors)
FAIL: g++.other/init12.C (test for excess errors)
FAIL: g++.other/init13.C (test for excess errors)
FAIL: g++.other/init16.C (test for excess errors)
FAIL: g++.other/init2.C (test for excess errors)
FAIL: g++.other/init5.C (test for excess errors)
FAIL: g++.other/init6.C (test for excess errors)
FAIL: g++.other/init7.C (test for excess errors)
FAIL: g++.other/inline12.C (test for excess errors)
FAIL: g++.other/inline14.C (test for excess errors)
FAIL: g++.other/inline21.C (test for excess errors)
FAIL: g++.other/inline23.C (test for excess errors)
FAIL: g++.other/inline7.C (test for excess errors)
FAIL: g++.other/inline8.C (test for excess errors)
FAIL: g++.other/instan1.C (test for excess errors)
FAIL: g++.other/linkage7.C (test for excess errors)
FAIL: g++.other/local1.C (test for excess errors)
FAIL: g++.other/local3.C (test for excess errors)
FAIL: g++.other/local4.C (test for excess errors)
FAIL: g++.other/lookup13.C (test for excess errors)
FAIL: g++.other/lookup17.C (test for excess errors)
FAIL: g++.other/lookup21.C (test for excess errors)
FAIL: g++.other/lookup3.C (test for excess errors)
FAIL: g++.other/lookup4.C (test for excess errors)
FAIL: g++.other/lookup6.C (test for excess errors)
FAIL: g++.other/lookup7.C (test for excess errors)
FAIL: g++.other/loop1.C (test for excess errors)
FAIL: g++.other/mangle3.C (test for excess errors)
FAIL: g++.other/mutable1.C (test for excess errors)
FAIL: g++.other/new3.C (test for excess errors)
FAIL: g++.other/new5.C (test for excess errors)
FAIL: g++.other/new6.C (test for excess errors)
FAIL: g++.other/new7.C (test for excess errors)
FAIL: g++.other/null1.C (test for excess errors)
FAIL: g++.other/null2.C (test for excess errors)
FAIL: g++.other/op2.C (test for excess errors)
FAIL: g++.other/op3.C (test for excess errors)
FAIL: g++.other/optimize1.C (test for excess errors)
FAIL: g++.other/optimize2.C (test for excess errors)
FAIL: g++.other/optimize3.C (test for excess errors)
FAIL: g++.other/overcnv2.C (test for excess errors)
FAIL: g++.other/overload1.C (test for excess errors)
FAIL: g++.other/overload14.C (test for excess errors)
FAIL: g++.other/overload2.C (test for excess errors)
FAIL: g++.other/overload3.C (test for excess errors)
FAIL: g++.other/overload4.C (test for excess errors)
FAIL: g++.other/overload5.C (test for excess errors)
FAIL: g++.other/overload6.C (test for excess errors)
FAIL: g++.other/overload7.C (test for excess errors)
FAIL: g++.other/overload8.C (test for excess errors)
FAIL: g++.other/overload9.C (test for excess errors)
FAIL: g++.other/pmf1.C (test for excess errors)
FAIL: g++.other/pmf4.C (test for excess errors)
FAIL: g++.other/pmf5.C (test for excess errors)
FAIL: g++.other/pmf6.C (test for excess errors)
FAIL: g++.other/ptrmem10.C (test for excess errors)
FAIL: g++.other/ptrmem4.C (test for excess errors)
FAIL: g++.other/ptrmem8.C (test for excess errors)
FAIL: g++.other/ptrmem9.C (test for excess errors)
FAIL: g++.other/ref3.C (test for excess errors)
FAIL: g++.other/reload1.C (test for excess errors)
FAIL: g++.other/rtti1.C (test for excess errors)
FAIL: g++.other/rtti2.C (test for excess errors)
FAIL: g++.other/rtti3.C (test for excess errors)
FAIL: g++.other/rtti4.C (test for excess errors)
FAIL: g++.other/rttid2.C (test for excess errors)
FAIL: g++.other/rttid3.C (test for excess errors)
FAIL: g++.other/rttid4.C (test for excess errors)
FAIL: g++.other/scope1.C (test for excess errors)
FAIL: g++.other/sibcall1.C (test for excess errors)
FAIL: g++.other/singleton.C (test for excess errors)
FAIL: g++.other/sizeof3.C (test for excess errors)
FAIL: g++.other/static13.C (test for excess errors)
FAIL: g++.other/static14.C (test for excess errors)
FAIL: g++.other/static15.C (test for excess errors)
FAIL: g++.other/static16.C (test for excess errors)
FAIL: g++.other/static20.C (test for excess errors)
FAIL: g++.other/static4.C (test for excess errors)
FAIL: g++.other/static7.C (test for excess errors)
FAIL: g++.other/string2.C (test for excess errors)
FAIL: g++.other/temporary1.C (test for excess errors)
FAIL: g++.other/thunk1.C (test for excess errors)
FAIL: g++.other/unchanging1.C (test for excess errors)
FAIL: g++.other/union2.C (test for excess errors)
FAIL: g++.other/union3.C (test for excess errors)
FAIL: g++.other/using6.C (test for excess errors)
FAIL: g++.other/vaarg2.C (test for excess errors)
FAIL: g++.other/vbase1.C (test for excess errors)
FAIL: g++.other/vbase2.C (test for excess errors)
FAIL: g++.other/vbase5.C (test for excess errors)
FAIL: g++.other/virtual2.C (test for excess errors)
FAIL: g++.other/virtual3.C (test for excess errors)
FAIL: g++.other/virtual8.C (test for excess errors)
FAIL: g++.other/virtual9.C (test for excess errors)
FAIL: g++.other/vtbl1.C (test for excess errors)
FAIL: g++.other/vtbl2.C (test for excess errors)
FAIL: g++.pt/alignof.C (test for excess errors)
FAIL: g++.pt/array1.C (test for excess errors)
FAIL: g++.pt/copy1.C (test for excess errors)
FAIL: g++.pt/crash18.C (test for excess errors)
FAIL: g++.pt/crash68.C (test for excess errors)
FAIL: g++.pt/deduct4.C (test for excess errors)
FAIL: g++.pt/deduct5.C (test for excess errors)
FAIL: g++.pt/deduct7.C (test for excess errors)
FAIL: g++.pt/defarg.C (test for excess errors)
FAIL: g++.pt/defarg2.C (test for excess errors)
FAIL: g++.pt/eichin01.C (test for excess errors)
FAIL: g++.pt/eichin01a.C (test for excess errors)
FAIL: g++.pt/eichin01b.C (test for excess errors)
FAIL: g++.pt/enum3.C (test for excess errors)
FAIL: g++.pt/enum7.C (test for excess errors)
FAIL: g++.pt/explarg1.C (test for excess errors)
FAIL: g++.pt/explicit12.C (test for excess errors)
FAIL: g++.pt/explicit13.C (test for excess errors)
FAIL: g++.pt/explicit18.C (test for excess errors)
FAIL: g++.pt/explicit19.C (test for excess errors)
FAIL: g++.pt/explicit23.C (test for excess errors)
FAIL: g++.pt/explicit26.C (test for excess errors)
FAIL: g++.pt/explicit27.C (test for excess errors)
FAIL: g++.pt/explicit28.C (test for excess errors)
FAIL: g++.pt/explicit29.C (test for excess errors)
FAIL: g++.pt/explicit31.C (test for excess errors)
FAIL: g++.pt/explicit35.C (test for excess errors)
FAIL: g++.pt/explicit36.C (test for excess errors)
FAIL: g++.pt/explicit37.C (test for excess errors)
FAIL: g++.pt/explicit40.C (test for excess errors)
FAIL: g++.pt/explicit42.C (test for excess errors)
FAIL: g++.pt/explicit43.C (test for excess errors)
FAIL: g++.pt/explicit50.C (test for excess errors)
FAIL: g++.pt/explicit51.C (test for excess errors)
FAIL: g++.pt/explicit52.C (test for excess errors)
FAIL: g++.pt/explicit53.C (test for excess errors)
FAIL: g++.pt/explicit54.C (test for excess errors)
FAIL: g++.pt/explicit55.C (test for excess errors)
FAIL: g++.pt/explicit56.C (test for excess errors)
FAIL: g++.pt/explicit57.C (test for excess errors)
FAIL: g++.pt/explicit58.C (test for excess errors)
FAIL: g++.pt/explicit59.C (test for excess errors)
FAIL: g++.pt/explicit6.C (test for excess errors)
FAIL: g++.pt/explicit60.C (test for excess errors)
FAIL: g++.pt/explicit61.C (test for excess errors)
FAIL: g++.pt/explicit62.C (test for excess errors)
FAIL: g++.pt/explicit63.C (test for excess errors)
FAIL: g++.pt/explicit64.C (test for excess errors)
FAIL: g++.pt/explicit65.C (test for excess errors)
FAIL: g++.pt/explicit66.C (test for excess errors)
FAIL: g++.pt/explicit74.C (test for excess errors)
FAIL: g++.pt/expr1.C (test for excess errors)
FAIL: g++.pt/fntry1.C (test for excess errors)
FAIL: g++.pt/friend1.C (test for excess errors)
FAIL: g++.pt/friend10.C (test for excess errors)
FAIL: g++.pt/friend12.C (test for excess errors)
FAIL: g++.pt/friend13.C (test for excess errors)
FAIL: g++.pt/friend33.C (test for excess errors)
FAIL: g++.pt/friend4.C (test for excess errors)
FAIL: g++.pt/friend5.C (test for excess errors)
FAIL: g++.pt/friend6.C (test for excess errors)
FAIL: g++.pt/friend7.C (test for excess errors)
FAIL: g++.pt/friend8.C (test for excess errors)
FAIL: g++.pt/friend9.C (test for excess errors)
FAIL: g++.pt/inherit1.C (test for excess errors)
FAIL: g++.pt/instantiate10.C (test for excess errors)
FAIL: g++.pt/instantiate12.C (test for excess errors)
FAIL: g++.pt/instantiate4.C (test for excess errors)
FAIL: g++.pt/instantiate5.C (test for excess errors)
FAIL: g++.pt/instantiate6.C (test for excess errors)
FAIL: g++.pt/link1.C (test for excess errors)
FAIL: g++.pt/local1.C (test for excess errors)
FAIL: g++.pt/local2.C (test for excess errors)
FAIL: g++.pt/local3.C (test for excess errors)
FAIL: g++.pt/local4.C (test for excess errors)
FAIL: g++.pt/local5.C (test for excess errors)
FAIL: g++.pt/local6.C (test for excess errors)
FAIL: g++.pt/lookup3.C (test for excess errors)
FAIL: g++.pt/memclass1.C (test for excess errors)
FAIL: g++.pt/memclass2.C (test for excess errors)
FAIL: g++.pt/memclass3.C (test for excess errors)
FAIL: g++.pt/memclass4.C (test for excess errors)
FAIL: g++.pt/memclass5.C (test for excess errors)
FAIL: g++.pt/memclass6.C (test for excess errors)
FAIL: g++.pt/memclass7.C (test for excess errors)
FAIL: g++.pt/memtemp10.C (test for excess errors)
FAIL: g++.pt/memtemp11.C (test for excess errors)
FAIL: g++.pt/memtemp14.C (test for excess errors)
FAIL: g++.pt/memtemp16.C (test for excess errors)
FAIL: g++.pt/memtemp17.C (test for excess errors)
FAIL: g++.pt/memtemp19.C (test for excess errors)
FAIL: g++.pt/memtemp20.C (test for excess errors)
FAIL: g++.pt/memtemp23.C (test for excess errors)
FAIL: g++.pt/memtemp24.C (test for excess errors)
FAIL: g++.pt/memtemp25.C (test for excess errors)
FAIL: g++.pt/memtemp26.C (test for excess errors)
FAIL: g++.pt/memtemp27.C (test for excess errors)
FAIL: g++.pt/memtemp28.C (test for excess errors)
FAIL: g++.pt/memtemp29.C (test for excess errors)
FAIL: g++.pt/memtemp3.C (test for excess errors)
FAIL: g++.pt/memtemp30.C (test for excess errors)
FAIL: g++.pt/memtemp31.C (test for excess errors)
FAIL: g++.pt/memtemp32.C (test for excess errors)
FAIL: g++.pt/memtemp33.C (test for excess errors)
FAIL: g++.pt/memtemp34.C (test for excess errors)
FAIL: g++.pt/memtemp42.C (test for excess errors)
FAIL: g++.pt/memtemp43.C (test for excess errors)
FAIL: g++.pt/memtemp44.C (test for excess errors)
FAIL: g++.pt/memtemp45.C (test for excess errors)
FAIL: g++.pt/memtemp46.C (test for excess errors)
FAIL: g++.pt/memtemp47.C (test for excess errors)
FAIL: g++.pt/memtemp5.C (test for excess errors)
FAIL: g++.pt/memtemp53.C (test for excess errors)
FAIL: g++.pt/memtemp61.C (test for excess errors)
FAIL: g++.pt/memtemp62.C (test for excess errors)
FAIL: g++.pt/memtemp63.C (test for excess errors)
FAIL: g++.pt/memtemp67.C (test for excess errors)
FAIL: g++.pt/memtemp69.C (test for excess errors)
FAIL: g++.pt/memtemp7.C (test for excess errors)
FAIL: g++.pt/memtemp73.C (test for excess errors)
FAIL: g++.pt/memtemp77.C (test for excess errors)
FAIL: g++.pt/memtemp9.C (test for excess errors)
FAIL: g++.pt/memtemp93.C (test for excess errors)
FAIL: g++.pt/memtemp96.C (test for excess errors)
FAIL: g++.pt/memtemp97.C (test for excess errors)
FAIL: g++.pt/mi1.C (test for excess errors)
FAIL: g++.pt/nttp1.C (test for excess errors)
FAIL: g++.pt/nttp2.C (test for excess errors)
FAIL: g++.pt/overload1.C (test for excess errors)
FAIL: g++.pt/overload10.C (test for excess errors)
FAIL: g++.pt/overload11.C (test for excess errors)
FAIL: g++.pt/overload12.C (test for excess errors)
FAIL: g++.pt/overload6.C (test for excess errors)
FAIL: g++.pt/overload9.C (test for excess errors)
FAIL: g++.pt/parms1.C (test for excess errors)
FAIL: g++.pt/partial1.C (test for excess errors)
FAIL: g++.pt/partial3.C (test for excess errors)
FAIL: g++.pt/partial5.C (test for excess errors)
FAIL: g++.pt/ptrmem1.C (test for excess errors)
FAIL: g++.pt/ptrmem2.C (test for excess errors)
FAIL: g++.pt/ptrmem4.C (test for excess errors)
FAIL: g++.pt/recursion2.C (test for excess errors)
FAIL: g++.pt/ref3.C (test for excess errors)
FAIL: g++.pt/repo1.C (test for excess errors)
FAIL: g++.pt/repo2.C (test for excess errors)
FAIL: g++.pt/repo3.C (test for excess errors)
FAIL: g++.pt/repo4.C (test for excess errors)
FAIL: g++.pt/sizeof3.C (test for excess errors)
FAIL: g++.pt/spec10.C (test for excess errors)
FAIL: g++.pt/spec11.C (test for excess errors)
FAIL: g++.pt/spec12.C (test for excess errors)
FAIL: g++.pt/spec13.C (test for excess errors)
FAIL: g++.pt/spec15.C (test for excess errors)
FAIL: g++.pt/spec3.C (test for excess errors)
FAIL: g++.pt/spec39.C (test for excess errors)
FAIL: g++.pt/static3.C (test for excess errors)
FAIL: g++.pt/static6.C (test for excess errors)
FAIL: g++.pt/static8.C (test for excess errors)
FAIL: g++.pt/ttp19.C (test for excess errors)
FAIL: g++.pt/ttp40.C (test for excess errors)
FAIL: g++.pt/vbase1.C (test for excess errors)
FAIL: g++.pt/virtual1.C (test for excess errors)
FAIL: g++.pt/virtual4.C (test for excess errors)
FAIL: g++.robertl/980310-1.C (test for excess errors)
FAIL: g++.robertl/eb109.C (test for excess errors)
FAIL: g++.robertl/eb113.C (test for excess errors)
FAIL: g++.robertl/eb115.C (test for excess errors)
FAIL: g++.robertl/eb118.C (test for excess errors)
FAIL: g++.robertl/eb124.C (test for excess errors)
FAIL: g++.robertl/eb127.C (test for excess errors)
FAIL: g++.robertl/eb130.C (test for excess errors)
FAIL: g++.robertl/eb15.C (test for excess errors)
FAIL: g++.robertl/eb21.C (test for excess errors)
FAIL: g++.robertl/eb24.C (test for excess errors)
FAIL: g++.robertl/eb27.C (test for excess errors)
FAIL: g++.robertl/eb3.C (test for excess errors)
FAIL: g++.robertl/eb30.C (test for excess errors)
FAIL: g++.robertl/eb31.C (test for excess errors)
FAIL: g++.robertl/eb33.C (test for excess errors)
FAIL: g++.robertl/eb39.C (test for excess errors)
FAIL: g++.robertl/eb4.C (test for excess errors)
FAIL: g++.robertl/eb41.C (test for excess errors)
FAIL: g++.robertl/eb44.C (test for excess errors)
FAIL: g++.robertl/eb46.C (test for excess errors)
FAIL: g++.robertl/eb50.C (test for excess errors)
FAIL: g++.robertl/eb54.C (test for excess errors)
FAIL: g++.robertl/eb55.C (test for excess errors)
FAIL: g++.robertl/eb59.C (test for excess errors)
FAIL: g++.robertl/eb60.C (test for excess errors)
FAIL: g++.robertl/eb62.C (test for excess errors)
FAIL: g++.robertl/eb63.C (test for excess errors)
FAIL: g++.robertl/eb65.C (test for excess errors)
FAIL: g++.robertl/eb66.C (test for excess errors)
FAIL: g++.robertl/eb7.C (test for excess errors)
FAIL: g++.robertl/eb73.C (test for excess errors)
FAIL: g++.robertl/eb77.C (test for excess errors)
FAIL: g++.robertl/eb79.C (test for excess errors)
FAIL: g++.robertl/eb83.C (test for excess errors)
FAIL: g++.robertl/eb84.C (test for excess errors)
FAIL: g++.robertl/eb88.C (test for excess errors)
FAIL: g++.robertl/eb91.C (test for excess errors)
FAIL: g++.robertl/eb95.C (test for excess errors)
FAIL: g++.robertl/eb97.C (test for excess errors)
FAIL: g++.robertl/ebnull-cast.C (test for excess errors)
FAIL: g++.robertl/ebnull-oldcast.C (test for excess errors)
FAIL: g++.robertl/ebnull.C (test for excess errors)
FAIL: g++.robertl/eh990323-1.C (test for excess errors)
FAIL: g++.robertl/eh990323-2.C (test for excess errors)
FAIL: g++.robertl/eh990323-3.C (test for excess errors)
FAIL: g++.robertl/eh990323-4.C (test for excess errors)
FAIL: g++.robertl/eh990323-5.C (test for excess errors)
FAIL: g++.robertl/ice990323-2.C (test for excess errors)
FAIL: g++.warn/inline.C (test for excess errors)
FAIL: g++.warn/iomanip.C (test for excess errors)
FAIL: g++.warn/virt1.C (test for excess errors)

		=== g++ Summary ===

# of expected passes		5425
# of unexpected failures	1055
# of expected failures		686
# of untested testcases		23
# of unsupported tests		5
/tmp/egcs/gcc/testsuite/../g++ version 3.1.1 20020527 (prerelease)

		=== gas tests ===


Running target unix
FAIL: macro test 2
FAIL: macro irp
FAIL: macro rept
FAIL: PowerPC Test 1, 32 bit XCOFF
FAIL: xcoff AltiVec tests
FAIL: xcoff64 AltiVec tests
FAIL: xcoff BookE tests
FAIL: xcoff64 BookE tests

		=== gas Summary ===

# of expected passes		18
# of unexpected failures	8
# of expected failures		1
		=== gcc tests ===


Running target unix
FAIL: gcc.c-torture/compile/20001226-1.c,  -O0  
FAIL: gcc.c-torture/compile/20001226-1.c,  -O1  
FAIL: gcc.c-torture/compile/20001226-1.c,  -O2  
FAIL: gcc.c-torture/compile/20001226-1.c,  -O3 -fomit-frame-pointer  
FAIL: gcc.c-torture/compile/20001226-1.c,  -O3 -g  
FAIL: gcc.c-torture/compile/20001226-1.c,  -Os  
FAIL: gcc.c-torture/execute/20020307-2.c execution,  -O0 
FAIL: gcc.c-torture/execute/20020307-2.c execution,  -O1 
FAIL: gcc.c-torture/execute/20020307-2.c execution,  -O2 
FAIL: gcc.c-torture/execute/20020307-2.c execution,  -O3 -fomit-frame-pointer 
FAIL: gcc.c-torture/execute/20020307-2.c execution,  -O3 -fomit-frame-pointer -funroll-loops 
FAIL: gcc.c-torture/execute/20020307-2.c execution,  -O3 -fomit-frame-pointer -funroll-all-loops -finline-functions 
FAIL: gcc.c-torture/execute/20020307-2.c execution,  -O3 -g 
FAIL: gcc.c-torture/execute/20020307-2.c execution,  -Os 
FAIL: gcc.c-torture/execute/eeprof-1.c execution,  -O0 
FAIL: gcc.c-torture/execute/eeprof-1.c execution,  -O1 
FAIL: gcc.c-torture/execute/eeprof-1.c execution,  -O2 
FAIL: gcc.c-torture/execute/eeprof-1.c execution,  -O3 -fomit-frame-pointer 
FAIL: gcc.c-torture/execute/eeprof-1.c execution,  -O3 -g 
FAIL: gcc.c-torture/execute/eeprof-1.c execution,  -Os 
FAIL: gcc.c-torture/execute/ieee/20010114-2.c execution,  -O1 
FAIL: gcc.c-torture/execute/ieee/20010114-2.c execution,  -O2 
FAIL: gcc.c-torture/execute/ieee/20010114-2.c execution,  -Os 
FAIL: gcc.c-torture/execute/ieee/980619-1.c execution,  -O1 
FAIL: gcc.c-torture/execute/ieee/980619-1.c execution,  -O2 
FAIL: gcc.c-torture/execute/ieee/980619-1.c execution,  -O3 -fomit-frame-pointer 
FAIL: gcc.c-torture/execute/ieee/980619-1.c execution,  -O3 -fomit-frame-pointer -funroll-loops 
FAIL: gcc.c-torture/execute/ieee/980619-1.c execution,  -O3 -fomit-frame-pointer -funroll-all-loops -finline-functions 
FAIL: gcc.c-torture/execute/ieee/980619-1.c execution,  -O3 -g 
FAIL: gcc.c-torture/execute/ieee/980619-1.c execution,  -Os 
FAIL: gcc.c-torture/execute/ieee/20010114-2.c execution,  -O1 
FAIL: gcc.c-torture/execute/ieee/20010114-2.c execution,  -O2 
FAIL: gcc.c-torture/execute/ieee/20010114-2.c execution,  -Os 
FAIL: gcc.c-torture/execute/ieee/980619-1.c execution,  -O1 
FAIL: gcc.c-torture/execute/ieee/980619-1.c execution,  -O2 
FAIL: gcc.c-torture/execute/ieee/980619-1.c execution,  -O3 -fomit-frame-pointer 
FAIL: gcc.c-torture/execute/ieee/980619-1.c execution,  -O3 -fomit-frame-pointer -funroll-loops 
FAIL: gcc.c-torture/execute/ieee/980619-1.c execution,  -O3 -fomit-frame-pointer -funroll-all-loops -finline-functions 
FAIL: gcc.c-torture/execute/ieee/980619-1.c execution,  -O3 -g 
FAIL: gcc.c-torture/execute/ieee/980619-1.c execution,  -Os 
FAIL: gcc.dg/cpp/redef2.c prev def va (test for warnings, line 14)
FAIL: gcc.dg/cpp/redef2.c (test for excess errors)
FAIL: gcc.dg/cpp/tr-warn6.c traditional stringification (test for warnings, line 13)
FAIL: gcc.dg/cpp/tr-warn6.c (test for excess errors)
FAIL: gcc.dg/cpp/wchar-1.c execution test
FAIL: gcc.dg/20020103-1.c scan-assembler-not LC
FAIL: gcc.dg/20020118-1.c execution test
FAIL: gcc.dg/20020312-2.c (test for excess errors)
FAIL: gcc.dg/asm-fs-1.c scan-assembler-not \*_bar
FAIL: gcc.dg/asm-names.c (test for excess errors)
FAIL: gcc.dg/attr-invalid.c  (test for warnings, line 52)
FAIL: gcc.dg/attr-invalid.c  (test for warnings, line 55)
FAIL: gcc.dg/attr-invalid.c  (test for warnings, line 56)
FAIL: gcc.dg/c90-array-lval-3.c array not decaying to lvalue (test for errors, line 23)
FAIL: gcc.dg/c90-array-lval-3.c (test for excess errors)
FAIL: gcc.dg/c90-arraydecl-1.c [static quals expr] not in C89 (test for errors, line 25)
FAIL: gcc.dg/c90-arraydecl-1.c [quals static expr] not in C89 (test for errors, line 27)
FAIL: gcc.dg/c90-arraydecl-1.c (test for excess errors)
FAIL: gcc.dg/c90-init-1.c  (test for errors, line 22)
FAIL: gcc.dg/c90-init-1.c (test for excess errors)
FAIL: gcc.dg/c99-complit-2.c array bad init (test for errors, line 66)
FAIL: gcc.dg/c99-complit-2.c (test for excess errors)
FAIL: gcc.dg/c99-float-1.c (test for excess errors)
FAIL: gcc.dg/c99-init-2.c (test for excess errors)
FAIL: gcc.dg/format/c90-scanf-2.c %A in C90 (test for warnings, line 24)
FAIL: gcc.dg/format/c99-printf-2.c printf $ format (test for warnings, line 29)
FAIL: gcc.dg/format/c99-printf-2.c printf I flag (test for warnings, line 31)
FAIL: gcc.dg/noncompile/990416-1.c (test for excess errors)
FAIL: gcc.dg/noncompile/990416-1.c (test for excess errors)
FAIL: gcc.dg/noncompile/990416-1.c (test for excess errors)

		=== gcc Summary ===

# of expected passes		18268
# of unexpected failures	70
# of expected failures		66
# of unsupported tests		116
/tmp/egcs/gcc/xgcc version 3.1.1 20020527 (prerelease)


Compiler version: 3.1.1 20020527 (prerelease) 
Platform: powerpc-ibm-aix4.1.5.0

BOOT_CFLAGS: standard

Counting all warnings,
there are 65 warnings in stage3 of this bootstrap.

Number of warnings per file:
     18	gcc/combine.c
     10	gcc/regclass.c
      4	insn-emit.c
      4	gcc/optabs.c
      4	gcc/gcc.c
      4	gcc/config/rs6000/rs6000.md
      3	gcc/reload1.c
      3	gcc/collect2.c
      2	gcc/reload.c
      2	gcc/java/javaop.def
      2	gcc/fold-const.c
      1	gcc/regmove.c
      1	gcc/read-rtl.c
      1	gcc/objc/lang-specs.h
      1	gcc/libgcc2.c
      1	gcc/java/jvspec.c
      1	gcc/ggc-page.c
      1	gcc/emit-rtl.c
      1	gcc/cp/lang-specs.h
      1	gcc/cp/init.c

Number of warning types:
     35	comparison between signed and unsigned
      7	string length `???' is greater than the length `???' ISO C89 compilers are required to support
      4	unused parameter `???'
      4	operand 3 missing mode?
      3	signed and unsigned type in conditional expression
      3	function declaration isn't a prototype
      2	operation on `???' may be undefined
      2	implicit declaration of function `???'
      2	`???' might be used uninitialized in this function
      1	unused variable `???'
      1	pointer targets in passing arg ??? of `???' differ in signedness
      1	??? format, ??? arg (arg ???)



More information about the Gcc-testresults mailing list