Results for 3.2 20020602 (experimental) testsuite on alphaev6-unknown-linux-gnu

Richard Henderson rth@castro.sfbay.redhat.com
Sun Jun 2 11:09:00 GMT 2002


LAST_UPDATED: Sun Jun  2 08:12:42 UTC 2002

Native configuration is alphaev6-unknown-linux-gnu

		=== libjava tests ===


Running target unix
FAIL: calls run
FAIL: field run
FAIL: final_method run
FAIL: findclass run
FAIL: invoke run
FAIL: martin run
FAIL: noclass run
FAIL: overload run
FAIL: register run
FAIL: simple_int run
FAIL: throwit run
FAIL: virtual run
WARNING: program timed out.
FAIL: cxxtest run

		=== libjava Summary ===

# of expected passes		2152
# of unexpected failures	13
# of expected failures		18
# of untested testcases		27
		=== libstdc++-v3 tests ===


Running target unix
XPASS: 22_locale/ctype_is_char.cc execution test
XPASS: 22_locale/ctype_is_wchar_t.cc execution test
XPASS: 22_locale/members.cc execution test
XPASS: 22_locale/messages_byname.cc execution test
XPASS: 22_locale/messages_members_char.cc execution test
XPASS: 22_locale/money_get_members_char.cc execution test
XPASS: 22_locale/money_put_members_char.cc execution test
XPASS: 22_locale/moneypunct_byname.cc execution test
XPASS: 22_locale/moneypunct_members_char.cc execution test
XPASS: 22_locale/moneypunct_members_wchar_t.cc execution test
XPASS: 22_locale/num_get_members_char.cc execution test
XPASS: 22_locale/num_get_members_wchar_t.cc execution test
XPASS: 22_locale/num_put_members_char.cc execution test
XPASS: 22_locale/num_put_members_wchar_t.cc execution test
XPASS: 22_locale/numpunct_byname.cc execution test
XPASS: 22_locale/numpunct_members_char.cc execution test
XPASS: 22_locale/numpunct_members_wchar_t.cc execution test
XPASS: 22_locale/time_get_members_char.cc execution test
XPASS: 22_locale/time_get_members_wchar_t.cc execution test
XPASS: 22_locale/time_put_members_char.cc execution test
XPASS: 22_locale/time_put_members_wchar_t.cc execution test
FAIL: 26_numerics/c99_classification_macros_c.cc (test for excess errors)

		=== libstdc++-v3 Summary ===

# of expected passes		395
# of unexpected failures	1
# of unexpected successes	21
# of expected failures		5
		=== g++ tests ===


Running target unix
FAIL: g++.dg/template/typename2.C (test for excess errors)
FAIL: g++.dg/warn/Wunused-2.C  (test for warnings, line 5)
FAIL: g++.pt/repo3.C (test for excess errors)

		=== g++ Summary ===

# of expected passes		7347
# of unexpected failures	3
# of expected failures		87
# of untested testcases		22
# of unsupported tests		5
/castro/street/rth/gcc/build/axp/gcc/testsuite/../g++ version 3.2 20020602 (experimental)

		=== g77 tests ===


Running target unix
FAIL: g77.f-torture/execute/6367.f execution,  -O0 
FAIL: g77.f-torture/execute/6367.f execution,  -O1 
FAIL: g77.f-torture/execute/6367.f execution,  -O2 
FAIL: g77.f-torture/execute/6367.f execution,  -O3 -fomit-frame-pointer 
FAIL: g77.f-torture/execute/6367.f execution,  -O3 -fomit-frame-pointer -funroll-loops 
FAIL: g77.f-torture/execute/6367.f execution,  -O3 -fomit-frame-pointer -funroll-all-loops -finline-functions 
FAIL: g77.f-torture/execute/6367.f execution,  -O3 -g 
FAIL: g77.f-torture/execute/6367.f execution,  -Os 

		=== g77 Summary ===

# of expected passes		1618
# of unexpected failures	8
# of unsupported tests		8
/castro/street/rth/gcc/build/axp/gcc/testsuite/../g77 version 3.2 20020602 (experimental)

		=== gcc tests ===


Running target unix
FAIL: gcc.c-torture/execute/pure-1.c compilation,  -O3 -fomit-frame-pointer 
UNRESOLVED: gcc.c-torture/execute/pure-1.c execution,  -O3 -fomit-frame-pointer 
FAIL: gcc.c-torture/execute/pure-1.c compilation,  -O3 -g 
UNRESOLVED: gcc.c-torture/execute/pure-1.c execution,  -O3 -g 
FAIL: cmdlne-dM-M.c: #define line not printed
XPASS: gcc.dg/c99-intconst-1.c (test for excess errors)

		=== gcc Summary ===

# of expected passes		18851
# of unexpected failures	3
# of unexpected successes	1
# of expected failures		74
# of unresolved testcases	2
# of unsupported tests		117
/castro/street/rth/gcc/build/axp/gcc/xgcc version 3.2 20020602 (experimental)

		=== objc tests ===


Running target unix

		=== objc Summary ===

# of expected passes		1035
# of expected failures		6
/castro/street/rth/gcc/build/axp/gcc/xgcc version 3.2 20020602 (experimental)


Compiler version: 3.2 20020602 (experimental) 
Platform: alphaev6-unknown-linux-gnu
configure flags: --host=alphaev6-unknown-linux-gnu --prefix=/castro/street/H-alpha-linux --enable-threads



More information about the Gcc-testresults mailing list