Results for 3.2 20020726 (experimental) testsuite on mmix-knuth-mmixware
Andreas Jaeger
aj@suse.de
Sat Jul 27 03:49:00 GMT 2002
LAST_UPDATED: Sat Jul 27 07:19:17 UTC 2002
Target is mmix-knuth-mmixware
Host is i686-pc-linux-gnu
=== g++ tests ===
Running target mmixware-sim
FAIL: g++.dg/init/byval1.C (test for excess errors)
WARNING: g++.dg/init/byval1.C compilation failed to produce executable
FAIL: g++.dg/init/elide1.C (test for excess errors)
WARNING: g++.dg/init/elide1.C compilation failed to produce executable
FAIL: g++.dg/opt/vt1.C (test for excess errors)
FAIL: g++.dg/warn/Wunused-2.C (test for warnings, line 5)
FAIL: g++.benjamin/17922.C caused compiler crash
FAIL: g++.bob/inherit2.C caused compiler crash
FAIL: g++.brendan/copy2.C caused compiler crash
FAIL: g++.brendan/copy3.C caused compiler crash
FAIL: g++.brendan/copy5.C caused compiler crash
FAIL: g++.brendan/copy8.C caused compiler crash
FAIL: g++.bugs/900520_06.C caused compiler crash
FAIL: g++.eh/new1.C caused compiler crash
FAIL: g++.eh/new2.C caused compiler crash
FAIL: g++.jason/byval.C caused compiler crash
FAIL: g++.jason/cast3.C caused compiler crash
FAIL: g++.jason/rvalue1.C caused compiler crash
FAIL: g++.jason/thunk1.C caused compiler crash
FAIL: g++.law/code-gen5.C caused compiler crash
FAIL: g++.law/copy1.C caused compiler crash
FAIL: g++.law/dtors5.C caused compiler crash
FAIL: g++.mike/eh56.C caused compiler crash
FAIL: g++.mike/net16.C caused compiler crash
FAIL: g++.mike/p646.C caused compiler crash
FAIL: g++.mike/p700.C caused compiler crash
FAIL: g++.mike/p755.C Execution test
FAIL: g++.mike/p755a.C Execution test
FAIL: g++.mike/unroll1.C caused compiler crash
FAIL: g++.oliva/inline1.C caused compiler crash
FAIL: g++.other/crash39.C caused compiler crash
FAIL: g++.other/dtor10.C caused compiler crash
FAIL: g++.other/dtor11.C caused compiler crash
FAIL: g++.other/dtor6.C caused compiler crash
FAIL: g++.other/inline7.C caused compiler crash
FAIL: g++.other/optimize2.C caused compiler crash
FAIL: g++.other/thunk1.C caused compiler crash
FAIL: g++.pt/auto_ptr.C caused compiler crash
FAIL: g++.pt/codegen1.C caused compiler crash
FAIL: g++.pt/t18.C caused compiler crash
FAIL: g++.pt/ttp64.C caused compiler crash
FAIL: g++.pt/vaarg3.C caused compiler crash
FAIL: g++.robertl/eb73.C caused compiler crash
FAIL: g++.robertl/eh990323-1.C caused compiler crash
=== g++ Summary ===
# of expected passes 7106
# of unexpected failures 42
# of expected failures 87
# of untested testcases 32
# of unsupported tests 8
/mmix/mmix/build/gcc/testsuite/../g++ version 3.2 20020726 (experimental)
Host is i686-pc-linux-gnu
=== g77 tests ===
Running target mmixware-sim
FAIL: g77.f-torture/compile/20010321-1.f, -O3 -g
FAIL: g77.f-torture/compile/cpp.F, -O3 -g
FAIL: g77.f-torture/compile/cpp2.F, -O3 -g
FAIL: g77.f-torture/execute/970625-2.f compilation, -O1
FAIL: g77.f-torture/execute/erfc.f execution, -O2
FAIL: g77.f-torture/execute/erfc.f execution, -O3 -fomit-frame-pointer
FAIL: g77.f-torture/execute/erfc.f execution, -O3 -g
FAIL: g77.f-torture/execute/erfc.f execution, -Os
FAIL: g77.f-torture/execute/cpp.F compilation, -O3 -g
FAIL: g77.f-torture/execute/cpp2.F compilation, -O3 -g
=== g77 Summary ===
# of expected passes 1454
# of unexpected failures 10
# of expected failures 80
# of untested testcases 51
# of unsupported tests 9
/mmix/mmix/build/gcc/testsuite/../g77 version 3.2 20020726 (experimental)
Host is i686-pc-linux-gnu
=== gcc tests ===
Running target mmixware-sim
WARNING: program timed out.
FAIL: gcc.c-torture/compile/20001226-1.c, -Os
FAIL: gcc.c-torture/compile/simd-1.c, -O1
FAIL: gcc.c-torture/compile/simd-1.c, -O2
FAIL: gcc.c-torture/compile/simd-1.c, -O3 -fomit-frame-pointer
FAIL: gcc.c-torture/compile/simd-1.c, -O3 -g
FAIL: gcc.c-torture/compile/simd-1.c, -Os
FAIL: gcc.c-torture/execute/20020720-1.c compilation, -O1
UNRESOLVED: gcc.c-torture/execute/20020720-1.c execution, -O1
FAIL: gcc.c-torture/execute/20020720-1.c compilation, -O2
UNRESOLVED: gcc.c-torture/execute/20020720-1.c execution, -O2
FAIL: gcc.c-torture/execute/20020720-1.c compilation, -O3 -fomit-frame-pointer
UNRESOLVED: gcc.c-torture/execute/20020720-1.c execution, -O3 -fomit-frame-pointer
FAIL: gcc.c-torture/execute/20020720-1.c compilation, -O3 -g
UNRESOLVED: gcc.c-torture/execute/20020720-1.c execution, -O3 -g
FAIL: gcc.c-torture/execute/20020720-1.c compilation, -Os
UNRESOLVED: gcc.c-torture/execute/20020720-1.c execution, -Os
FAIL: gcc.c-torture/execute/simd-2.c execution, -O3 -fomit-frame-pointer
FAIL: gcc.c-torture/execute/simd-2.c execution, -O3 -g
FAIL: cmdlne-dM-M.c: #define line not printed
FAIL: gcc.dg/20010822-1.c execution test
WARNING: program timed out.
FAIL: gcc.dg/c99-intconst-1.c (test for excess errors)
FAIL: gcc.dg/nest.c (test for excess errors)
WARNING: gcc.dg/nest.c compilation failed to produce executable
FAIL: gcc.dg/uninit-A.c uninitialized variable warning (test for bogus messages, line 52)
FAIL: gcc.dg/uninit-A.c uninitialized variable warning (test for bogus messages, line 53)
=== gcc Summary ===
# of expected passes 18852
# of unexpected failures 19
# of expected failures 71
# of unresolved testcases 5
# of unsupported tests 145
/mmix/mmix/build/gcc/xgcc version 3.2 20020726 (experimental)
Host is i686-pc-linux-gnu
=== objc tests ===
Running target mmixware-sim
=== objc Summary ===
# of expected passes 1043
# of expected failures 6
/mmix/mmix/build/gcc/xgcc version 3.2 20020726 (experimental)
Compiler version: 3.2 20020726 (experimental)
Platform: mmix-knuth-mmixware
configure flags: --host=i686-pc-linux-gnu --target=mmix --prefix=/mmix/mmix/install --enable-languages=c,c++,objc,f77,ada --disable-nls --with-newlib --with-gnu-as --with-gnu-ld
More information about the Gcc-testresults
mailing list