Results for 3.2 20020720 (experimental) testsuite on hppa1.1-hp-hpux11.00
Michael Ritzert
michael.ritzert@realtech.de
Tue Jul 23 00:13:00 GMT 2002
LAST_UPDATED: Sam Jul 20 18:34:46 UTC 2002
Native configuration is hppa1.1-hp-hpux11.00
=== g++ tests ===
Running target unix
FAIL: g++.dg/abi/vague1.C scan-assembler-not _ZN1AIiE1tE
FAIL: g++.dg/warn/Wunused-2.C (test for warnings, line 5)
FAIL: g++.dg/warn/weak1.C (test for excess errors)
FAIL: g++.ext/attrib5.C (test for excess errors)
FAIL: g++.law/profile1.C (test for excess errors)
XPASS: g++.mike/eh33.C (test for excess errors)
XPASS: g++.mike/eh33.C Execution test
XPASS: g++.mike/eh50.C (test for excess errors)
XPASS: g++.mike/eh50.C Execution test
FAIL: g++.other/comdat3.C (test for excess errors)
FAIL: g++.other/mangle3.C (test for excess errors)
=== g++ Summary ===
# of expected passes 7308
# of unexpected failures 7
# of unexpected successes 4
# of expected failures 99
# of untested testcases 23
# of unsupported tests 5
/var/compile/alina-auto/gcc/testsuite/../g++ version 3.2 20020720 (experimental)
=== gcc tests ===
Running target unix
FAIL: gcc.c-torture/compile/simd-2.c, -O1
FAIL: gcc.c-torture/compile/simd-2.c, -O2
FAIL: gcc.c-torture/compile/simd-2.c, -O3 -fomit-frame-pointer
FAIL: gcc.c-torture/compile/simd-2.c, -O3 -g
FAIL: gcc.c-torture/compile/simd-2.c, -Os
WARNING: program timed out.
FAIL: gcc.c-torture/compile/20001226-1.c, -O1
WARNING: program timed out.
FAIL: gcc.c-torture/compile/20001226-1.c, -O2
WARNING: program timed out.
FAIL: gcc.c-torture/compile/20001226-1.c, -O3 -fomit-frame-pointer
WARNING: program timed out.
FAIL: gcc.c-torture/compile/20001226-1.c, -O3 -g
WARNING: program timed out.
FAIL: gcc.c-torture/compile/20001226-1.c, -Os
FAIL: gcc.c-torture/execute/20020412-1.c compilation, -O0
UNRESOLVED: gcc.c-torture/execute/20020412-1.c execution, -O0
FAIL: gcc.c-torture/execute/20020412-1.c compilation, -O1
UNRESOLVED: gcc.c-torture/execute/20020412-1.c execution, -O1
FAIL: gcc.c-torture/execute/20020412-1.c compilation, -O2
UNRESOLVED: gcc.c-torture/execute/20020412-1.c execution, -O2
FAIL: gcc.c-torture/execute/20020412-1.c compilation, -O3 -fomit-frame-pointer
UNRESOLVED: gcc.c-torture/execute/20020412-1.c execution, -O3 -fomit-frame-pointer
FAIL: gcc.c-torture/execute/20020412-1.c compilation, -O3 -fomit-frame-pointer -funroll-loops
UNRESOLVED: gcc.c-torture/execute/20020412-1.c execution, -O3 -fomit-frame-pointer -funroll-loops
FAIL: gcc.c-torture/execute/20020412-1.c compilation, -O3 -fomit-frame-pointer -funroll-all-loops -finline-functions
UNRESOLVED: gcc.c-torture/execute/20020412-1.c execution, -O3 -fomit-frame-pointer -funroll-all-loops -finline-functions
FAIL: gcc.c-torture/execute/20020412-1.c compilation, -O3 -g
UNRESOLVED: gcc.c-torture/execute/20020412-1.c execution, -O3 -g
FAIL: gcc.c-torture/execute/20020412-1.c compilation, -Os
UNRESOLVED: gcc.c-torture/execute/20020412-1.c execution, -Os
FAIL: gcc.c-torture/execute/va-arg-22.c execution, -O0
FAIL: gcc.c-torture/execute/va-arg-22.c execution, -O1
FAIL: gcc.c-torture/execute/va-arg-22.c execution, -O2
FAIL: gcc.c-torture/execute/va-arg-22.c execution, -O3 -fomit-frame-pointer
FAIL: gcc.c-torture/execute/va-arg-22.c execution, -O3 -fomit-frame-pointer -funroll-loops
FAIL: gcc.c-torture/execute/va-arg-22.c execution, -O3 -fomit-frame-pointer -funroll-all-loops -finline-functions
FAIL: gcc.c-torture/execute/va-arg-22.c execution, -O3 -g
FAIL: gcc.c-torture/execute/va-arg-22.c execution, -Os
FAIL: cmdlne-dM-M.c: #define line not printed
FAIL: gcc.dg/20020219-1.c execution test
FAIL: gcc.dg/20020312-2.c (test for excess errors)
WARNING: gcc.dg/20020312-2.c compilation failed to produce executable
FAIL: gcc.dg/asm-names.c (test for excess errors)
FAIL: gcc.dg/inline-1.c scan-assembler-not xyzzy
FAIL: gcc.dg/nest.c (test for excess errors)
WARNING: gcc.dg/nest.c compilation failed to produce executable
FAIL: gcc.dg/simd-1.c (test for excess errors)
FAIL: gcc.dg/struct-ret-1.c (test for excess errors)
WARNING: gcc.dg/struct-ret-1.c compilation failed to produce executable
FAIL: gcc.dg/weak-1.c scan-assembler weak[^ ]*[ ]_?a
FAIL: gcc.dg/weak-1.c scan-assembler weak[^ ]*[ ]_?b
FAIL: gcc.dg/weak-1.c scan-assembler weak[^ ]*[ ]_?c
FAIL: gcc.dg/weak-1.c scan-assembler weak[^ ]*[ ]_?d
FAIL: gcc.dg/weak-1.c scan-assembler weak[^ ]*[ ]_?e
FAIL: gcc.dg/weak-1.c scan-assembler weak[^ ]*[ ]_?g
FAIL: gcc.dg/weak-1.c scan-assembler weak[^ ]*[ ]_?j
FAIL: gcc.dg/weak-2.c applying #pragma weak (test for warnings, line 33)
FAIL: gcc.dg/weak-2.c scan-assembler weak[^ ]*[ ]_?ffoo1a
FAIL: gcc.dg/weak-2.c scan-assembler weak[^ ]*[ ]_?ffoo1b
FAIL: gcc.dg/weak-2.c scan-assembler weak[^ ]*[ ]_?ffoo1c
FAIL: gcc.dg/weak-2.c scan-assembler weak[^ ]*[ ]_?ffoo1e
FAIL: gcc.dg/weak-3.c (test for excess errors)
FAIL: gcc.dg/weak-3.c scan-assembler weak[^ ]*[ ]_?ffoo1a
FAIL: gcc.dg/weak-3.c scan-assembler weak[^ ]*[ ]_?ffoo1b
FAIL: gcc.dg/weak-3.c scan-assembler weak[^ ]*[ ]_?ffoo1c
FAIL: gcc.dg/weak-3.c scan-assembler weak[^ ]*[ ]_?ffoo1e
FAIL: gcc.dg/weak-3.c scan-assembler weak[^ ]*[ ]_?ffoo1f
FAIL: gcc.dg/weak-3.c scan-assembler weak[^ ]*[ ]_?ffoo1g
FAIL: gcc.dg/weak-4.c applying #pragma weak (test for warnings, line 41)
FAIL: gcc.dg/weak-4.c applying #pragma weak (test for warnings, line 73)
FAIL: gcc.dg/weak-4.c scan-assembler weak[^ ]*[ ]_?vfoo1a
FAIL: gcc.dg/weak-4.c scan-assembler weak[^ ]*[ ]_?vfoo1b
FAIL: gcc.dg/weak-4.c scan-assembler weak[^ ]*[ ]_?vfoo1c
FAIL: gcc.dg/weak-4.c scan-assembler weak[^ ]*[ ]_?vfoo1d
FAIL: gcc.dg/weak-4.c scan-assembler weak[^ ]*[ ]_?vfoo1e
FAIL: gcc.dg/weak-4.c scan-assembler weak[^ ]*[ ]_?vfoo1f
FAIL: gcc.dg/weak-4.c scan-assembler weak[^ ]*[ ]_?vfoo1g
FAIL: gcc.dg/weak-4.c scan-assembler weak[^ ]*[ ]_?vfoo1h
FAIL: gcc.dg/weak-4.c scan-assembler weak[^ ]*[ ]_?vfoo1i
FAIL: gcc.dg/weak-4.c scan-assembler weak[^ ]*[ ]_?vfoo1j
FAIL: gcc.dg/weak-4.c scan-assembler weak[^ ]*[ ]_?vfoo1k
FAIL: gcc.dg/weak-5.c (test for excess errors)
FAIL: gcc.dg/weak-5.c scan-assembler weak[^ ]*[ ]_?vfoo1a
FAIL: gcc.dg/weak-5.c scan-assembler weak[^ ]*[ ]_?vfoo1b
FAIL: gcc.dg/weak-5.c scan-assembler weak[^ ]*[ ]_?vfoo1c
FAIL: gcc.dg/weak-5.c scan-assembler weak[^ ]*[ ]_?vfoo1d
FAIL: gcc.dg/weak-5.c scan-assembler weak[^ ]*[ ]_?vfoo1e
FAIL: gcc.dg/weak-5.c scan-assembler weak[^ ]*[ ]_?vfoo1f
FAIL: gcc.dg/weak-5.c scan-assembler weak[^ ]*[ ]_?vfoo1g
FAIL: gcc.dg/weak-5.c scan-assembler weak[^ ]*[ ]_?vfoo1h
FAIL: gcc.dg/weak-5.c scan-assembler weak[^ ]*[ ]_?vfoo1i
FAIL: gcc.dg/weak-5.c scan-assembler weak[^ ]*[ ]_?vfoo1j
FAIL: gcc.dg/weak-5.c scan-assembler weak[^ ]*[ ]_?vfoo1k
FAIL: gcc.dg/weak-5.c scan-assembler weak[^ ]*[ ]_?vfoo1l
FAIL: gcc.dg/weak-6.c (test for errors, line 4)
FAIL: gcc.dg/weak-7.c (test for excess errors)
FAIL: gcc.dg/weak-8.c (test for excess errors)
FAIL: gcc.dg/weak-9.c (test for excess errors)
FAIL: gcc.dg/weak-9.c scan-assembler weak[^ ]*[ ]_?f1
FAIL: gcc.dg/weak-9.c scan-assembler weak[^ ]*[ ]_?f2
FAIL: gcc.dg/weak-9.c scan-assembler weak[^ ]*[ ]_?f3
FAIL: gcc.dg/weak-9.c scan-assembler weak[^ ]*[ ]_?f4
FAIL: gcc.dg/weak-9.c scan-assembler notf1
FAIL: gcc.dg/weak-9.c scan-assembler notf2
FAIL: gcc.dg/weak-9.c scan-assembler notf3
FAIL: gcc.dg/weak-9.c scan-assembler notf4
UNRESOLVED: weak-1.c
UNRESOLVED: weak-2.c
UNRESOLVED: wkali-1.c
UNRESOLVED: wkali-2.c
=== gcc Summary ===
# of expected passes 18950
# of unexpected failures 91
# of expected failures 71
# of unresolved testcases 12
# of unsupported tests 136
/var/compile/alina-auto/gcc/xgcc version 3.2 20020720 (experimental)
=== libstdc++-v3 tests ===
Running target unix
XPASS: 22_locale/collate_members_wchar_t.cc execution test
XPASS: 22_locale/ctype_is_wchar_t.cc execution test
XPASS: 22_locale/money_get_members_wchar_t.cc execution test
XPASS: 22_locale/money_put_members_wchar_t.cc execution test
XPASS: 22_locale/moneypunct_members_wchar_t.cc execution test
XPASS: 22_locale/num_get_members_wchar_t.cc execution test
XPASS: 22_locale/num_put_members_wchar_t.cc execution test
XPASS: 22_locale/numpunct_members_wchar_t.cc execution test
XPASS: 22_locale/time_get_members_wchar_t.cc execution test
XPASS: 22_locale/time_put_members_wchar_t.cc execution test
FAIL: 26_numerics/c99_classification_macros_c.cc (test for excess errors)
=== libstdc++-v3 Summary ===
# of expected passes 393
# of unexpected failures 1
# of unexpected successes 10
# of expected failures 17
# of unsupported tests 6
Compiler version: 3.2 20020720 (experimental)
Platform: hppa1.1-hp-hpux11.00
configure flags: --host=hppa1.1-hp-hpux11.00 --enable-languages=c++ --prefix=/opt/gcc-3.0 --with-gnu-as --with-as=/opt/binutils/bin/as
More information about the Gcc-testresults
mailing list