Results for 3.220020720(experimental) testsuite on alpha-unknown-linux-gnu

Michael Ritzert michael.ritzert@realtech.de
Mon Jul 22 00:03:00 GMT 2002


LAST_UPDATED: Sam Jul 20 18:34:46 UTC 2002

Native configuration is alpha-unknown-linux-gnu

		=== libjava tests ===


Running target unix
FAIL: PR1343 compilation from bytecode
FAIL: PR1343 -O compilation from bytecode
FAIL: calls run
FAIL: cxxtest run
FAIL: field run
FAIL: final_method run
FAIL: findclass run
FAIL: invoke run
FAIL: martin run
FAIL: noclass run
FAIL: overload run
FAIL: register run
FAIL: simple_int run
FAIL: throwit run
FAIL: virtual run
FAIL: Array_3 compilation from bytecode
FAIL: Array_3 -O execution - source compiled test
FAIL: Array_3 -O compilation from bytecode
WARNING: program timed out.
FAIL: StringBuffer_1 execution - source compiled test
WARNING: program timed out.
FAIL: StringBuffer_1 execution - bytecode->native test
WARNING: program timed out.
FAIL: StringBuffer_1 -O execution - source compiled test
WARNING: program timed out.
FAIL: StringBuffer_1 -O execution - bytecode->native test

		=== libjava Summary ===

# of expected passes		2170
# of unexpected failures	22
# of expected failures		14
# of untested testcases		30
		=== libstdc++-v3 tests ===


Running target unix
XPASS: 22_locale/ctype_is_wchar_t.cc execution test
FAIL: 26_numerics/c99_classification_macros_c.cc (test for excess errors)
WARNING: program timed out.
FAIL: thread/pthread4.cc execution test

		=== libstdc++-v3 Summary ===

# of expected passes		404
# of unexpected failures	2
# of unexpected successes	1
# of expected failures		26
		=== g++ tests ===


Running target unix
FAIL: g++.dg/warn/Wunused-2.C  (test for warnings, line 5)
FAIL: g++.bugs/900210_02.C  (test for errors, line 109)
FAIL: g++.bugs/900210_02.C (test for excess errors)

		=== g++ Summary ===

# of expected passes		7442
# of unexpected failures	3
# of expected failures		89
# of untested testcases		22
# of unsupported tests		5
/home/ritzert/gcc/obj/gcc/testsuite/../g++ version 3.2 20020720 (experimental)

		=== g77 tests ===


Running target unix
FAIL: g77.f-torture/execute/6367.f execution,  -O0 
FAIL: g77.f-torture/execute/6367.f execution,  -O1 
FAIL: g77.f-torture/execute/6367.f execution,  -O2 
FAIL: g77.f-torture/execute/6367.f execution,  -O3 -fomit-frame-pointer 
FAIL: g77.f-torture/execute/6367.f execution,  -O3 -fomit-frame-pointer -funroll-loops 
FAIL: g77.f-torture/execute/6367.f execution,  -O3 -fomit-frame-pointer -funroll-all-loops -finline-functions 
FAIL: g77.f-torture/execute/6367.f execution,  -O3 -g 
FAIL: g77.f-torture/execute/6367.f execution,  -Os 

		=== g77 Summary ===

# of expected passes		1618
# of unexpected failures	8
# of unsupported tests		8
/home/ritzert/gcc/obj/gcc/testsuite/../g77 version 3.2 20020720 (experimental)

		=== gcc tests ===


Running target unix
WARNING: program timed out.
FAIL: gcc.c-torture/compile/20001226-1.c,  -O0  
WARNING: program timed out.
FAIL: gcc.c-torture/compile/20001226-1.c,  -O1  
WARNING: program timed out.
FAIL: gcc.c-torture/compile/20001226-1.c,  -O2  
WARNING: program timed out.
FAIL: gcc.c-torture/compile/20001226-1.c,  -O3 -fomit-frame-pointer  
WARNING: program timed out.
FAIL: gcc.c-torture/compile/20001226-1.c,  -O3 -g  
WARNING: program timed out.
FAIL: gcc.c-torture/compile/20001226-1.c,  -Os  
FAIL: cmdlne-dM-M.c: #define line not printed
WARNING: program timed out.
WARNING: program timed out.
FAIL: gcc.dg/c99-intconst-1.c (test for excess errors)

		=== gcc Summary ===

# of expected passes		19250
# of unexpected failures	8
# of expected failures		73
# of unsupported tests		120
/home/ritzert/gcc/obj/gcc/xgcc version 3.2 20020720 (experimental)

		=== objc tests ===


Running target unix

		=== objc Summary ===

# of expected passes		1043
# of expected failures		6
/home/ritzert/gcc/obj/gcc/xgcc version 3.2 20020720 (experimental)


Compiler version: 3.220020720(experimental) 
Platform: alpha-unknown-linux-gnu
configure flags: --host=alpha-unknown-linux-gnu --enable-threads --prefix=/home/ritzert/gcc/install

Counting all warnings,
there are 89 warnings in stage3 of this bootstrap.

Number of warnings per file:
     16	gcc/gengtype-lex.c
     12	gcc/ra-debug.c
     10	gcc/regclass.c
      9	gcc/ra-rewrite.c
      7	gcc/ra-build.c
      3	gcc/unroll.c
      3	gcc/optabs.c
      3	gcc/java/class.c
      3	/usr/share/bison/bison.simple
      2	gtype-desc.c
      2	gt-except.h
      2	gcc/ra-colorize.c
      2	gcc/libgcc2.c
      2	gcc/cp/decl.c
      1	gt-integrate.h
      1	gcc/varasm.c
      1	gcc/simplify-rtx.c
      1	gcc/reload1.c
      1	gcc/reload.c
      1	gcc/regrename.c
      1	gcc/objc/objc-act.c
      1	gcc/java/jvspec.c
      1	gcc/gcc.c
      1	gcc/function.c
      1	gcc/f/where.c
      1	gcc/df.c
      1	gcc/cp/lang-specs.h

Number of warning types:
     23	comparison between signed and unsigned
     17	traditional C rejects ISO C style function definitions
      7	traditional C rejects string concatenation
      7	traditional C rejects automatic aggregate initialization
      6	cast from pointer to integer of different size
      6	??? format, ??? arg (arg ???)
      4	signed and unsigned type in conditional expression
      4	`???' might be used uninitialized in this function
      3	string length `???' is greater than the length `???' ISO C89 compilers are required to support
      3	label `???' defined but not used
      2	unused variable `???'
      2	traditional C rejects the `U' suffix
      2	`???' defined but not used
      1	unused parameter `???'
      1	comparison is always false due to limited range of data type
      1	`long' switch expression not converted to `int' in ISO C



More information about the Gcc-testresults mailing list