Results for 3.2 20020714(experimental) testsuite on armv5l-unknown-linux-gnu
jeroen dobbelaere
jeroen.dobbelaere@acunia.com
Mon Jul 15 06:05:00 GMT 2002
With patch <http://gcc.gnu.org/ml/gcc-patches/2002-07/msg00221.html>
jeroen dobbelaere wrote:
> kernel : 2.4.16-rmk1-xng1,
> binutils-2.12.90.0.11
> glibc-2.2.5 + arm patch
>
> LAST_UPDATED: Sun Jul 14 16:57:31 UTC 2002
>
> Native configuration is armv5l-unknown-linux-gnu
>
> === libstdc++-v3 tests ===
>
>
> Running target unix
> FAIL: 18_support/numeric_limits.cc execution test
> XPASS: 22_locale/ctype_is_wchar_t.cc execution test
> FAIL: 26_numerics/c99_classification_macros_c.cc (test for excess errors)
>
> === libstdc++-v3 Summary ===
>
> # of expected passes 402
> # of unexpected failures 2
> # of unexpected successes 1
> # of expected failures 26
> === g++ tests ===
>
>
> Running target unix
> FAIL: g++.dg/warn/Wunused-2.C (test for warnings, line 5)
> FAIL: g++.dg/gcov/gcov-1.C gcov: 361: expected branch percentages not
> found: 25
>
> === g++ Summary ===
>
> # of expected passes 7418
> # of unexpected failures 2
> # of expected failures 89
> # of untested testcases 23
> # of unsupported tests 5
> /usr/src/cvs-others/gcc-trees/gcc-head/build-tmp-0/gcc/testsuite/../g++
> version 3.2 20020714 (experimental)
>
> === g77 tests ===
>
>
> Running target unix
> FAIL: g77.f-torture/execute/6367.f execution, -O0
> FAIL: g77.f-torture/execute/6367.f execution, -O1
> FAIL: g77.f-torture/execute/6367.f execution, -O2
> FAIL: g77.f-torture/execute/6367.f execution, -O3 -fomit-frame-pointer
> FAIL: g77.f-torture/execute/6367.f execution, -O3 -fomit-frame-pointer
> -funroll-loops
> FAIL: g77.f-torture/execute/6367.f execution, -O3 -fomit-frame-pointer
> -funroll-all-loops -finline-functions
> FAIL: g77.f-torture/execute/6367.f execution, -O3 -g
> FAIL: g77.f-torture/execute/6367.f execution, -Os
>
> === g77 Summary ===
>
> # of expected passes 1618
> # of unexpected failures 8
> # of unsupported tests 8
> /usr/src/cvs-others/gcc-trees/gcc-head/build-tmp-0/gcc/testsuite/../g77
> version 3.2 20020714 (experimental)
>
> === gcc tests ===
>
>
> Running target unix
> FAIL: gcc.c-torture/execute/20000808-1.c execution, -O2
> FAIL: gcc.c-torture/execute/20000808-1.c execution, -Os
> FAIL: gcc.c-torture/execute/20020201-1.c execution, -O0
> FAIL: gcc.c-torture/execute/20020201-1.c execution, -O1
> FAIL: gcc.c-torture/execute/20020201-1.c execution, -O2
> FAIL: gcc.c-torture/execute/20020201-1.c execution, -O3
> -fomit-frame-pointer
> FAIL: gcc.c-torture/execute/20020201-1.c execution, -O3 -g
> FAIL: gcc.c-torture/execute/20020201-1.c execution, -Os
> FAIL: gcc.c-torture/execute/20020412-1.c execution, -O0
> FAIL: gcc.c-torture/execute/20020412-1.c execution, -O1
> FAIL: gcc.c-torture/execute/20020412-1.c execution, -O2
> FAIL: gcc.c-torture/execute/20020412-1.c execution, -O3
> -fomit-frame-pointer
> FAIL: gcc.c-torture/execute/20020412-1.c execution, -O3
> -fomit-frame-pointer -funroll-loops
> FAIL: gcc.c-torture/execute/20020412-1.c execution, -O3
> -fomit-frame-pointer -funroll-all-loops -finline-functions
> FAIL: gcc.c-torture/execute/20020412-1.c execution, -O3 -g
> FAIL: gcc.c-torture/execute/20020412-1.c execution, -Os
> FAIL: gcc.c-torture/execute/920501-2.c execution, -O0
> FAIL: gcc.c-torture/execute/920501-2.c execution, -O1
> FAIL: gcc.c-torture/execute/920501-2.c execution, -O2
> FAIL: gcc.c-torture/execute/920501-2.c execution, -O3 -fomit-frame-pointer
> FAIL: gcc.c-torture/execute/920501-2.c execution, -O3
> -fomit-frame-pointer -funroll-loops
> FAIL: gcc.c-torture/execute/920501-2.c execution, -O3
> -fomit-frame-pointer -funroll-all-loops -finline-functions
> FAIL: gcc.c-torture/execute/920501-2.c execution, -O3 -g
> FAIL: gcc.c-torture/execute/920501-2.c execution, -Os
> FAIL: gcc.c-torture/execute/920501-6.c execution, -O0
> FAIL: gcc.c-torture/execute/920501-6.c execution, -O1
> FAIL: gcc.c-torture/execute/920501-6.c execution, -O2
> FAIL: gcc.c-torture/execute/920501-6.c execution, -O3 -fomit-frame-pointer
> FAIL: gcc.c-torture/execute/920501-6.c execution, -O3
> -fomit-frame-pointer -funroll-loops
> FAIL: gcc.c-torture/execute/920501-6.c execution, -O3
> -fomit-frame-pointer -funroll-all-loops -finline-functions
> FAIL: gcc.c-torture/execute/920501-6.c execution, -O3 -g
> FAIL: gcc.c-torture/execute/920501-6.c execution, -Os
> FAIL: gcc.c-torture/execute/920604-1.c execution, -O0
> FAIL: gcc.c-torture/execute/990208-1.c execution, -O3 -fomit-frame-pointer
> FAIL: gcc.c-torture/execute/990208-1.c execution, -O3 -g
> FAIL: gcc.c-torture/execute/arith-rand-ll.c execution, -O0
> FAIL: gcc.c-torture/execute/arith-rand-ll.c execution, -O1
> FAIL: gcc.c-torture/execute/arith-rand-ll.c execution, -O2
> FAIL: gcc.c-torture/execute/arith-rand-ll.c execution, -O3
> -fomit-frame-pointer
> FAIL: gcc.c-torture/execute/arith-rand-ll.c execution, -O3
> -fomit-frame-pointer -funroll-loops
> FAIL: gcc.c-torture/execute/arith-rand-ll.c execution, -O3
> -fomit-frame-pointer -funroll-all-loops -finline-functions
> FAIL: gcc.c-torture/execute/arith-rand-ll.c execution, -O3 -g
> FAIL: gcc.c-torture/execute/arith-rand-ll.c execution, -Os
> FAIL: gcc.c-torture/execute/divconst-3.c execution, -O0
> FAIL: gcc.c-torture/execute/divconst-3.c execution, -O1
> FAIL: gcc.c-torture/execute/divconst-3.c execution, -O2
> FAIL: gcc.c-torture/execute/divconst-3.c execution, -O3
> -fomit-frame-pointer
> FAIL: gcc.c-torture/execute/divconst-3.c execution, -O3 -g
> FAIL: gcc.c-torture/execute/divconst-3.c execution, -Os
> FAIL: cmdlne-dM-M.c: #define line not printed
> FAIL: gcc.dg/gnu89-init-1.c (test for excess errors)
> FAIL: gcc.dg/pack-test-1.c (test for excess errors)
> FAIL: gcc.dg/pack-test-2.c (test for errors, line 7)
> FAIL: gcc.dg/pack-test-2.c (test for errors, line 14)
> FAIL: gcc.dg/pack-test-2.c (test for errors, line 19)
> FAIL: gcc.dg/pack-test-2.c (test for excess errors)
> FAIL: gcc.dg/simd-1.c (test for excess errors)
> FAIL: gcc.dg/format/c99-scanf-1.c %hhu sign (test for warnings, line 144)
> FAIL: gcc.dg/format/c99-scanf-1.c (test for excess errors)
> FAIL: gcc.misc-tests/gcov-4b.c gcov: 309: expected branch percentages
> not found: 25
>
> === gcc Summary ===
>
> # of expected passes 19157
> # of unexpected failures 60
> # of expected failures 63
> # of unsupported tests 130
> /usr/src/cvs-others/gcc-trees/gcc-head/build-tmp-0/gcc/xgcc version 3.2
> 20020714 (experimental)
>
> === objc tests ===
>
>
> Running target unix
>
> === objc Summary ===
>
> # of expected passes 1043
> # of expected failures 6
> /usr/src/cvs-others/gcc-trees/gcc-head/build-tmp-0/gcc/xgcc version 3.2
> 20020714 (experimental)
>
>
> Compiler version: 3.2 20020714(experimental)
> Platform: armv5l-unknown-linux-gnu
> configure flags: --host=armv5l-unknown-linux-gnu
> --prefix=/usr/local/gcc-3.2-cvs --with-cpu=xscale
--
Jeroen Dobbelaere
Embedded Software Engineer
ACUNIA Embedded Solutions
http://www.acunia.com/aes
More information about the Gcc-testresults
mailing list