Results for 3.2 20020713 (experimental) testsuite on fr30-unknown-elf
Andreas Jaeger
aj@suse.de
Sat Jul 13 15:46:00 GMT 2002
LAST_UPDATED: Sat Jul 13 12:56:05 UTC 2002
Target is fr30-unknown-elf
Host is i686-pc-linux-gnu
=== g++ tests ===
Running target fr30-sim
FAIL: g++.dg/bprob/bprob-1.C compilation, -g -fprofile-arcs
UNRESOLVED: g++.dg/bprob/bprob-1.C execution, -g -fprofile-arcs
UNRESOLVED: g++.dg/bprob/bprob-1.C compilation, -g -fbranch-probabilities
UNRESOLVED: g++.dg/bprob/bprob-1.C execution, -g -fbranch-probabilities
FAIL: g++.dg/bprob/bprob-1.C compilation, -O0 -fprofile-arcs
UNRESOLVED: g++.dg/bprob/bprob-1.C execution, -O0 -fprofile-arcs
UNRESOLVED: g++.dg/bprob/bprob-1.C compilation, -O0 -fbranch-probabilities
UNRESOLVED: g++.dg/bprob/bprob-1.C execution, -O0 -fbranch-probabilities
FAIL: g++.dg/bprob/bprob-1.C compilation, -O1 -fprofile-arcs
UNRESOLVED: g++.dg/bprob/bprob-1.C execution, -O1 -fprofile-arcs
UNRESOLVED: g++.dg/bprob/bprob-1.C compilation, -O1 -fbranch-probabilities
UNRESOLVED: g++.dg/bprob/bprob-1.C execution, -O1 -fbranch-probabilities
FAIL: g++.dg/bprob/bprob-1.C compilation, -O2 -fprofile-arcs
UNRESOLVED: g++.dg/bprob/bprob-1.C execution, -O2 -fprofile-arcs
UNRESOLVED: g++.dg/bprob/bprob-1.C compilation, -O2 -fbranch-probabilities
UNRESOLVED: g++.dg/bprob/bprob-1.C execution, -O2 -fbranch-probabilities
FAIL: g++.dg/bprob/bprob-1.C compilation, -O3 -fprofile-arcs
UNRESOLVED: g++.dg/bprob/bprob-1.C execution, -O3 -fprofile-arcs
UNRESOLVED: g++.dg/bprob/bprob-1.C compilation, -O3 -fbranch-probabilities
UNRESOLVED: g++.dg/bprob/bprob-1.C execution, -O3 -fbranch-probabilities
FAIL: g++.dg/bprob/bprob-1.C compilation, -O3 -g -fprofile-arcs
UNRESOLVED: g++.dg/bprob/bprob-1.C execution, -O3 -g -fprofile-arcs
UNRESOLVED: g++.dg/bprob/bprob-1.C compilation, -O3 -g -fbranch-probabilities
UNRESOLVED: g++.dg/bprob/bprob-1.C execution, -O3 -g -fbranch-probabilities
FAIL: g++.dg/bprob/bprob-1.C compilation, -Os -fprofile-arcs
UNRESOLVED: g++.dg/bprob/bprob-1.C execution, -Os -fprofile-arcs
UNRESOLVED: g++.dg/bprob/bprob-1.C compilation, -Os -fbranch-probabilities
UNRESOLVED: g++.dg/bprob/bprob-1.C execution, -Os -fbranch-probabilities
FAIL: g++.dg/eh/ctor1.C execution test
FAIL: g++.dg/eh/ctor2.C execution test
FAIL: g++.dg/eh/dtor1.C execution test
FAIL: g++.dg/eh/filter1.C execution test
FAIL: g++.dg/eh/filter2.C execution test
FAIL: g++.dg/eh/loop1.C execution test
FAIL: g++.dg/eh/new1.C execution test
FAIL: g++.dg/eh/omit-frame-pointer.C execution test
FAIL: g++.dg/eh/registers1.C execution test
FAIL: g++.dg/eh/spec3.C execution test
FAIL: g++.dg/eh/template1.C execution test
FAIL: g++.dg/eh/unexpected1.C execution test
FAIL: g++.dg/init/array5.C execution test
FAIL: g++.dg/opt/alias1.C execution test
WARNING: program timed out.
FAIL: g++.dg/opt/alias2.C execution test
FAIL: g++.dg/opt/asm1.C (test for bogus messages, line 8)
FAIL: g++.dg/opt/preinc1.C execution test
FAIL: g++.dg/opt/reg-stack.C execution test
FAIL: g++.dg/warn/Wunused-2.C (test for warnings, line 5)
FAIL: g++.abi/cxa_vec.C Execution test
FAIL: g++.abi/vbase1.C Execution test
WARNING: program timed out.
FAIL: g++.abi/vtable3a.C Execution test
WARNING: program timed out.
FAIL: g++.abi/vtable3b.C Execution test
WARNING: program timed out.
FAIL: g++.abi/vtable3c.C Execution test
WARNING: program timed out.
FAIL: g++.abi/vtable3d.C Execution test
WARNING: program timed out.
FAIL: g++.abi/vtable3e.C Execution test
WARNING: program timed out.
FAIL: g++.abi/vtable3f.C Execution test
WARNING: program timed out.
FAIL: g++.abi/vtable3g.C Execution test
WARNING: program timed out.
FAIL: g++.abi/vtable3h.C Execution test
WARNING: program timed out.
FAIL: g++.abi/vtable3i.C Execution test
WARNING: program timed out.
FAIL: g++.abi/vtable3j.C Execution test
WARNING: program timed out.
FAIL: g++.brendan/code-gen1.C Execution test
WARNING: program timed out.
FAIL: g++.brendan/code-gen2.C Execution test
WARNING: program timed out.
FAIL: g++.brendan/code-gen3.C Execution test
WARNING: program timed out.
FAIL: g++.brendan/code-gen6.C Execution test
FAIL: g++.brendan/complex1.C Execution test
WARNING: program timed out.
FAIL: g++.brendan/copy1.C Execution test
FAIL: g++.brendan/copy2.C Execution test
FAIL: g++.brendan/copy3.C Execution test
WARNING: program timed out.
FAIL: g++.brendan/copy4.C Execution test
WARNING: program timed out.
FAIL: g++.brendan/copy5.C Execution test
WARNING: program timed out.
FAIL: g++.brendan/copy6.C Execution test
FAIL: g++.brendan/copy7.C Execution test
FAIL: g++.brendan/copy8.C Execution test
FAIL: g++.brendan/copy9.C Execution test
FAIL: g++.brendan/ctors1.C Execution test
FAIL: g++.brendan/ctors2.C Execution test
WARNING: program timed out.
FAIL: g++.brendan/dtors1.C Execution test
FAIL: g++.brendan/dtors2.C Execution test
WARNING: program timed out.
FAIL: g++.brendan/dtors3.C Execution test
FAIL: g++.brendan/eh1.C Execution test
FAIL: g++.brendan/groff1.C Execution test
WARNING: program timed out.
FAIL: g++.brendan/init3.C Execution test
WARNING: program timed out.
FAIL: g++.brendan/misc7.C Execution test
WARNING: program timed out.
FAIL: g++.brendan/nest21.C Execution test
FAIL: g++.brendan/new2.C Execution test
FAIL: g++.brendan/new3.C Execution test
FAIL: g++.brendan/operators5.C Execution test
WARNING: program timed out.
FAIL: g++.brendan/overload2.C Execution test
WARNING: program timed out.
FAIL: g++.brendan/overload7.C Execution test
WARNING: program timed out.
FAIL: g++.brendan/redecl2.C Execution test
WARNING: program timed out.
FAIL: g++.brendan/reference1.C Execution test
WARNING: program timed out.
FAIL: g++.brendan/sizeof5.C Execution test
WARNING: program timed out.
FAIL: g++.brendan/template22.C Execution test
WARNING: program timed out.
FAIL: g++.brendan/template24.C Execution test
WARNING: program timed out.
FAIL: g++.brendan/template3.C Execution test
FAIL: g++.brendan/vtables1.C Execution test
FAIL: g++.eh/badalloc1.C Execution test
FAIL: g++.eh/catch11.C Execution test
FAIL: g++.eh/catch12.C Execution test
FAIL: g++.eh/catch3.C Execution test
FAIL: g++.eh/catch3p.C Execution test
FAIL: g++.eh/catch4.C Execution test
FAIL: g++.eh/catch4p.C Execution test
FAIL: g++.eh/catch5.C Execution test
FAIL: g++.eh/catch5p.C Execution test
FAIL: g++.eh/catch6.C Execution test
FAIL: g++.eh/catch6p.C Execution test
FAIL: g++.eh/catch7.C Execution test
FAIL: g++.eh/catch7p.C Execution test
FAIL: g++.eh/catch8.C Execution test
FAIL: g++.eh/catch8p.C Execution test
FAIL: g++.eh/catch9.C Execution test
FAIL: g++.eh/catch9p.C Execution test
FAIL: g++.eh/catchptr1.C Execution test
FAIL: g++.eh/cleanup1.C Execution test
FAIL: g++.eh/cleanup2.C Execution test
FAIL: g++.eh/flow1.C Execution test
FAIL: g++.eh/fntry1.C Execution test
FAIL: g++.eh/ia64-1.C Execution test
FAIL: g++.eh/inline2.C Execution test
FAIL: g++.eh/new1.C Execution test
FAIL: g++.eh/new2.C Execution test
FAIL: g++.eh/pdel1.C Execution test
FAIL: g++.eh/pdel2.C Execution test
FAIL: g++.eh/ptr1.C Execution test
FAIL: g++.eh/ptrmem1.C Execution test
FAIL: g++.eh/rethrow1.C Execution test
FAIL: g++.eh/rethrow2.C Execution test
FAIL: g++.eh/rethrow3.C Execution test
FAIL: g++.eh/rethrow4.C Execution test
FAIL: g++.eh/rethrow5.C Execution test
FAIL: g++.eh/rethrow6.C Execution test
FAIL: g++.eh/spec1.C Execution test
FAIL: g++.eh/spec2.C Execution test
FAIL: g++.eh/spec3.C Execution test
FAIL: g++.eh/spec4.C Execution test
FAIL: g++.eh/terminate1.C Execution test
FAIL: g++.eh/tmpl1.C Execution test
FAIL: g++.eh/unwind1.C Execution test
FAIL: g++.eh/vbase1.C Execution test
FAIL: g++.eh/vbase2.C Execution test
FAIL: g++.eh/vbase4.C Execution test
FAIL: g++.ext/constructor.C Execution test
WARNING: program timed out.
FAIL: g++.ext/default.C Execution test
WARNING: program timed out.
FAIL: g++.ext/pretty2.C Execution test
WARNING: program timed out.
FAIL: g++.ext/pretty3.C Execution test
FAIL: g++.jason/anon.C Execution test
WARNING: program timed out.
FAIL: g++.jason/cleanup.C Execution test
FAIL: g++.jason/cond2.C Execution test
FAIL: g++.jason/conversion6.C Execution test
WARNING: program timed out.
FAIL: g++.jason/defctor.C Execution test
FAIL: g++.jason/groff1.C Execution test
FAIL: g++.jason/net2.C Execution test
WARNING: program timed out.
FAIL: g++.jason/opeq5.C Execution test
WARNING: program timed out.
FAIL: g++.jason/parse10.C Execution test
FAIL: g++.jason/static1.C Execution test
WARNING: program timed out.
FAIL: g++.jason/template24.C Execution test
FAIL: g++.jason/template26.C Execution test
WARNING: program timed out.
FAIL: g++.jason/template41.C Execution test
FAIL: g++.jason/temporary3.C Execution test
FAIL: g++.jason/temporary8.C Execution test
FAIL: g++.jason/thunk3.C (test for excess errors)
WARNING: program timed out.
FAIL: g++.jason/typeid2.C Execution test
WARNING: program timed out.
FAIL: g++.law/arg7.C Execution test
WARNING: program timed out.
FAIL: g++.law/arg8.C Execution test
WARNING: program timed out.
FAIL: g++.law/arm13.C Execution test
WARNING: program timed out.
FAIL: g++.law/arm15.C Execution test
WARNING: program timed out.
FAIL: g++.law/arm4.C Execution test
WARNING: program timed out.
FAIL: g++.law/arm5.C Execution test
WARNING: program timed out.
FAIL: g++.law/arm7.C Execution test
FAIL: g++.law/array1.C Execution test
WARNING: program timed out.
FAIL: g++.law/bit-fields2.C Execution test
WARNING: program timed out.
FAIL: g++.law/code-gen1.C Execution test
FAIL: g++.law/code-gen2.C Execution test
FAIL: g++.law/code-gen5.C Execution test
FAIL: g++.law/copy1.C Execution test
FAIL: g++.law/ctors12.C Execution test
WARNING: program timed out.
FAIL: g++.law/ctors15.C Execution test
WARNING: program timed out.
FAIL: g++.law/ctors16.C Execution test
WARNING: program timed out.
FAIL: g++.law/ctors2.C Execution test
WARNING: program timed out.
FAIL: g++.law/ctors4.C Execution test
FAIL: g++.law/ctors8.C Execution test
WARNING: program timed out.
FAIL: g++.law/cvt12.C Execution test
WARNING: program timed out.
FAIL: g++.law/cvt2.C Execution test
FAIL: g++.law/cvt4.C Execution test
WARNING: program timed out.
FAIL: g++.law/cvt7.C Execution test
FAIL: g++.law/dtors2.C Execution test
WARNING: program timed out.
FAIL: g++.law/dtors3.C Execution test
FAIL: g++.law/dtors4.C Execution test
WARNING: program timed out.
FAIL: g++.law/dtors5.C Execution test
WARNING: program timed out.
FAIL: g++.law/global-init1.C Execution test
WARNING: program timed out.
FAIL: g++.law/init11.C Execution test
WARNING: program timed out.
FAIL: g++.law/init14.C Execution test
WARNING: program timed out.
FAIL: g++.law/init9.C Execution test
WARNING: program timed out.
FAIL: g++.law/inline4.C Execution test
WARNING: program timed out.
FAIL: g++.law/operators15.C Execution test
WARNING: program timed out.
FAIL: g++.law/operators16.C Execution test
FAIL: g++.law/operators23.C Execution test
FAIL: g++.law/operators27.C Execution test
WARNING: program timed out.
FAIL: g++.law/operators30.C Execution test
FAIL: g++.law/operators8.C Execution test
WARNING: program timed out.
FAIL: g++.law/refs1.C Execution test
FAIL: g++.law/scope2.C Execution test
WARNING: program timed out.
FAIL: g++.law/temps2.C Execution test
FAIL: g++.law/temps3.C Execution test
WARNING: program timed out.
FAIL: g++.law/temps4.C Execution test
WARNING: program timed out.
FAIL: g++.law/temps5.C Execution test
WARNING: program timed out.
FAIL: g++.law/temps6.C Execution test
WARNING: program timed out.
FAIL: g++.law/virtual2.C Execution test
FAIL: g++.law/virtual4.C Execution test
FAIL: g++.law/vtable3.C Execution test
FAIL: g++.martin/new1.C Execution test
FAIL: g++.mike/asm2.C Execution test
FAIL: g++.mike/bool2.C Execution test
FAIL: g++.mike/dyncast1.C Execution test
FAIL: g++.mike/dyncast2.C Execution test
FAIL: g++.mike/eh10.C Execution test
FAIL: g++.mike/eh12.C Execution test
FAIL: g++.mike/eh14.C Execution test
FAIL: g++.mike/eh16.C Execution test
FAIL: g++.mike/eh17.C Execution test
FAIL: g++.mike/eh18.C Execution test
FAIL: g++.mike/eh2.C Execution test
FAIL: g++.mike/eh21.C Execution test
FAIL: g++.mike/eh23.C Execution test
FAIL: g++.mike/eh24.C Execution test
FAIL: g++.mike/eh25.C Execution test
FAIL: g++.mike/eh26.C Execution test
FAIL: g++.mike/eh27.C Execution test
FAIL: g++.mike/eh28.C Execution test
FAIL: g++.mike/eh29.C Execution test
FAIL: g++.mike/eh3.C Execution test
FAIL: g++.mike/eh31.C Execution test
FAIL: g++.mike/eh33.C Execution test
FAIL: g++.mike/eh34.C Execution test
FAIL: g++.mike/eh35.C Execution test
FAIL: g++.mike/eh36.C Execution test
FAIL: g++.mike/eh37.C Execution test
FAIL: g++.mike/eh38.C Execution test
FAIL: g++.mike/eh39.C Execution test
FAIL: g++.mike/eh40.C Execution test
FAIL: g++.mike/eh41.C Execution test
FAIL: g++.mike/eh42.C Execution test
FAIL: g++.mike/eh44.C Execution test
FAIL: g++.mike/eh47.C Execution test
FAIL: g++.mike/eh48.C Execution test
FAIL: g++.mike/eh49.C Execution test
FAIL: g++.mike/eh5.C Execution test
FAIL: g++.mike/eh50.C Execution test
FAIL: g++.mike/eh51.C Execution test
FAIL: g++.mike/eh55.C Execution test
FAIL: g++.mike/eh6.C Execution test
FAIL: g++.mike/eh8.C Execution test
FAIL: g++.mike/misc1.C Execution test
FAIL: g++.mike/misc13.C Execution test
FAIL: g++.mike/misc14.C Execution test
FAIL: g++.mike/net16.C Execution test
WARNING: program timed out.
FAIL: g++.mike/net17.C Execution test
FAIL: g++.mike/net21.C Execution test
WARNING: program timed out.
FAIL: g++.mike/net26.C Execution test
WARNING: program timed out.
FAIL: g++.mike/net34.C Execution test
WARNING: program timed out.
FAIL: g++.mike/net35.C Execution test
FAIL: g++.mike/offset1.C Execution test
FAIL: g++.mike/p11667.C Execution test
FAIL: g++.mike/p1567.C Execution test
FAIL: g++.mike/p1862.C Execution test
FAIL: g++.mike/p2846.C Execution test
FAIL: g++.mike/p2846a.C Execution test
FAIL: g++.mike/p2846b.C Execution test
FAIL: g++.mike/p2960.C Execution test
WARNING: program timed out.
FAIL: g++.mike/p3060d.C Execution test
FAIL: g++.mike/p3068.C Execution test
FAIL: g++.mike/p3139.C Execution test
FAIL: g++.mike/p3570.C Execution test
FAIL: g++.mike/p3579.C Execution test
FAIL: g++.mike/p3708.C Execution test
FAIL: g++.mike/p3708a.C Execution test
FAIL: g++.mike/p3708b.C Execution test
FAIL: g++.mike/p7651.C Execution test
FAIL: g++.mike/p786.C Execution test
WARNING: program timed out.
FAIL: g++.mike/p789.C Execution test
FAIL: g++.mike/p789a.C Execution test
FAIL: g++.mike/p7912.C Execution test
FAIL: g++.mike/p9706.C Execution test
FAIL: g++.mike/pmf2.C Execution test
WARNING: program timed out.
FAIL: g++.mike/temp.C Execution test
FAIL: g++.niklas/t140.C Execution test
FAIL: g++.oliva/delete3.C Execution test
FAIL: g++.oliva/new1.C Execution test
FAIL: g++.other/anon6.C Execution test
FAIL: g++.other/array1.C Execution test
FAIL: g++.other/builtins2.C Execution test
FAIL: g++.other/copy1.C Execution test
FAIL: g++.other/eh3.C Execution test
WARNING: program timed out.
FAIL: g++.other/init11.C Execution test
FAIL: g++.other/init7.C Execution test
FAIL: g++.other/inline21.C Execution test
FAIL: g++.other/new7.C Execution test
WARNING: program timed out.
FAIL: g++.other/op2.C Execution test
WARNING: program timed out.
FAIL: g++.other/op3.C Execution test
FAIL: g++.other/optimize2.C Execution test
FAIL: g++.other/singleton.C Execution test
FAIL: g++.other/temporary1.C Execution test
FAIL: g++.other/unchanging1.C Execution test
FAIL: g++.other/vaarg2.C Execution test
FAIL: g++.other/vbase2.C Execution test
FAIL: g++.other/vbase5.C Execution test
FAIL: g++.other/virtual8.C Execution test
FAIL: g++.other/vtbl2.C Execution test
WARNING: program timed out.
FAIL: g++.pt/deduct5.C Execution test
FAIL: g++.pt/expr1.C Execution test
FAIL: g++.pt/fntry1.C Execution test
FAIL: g++.pt/instantiate12.C Execution test
FAIL: g++.pt/static11.C Execution test
FAIL: g++.pt/static8.C Execution test
WARNING: program timed out.
FAIL: g++.pt/t16.C Execution test
WARNING: program timed out.
FAIL: g++.pt/t39.C Execution test
FAIL: g++.pt/tiemann2.C Execution test
WARNING: program timed out.
FAIL: g++.robertl/eb115.C Execution test
FAIL: g++.robertl/eb120.C Execution test
WARNING: program timed out.
FAIL: g++.robertl/eb27.C Execution test
FAIL: g++.robertl/eb31.C Execution test
FAIL: g++.robertl/eb50.C Execution test
FAIL: g++.robertl/eb63.C Execution test
FAIL: g++.robertl/eb66.C Execution test
FAIL: g++.robertl/eb77.C Execution test
FAIL: g++.robertl/eb88.C Execution test
FAIL: g++.robertl/eh990323-1.C Execution test
FAIL: g++.robertl/eh990323-2.C Execution test
FAIL: g++.robertl/eh990323-3.C Execution test
FAIL: g++.robertl/eh990323-4.C Execution test
FAIL: g++.robertl/eh990323-5.C Execution test
FAIL: g++.robertl/ice990323-2.C Execution test
=== g++ Summary ===
# of expected passes 7069
# of unexpected failures 311
# of expected failures 90
# of unresolved testcases 21
# of untested testcases 29
# of unsupported tests 8
/mmix/fr30-elf/build/gcc/testsuite/../g++ version 3.2 20020713 (experimental)
Host is i686-pc-linux-gnu
=== g77 tests ===
Running target fr30-sim
FAIL: g77.dg/bprob/bprob-1.f compilation, -g -fprofile-arcs
UNRESOLVED: g77.dg/bprob/bprob-1.f execution, -g -fprofile-arcs
UNRESOLVED: g77.dg/bprob/bprob-1.f compilation, -g -fbranch-probabilities
UNRESOLVED: g77.dg/bprob/bprob-1.f execution, -g -fbranch-probabilities
FAIL: g77.dg/bprob/bprob-1.f compilation, -O0 -fprofile-arcs
UNRESOLVED: g77.dg/bprob/bprob-1.f execution, -O0 -fprofile-arcs
UNRESOLVED: g77.dg/bprob/bprob-1.f compilation, -O0 -fbranch-probabilities
UNRESOLVED: g77.dg/bprob/bprob-1.f execution, -O0 -fbranch-probabilities
FAIL: g77.dg/bprob/bprob-1.f compilation, -O1 -fprofile-arcs
UNRESOLVED: g77.dg/bprob/bprob-1.f execution, -O1 -fprofile-arcs
UNRESOLVED: g77.dg/bprob/bprob-1.f compilation, -O1 -fbranch-probabilities
UNRESOLVED: g77.dg/bprob/bprob-1.f execution, -O1 -fbranch-probabilities
FAIL: g77.dg/bprob/bprob-1.f compilation, -O2 -fprofile-arcs
UNRESOLVED: g77.dg/bprob/bprob-1.f execution, -O2 -fprofile-arcs
UNRESOLVED: g77.dg/bprob/bprob-1.f compilation, -O2 -fbranch-probabilities
UNRESOLVED: g77.dg/bprob/bprob-1.f execution, -O2 -fbranch-probabilities
FAIL: g77.dg/bprob/bprob-1.f compilation, -O3 -fprofile-arcs
UNRESOLVED: g77.dg/bprob/bprob-1.f execution, -O3 -fprofile-arcs
UNRESOLVED: g77.dg/bprob/bprob-1.f compilation, -O3 -fbranch-probabilities
UNRESOLVED: g77.dg/bprob/bprob-1.f execution, -O3 -fbranch-probabilities
FAIL: g77.dg/bprob/bprob-1.f compilation, -O3 -g -fprofile-arcs
UNRESOLVED: g77.dg/bprob/bprob-1.f execution, -O3 -g -fprofile-arcs
UNRESOLVED: g77.dg/bprob/bprob-1.f compilation, -O3 -g -fbranch-probabilities
UNRESOLVED: g77.dg/bprob/bprob-1.f execution, -O3 -g -fbranch-probabilities
FAIL: g77.dg/bprob/bprob-1.f compilation, -Os -fprofile-arcs
UNRESOLVED: g77.dg/bprob/bprob-1.f execution, -Os -fprofile-arcs
UNRESOLVED: g77.dg/bprob/bprob-1.f compilation, -Os -fbranch-probabilities
UNRESOLVED: g77.dg/bprob/bprob-1.f execution, -Os -fbranch-probabilities
FAIL: g77.dg/f77-edit-apostrophe-out.f (test for excess errors)
WARNING: g77.dg/f77-edit-apostrophe-out.f compilation failed to produce executable
FAIL: g77.dg/f77-edit-apostrophe-out.f (test for excess errors)
WARNING: g77.dg/f77-edit-apostrophe-out.f compilation failed to produce executable
FAIL: g77.dg/f77-edit-apostrophe-out.f (test for excess errors)
WARNING: g77.dg/f77-edit-apostrophe-out.f compilation failed to produce executable
FAIL: g77.dg/f77-edit-apostrophe-out.f (test for excess errors)
WARNING: g77.dg/f77-edit-apostrophe-out.f compilation failed to produce executable
FAIL: g77.dg/f77-edit-apostrophe-out.f (test for excess errors)
WARNING: g77.dg/f77-edit-apostrophe-out.f compilation failed to produce executable
FAIL: g77.dg/f77-edit-apostrophe-out.f (test for excess errors)
WARNING: g77.dg/f77-edit-apostrophe-out.f compilation failed to produce executable
FAIL: g77.dg/f77-edit-colon-out.f (test for excess errors)
WARNING: g77.dg/f77-edit-colon-out.f compilation failed to produce executable
FAIL: g77.dg/f77-edit-colon-out.f (test for excess errors)
WARNING: g77.dg/f77-edit-colon-out.f compilation failed to produce executable
FAIL: g77.dg/f77-edit-colon-out.f (test for excess errors)
WARNING: g77.dg/f77-edit-colon-out.f compilation failed to produce executable
FAIL: g77.dg/f77-edit-colon-out.f (test for excess errors)
WARNING: g77.dg/f77-edit-colon-out.f compilation failed to produce executable
FAIL: g77.dg/f77-edit-colon-out.f (test for excess errors)
WARNING: g77.dg/f77-edit-colon-out.f compilation failed to produce executable
FAIL: g77.dg/f77-edit-colon-out.f (test for excess errors)
WARNING: g77.dg/f77-edit-colon-out.f compilation failed to produce executable
FAIL: g77.dg/f77-edit-h-out.f (test for excess errors)
WARNING: g77.dg/f77-edit-h-out.f compilation failed to produce executable
FAIL: g77.dg/f77-edit-h-out.f (test for excess errors)
WARNING: g77.dg/f77-edit-h-out.f compilation failed to produce executable
FAIL: g77.dg/f77-edit-h-out.f (test for excess errors)
WARNING: g77.dg/f77-edit-h-out.f compilation failed to produce executable
FAIL: g77.dg/f77-edit-h-out.f (test for excess errors)
WARNING: g77.dg/f77-edit-h-out.f compilation failed to produce executable
FAIL: g77.dg/f77-edit-h-out.f (test for excess errors)
WARNING: g77.dg/f77-edit-h-out.f compilation failed to produce executable
FAIL: g77.dg/f77-edit-h-out.f (test for excess errors)
WARNING: g77.dg/f77-edit-h-out.f compilation failed to produce executable
FAIL: g77.dg/f77-edit-i-in.f (test for excess errors)
WARNING: g77.dg/f77-edit-i-in.f compilation failed to produce executable
FAIL: g77.dg/f77-edit-i-in.f (test for excess errors)
WARNING: g77.dg/f77-edit-i-in.f compilation failed to produce executable
FAIL: g77.dg/f77-edit-i-in.f (test for excess errors)
WARNING: g77.dg/f77-edit-i-in.f compilation failed to produce executable
FAIL: g77.dg/f77-edit-i-in.f (test for excess errors)
WARNING: g77.dg/f77-edit-i-in.f compilation failed to produce executable
FAIL: g77.dg/f77-edit-i-in.f (test for excess errors)
WARNING: g77.dg/f77-edit-i-in.f compilation failed to produce executable
FAIL: g77.dg/f77-edit-i-in.f (test for excess errors)
WARNING: g77.dg/f77-edit-i-in.f compilation failed to produce executable
FAIL: g77.dg/f77-edit-i-out.f (test for excess errors)
WARNING: g77.dg/f77-edit-i-out.f compilation failed to produce executable
FAIL: g77.dg/f77-edit-i-out.f (test for excess errors)
WARNING: g77.dg/f77-edit-i-out.f compilation failed to produce executable
FAIL: g77.dg/f77-edit-i-out.f (test for excess errors)
WARNING: g77.dg/f77-edit-i-out.f compilation failed to produce executable
FAIL: g77.dg/f77-edit-i-out.f (test for excess errors)
WARNING: g77.dg/f77-edit-i-out.f compilation failed to produce executable
FAIL: g77.dg/f77-edit-i-out.f (test for excess errors)
WARNING: g77.dg/f77-edit-i-out.f compilation failed to produce executable
FAIL: g77.dg/f77-edit-i-out.f (test for excess errors)
WARNING: g77.dg/f77-edit-i-out.f compilation failed to produce executable
FAIL: g77.dg/f77-edit-s-out.f (test for excess errors)
WARNING: g77.dg/f77-edit-s-out.f compilation failed to produce executable
FAIL: g77.dg/f77-edit-s-out.f (test for excess errors)
WARNING: g77.dg/f77-edit-s-out.f compilation failed to produce executable
FAIL: g77.dg/f77-edit-s-out.f (test for excess errors)
WARNING: g77.dg/f77-edit-s-out.f compilation failed to produce executable
FAIL: g77.dg/f77-edit-s-out.f (test for excess errors)
WARNING: g77.dg/f77-edit-s-out.f compilation failed to produce executable
FAIL: g77.dg/f77-edit-s-out.f (test for excess errors)
WARNING: g77.dg/f77-edit-s-out.f compilation failed to produce executable
FAIL: g77.dg/f77-edit-s-out.f (test for excess errors)
WARNING: g77.dg/f77-edit-s-out.f compilation failed to produce executable
FAIL: g77.dg/f77-edit-slash-out.f (test for excess errors)
WARNING: g77.dg/f77-edit-slash-out.f compilation failed to produce executable
FAIL: g77.dg/f77-edit-slash-out.f (test for excess errors)
WARNING: g77.dg/f77-edit-slash-out.f compilation failed to produce executable
FAIL: g77.dg/f77-edit-slash-out.f (test for excess errors)
WARNING: g77.dg/f77-edit-slash-out.f compilation failed to produce executable
FAIL: g77.dg/f77-edit-slash-out.f (test for excess errors)
WARNING: g77.dg/f77-edit-slash-out.f compilation failed to produce executable
FAIL: g77.dg/f77-edit-slash-out.f (test for excess errors)
WARNING: g77.dg/f77-edit-slash-out.f compilation failed to produce executable
FAIL: g77.dg/f77-edit-slash-out.f (test for excess errors)
WARNING: g77.dg/f77-edit-slash-out.f compilation failed to produce executable
FAIL: g77.dg/f77-edit-t-in.f (test for excess errors)
WARNING: g77.dg/f77-edit-t-in.f compilation failed to produce executable
FAIL: g77.dg/f77-edit-t-in.f (test for excess errors)
WARNING: g77.dg/f77-edit-t-in.f compilation failed to produce executable
FAIL: g77.dg/f77-edit-t-in.f (test for excess errors)
WARNING: g77.dg/f77-edit-t-in.f compilation failed to produce executable
FAIL: g77.dg/f77-edit-t-in.f (test for excess errors)
WARNING: g77.dg/f77-edit-t-in.f compilation failed to produce executable
FAIL: g77.dg/f77-edit-t-in.f (test for excess errors)
WARNING: g77.dg/f77-edit-t-in.f compilation failed to produce executable
FAIL: g77.dg/f77-edit-t-in.f (test for excess errors)
WARNING: g77.dg/f77-edit-t-in.f compilation failed to produce executable
FAIL: g77.dg/f77-edit-t-out.f (test for excess errors)
WARNING: g77.dg/f77-edit-t-out.f compilation failed to produce executable
FAIL: g77.dg/f77-edit-t-out.f (test for excess errors)
WARNING: g77.dg/f77-edit-t-out.f compilation failed to produce executable
FAIL: g77.dg/f77-edit-t-out.f (test for excess errors)
WARNING: g77.dg/f77-edit-t-out.f compilation failed to produce executable
FAIL: g77.dg/f77-edit-t-out.f (test for excess errors)
WARNING: g77.dg/f77-edit-t-out.f compilation failed to produce executable
FAIL: g77.dg/f77-edit-t-out.f (test for excess errors)
WARNING: g77.dg/f77-edit-t-out.f compilation failed to produce executable
FAIL: g77.dg/f77-edit-t-out.f (test for excess errors)
WARNING: g77.dg/f77-edit-t-out.f compilation failed to produce executable
FAIL: g77.dg/f77-edit-x-out.f (test for excess errors)
WARNING: g77.dg/f77-edit-x-out.f compilation failed to produce executable
FAIL: g77.dg/f77-edit-x-out.f (test for excess errors)
WARNING: g77.dg/f77-edit-x-out.f compilation failed to produce executable
FAIL: g77.dg/f77-edit-x-out.f (test for excess errors)
WARNING: g77.dg/f77-edit-x-out.f compilation failed to produce executable
FAIL: g77.dg/f77-edit-x-out.f (test for excess errors)
WARNING: g77.dg/f77-edit-x-out.f compilation failed to produce executable
FAIL: g77.dg/f77-edit-x-out.f (test for excess errors)
WARNING: g77.dg/f77-edit-x-out.f compilation failed to produce executable
FAIL: g77.dg/f77-edit-x-out.f (test for excess errors)
WARNING: g77.dg/f77-edit-x-out.f compilation failed to produce executable
FAIL: g77.dg/fbackslash.f (test for excess errors)
WARNING: g77.dg/fbackslash.f compilation failed to produce executable
FAIL: g77.dg/fbackslash.f (test for excess errors)
WARNING: g77.dg/fbackslash.f compilation failed to produce executable
FAIL: g77.dg/fbackslash.f (test for excess errors)
WARNING: g77.dg/fbackslash.f compilation failed to produce executable
FAIL: g77.dg/fbackslash.f (test for excess errors)
WARNING: g77.dg/fbackslash.f compilation failed to produce executable
FAIL: g77.dg/fbackslash.f (test for excess errors)
WARNING: g77.dg/fbackslash.f compilation failed to produce executable
FAIL: g77.dg/fbackslash.f (test for excess errors)
WARNING: g77.dg/fbackslash.f compilation failed to produce executable
FAIL: g77.dg/fcase-preserve.f (test for excess errors)
WARNING: g77.dg/fcase-preserve.f compilation failed to produce executable
FAIL: g77.dg/fcase-preserve.f (test for excess errors)
WARNING: g77.dg/fcase-preserve.f compilation failed to produce executable
FAIL: g77.dg/fcase-preserve.f (test for excess errors)
WARNING: g77.dg/fcase-preserve.f compilation failed to produce executable
FAIL: g77.dg/fcase-preserve.f (test for excess errors)
WARNING: g77.dg/fcase-preserve.f compilation failed to produce executable
FAIL: g77.dg/fcase-preserve.f (test for excess errors)
WARNING: g77.dg/fcase-preserve.f compilation failed to produce executable
FAIL: g77.dg/fcase-preserve.f (test for excess errors)
WARNING: g77.dg/fcase-preserve.f compilation failed to produce executable
FAIL: g77.dg/ff90-1.f (test for excess errors)
WARNING: g77.dg/ff90-1.f compilation failed to produce executable
FAIL: g77.dg/ff90-1.f (test for excess errors)
WARNING: g77.dg/ff90-1.f compilation failed to produce executable
FAIL: g77.dg/ff90-1.f (test for excess errors)
WARNING: g77.dg/ff90-1.f compilation failed to produce executable
FAIL: g77.dg/ff90-1.f (test for excess errors)
WARNING: g77.dg/ff90-1.f compilation failed to produce executable
FAIL: g77.dg/ff90-1.f (test for excess errors)
WARNING: g77.dg/ff90-1.f compilation failed to produce executable
FAIL: g77.dg/ff90-1.f (test for excess errors)
WARNING: g77.dg/ff90-1.f compilation failed to produce executable
FAIL: g77.dg/fno-backslash.f (test for excess errors)
WARNING: g77.dg/fno-backslash.f compilation failed to produce executable
FAIL: g77.dg/fno-backslash.f (test for excess errors)
WARNING: g77.dg/fno-backslash.f compilation failed to produce executable
FAIL: g77.dg/fno-backslash.f (test for excess errors)
WARNING: g77.dg/fno-backslash.f compilation failed to produce executable
FAIL: g77.dg/fno-backslash.f (test for excess errors)
WARNING: g77.dg/fno-backslash.f compilation failed to produce executable
FAIL: g77.dg/fno-backslash.f (test for excess errors)
WARNING: g77.dg/fno-backslash.f compilation failed to produce executable
FAIL: g77.dg/fno-backslash.f (test for excess errors)
WARNING: g77.dg/fno-backslash.f compilation failed to produce executable
FAIL: g77.dg/fno-f90-1.f (test for excess errors)
WARNING: g77.dg/fno-f90-1.f compilation failed to produce executable
FAIL: g77.dg/fno-f90-1.f (test for excess errors)
WARNING: g77.dg/fno-f90-1.f compilation failed to produce executable
FAIL: g77.dg/fno-f90-1.f (test for excess errors)
WARNING: g77.dg/fno-f90-1.f compilation failed to produce executable
FAIL: g77.dg/fno-f90-1.f (test for excess errors)
WARNING: g77.dg/fno-f90-1.f compilation failed to produce executable
FAIL: g77.dg/fno-f90-1.f (test for excess errors)
WARNING: g77.dg/fno-f90-1.f compilation failed to produce executable
FAIL: g77.dg/fno-f90-1.f (test for excess errors)
WARNING: g77.dg/fno-f90-1.f compilation failed to produce executable
FAIL: g77.dg/fno-onetrip.f (test for excess errors)
WARNING: g77.dg/fno-onetrip.f compilation failed to produce executable
FAIL: g77.dg/fno-onetrip.f (test for excess errors)
WARNING: g77.dg/fno-onetrip.f compilation failed to produce executable
FAIL: g77.dg/fno-onetrip.f (test for excess errors)
WARNING: g77.dg/fno-onetrip.f compilation failed to produce executable
FAIL: g77.dg/fno-onetrip.f (test for excess errors)
WARNING: g77.dg/fno-onetrip.f compilation failed to produce executable
FAIL: g77.dg/fno-onetrip.f (test for excess errors)
WARNING: g77.dg/fno-onetrip.f compilation failed to produce executable
FAIL: g77.dg/fno-onetrip.f (test for excess errors)
WARNING: g77.dg/fno-onetrip.f compilation failed to produce executable
FAIL: g77.dg/fno-onetrip.f (test for excess errors)
WARNING: g77.dg/fno-onetrip.f compilation failed to produce executable
FAIL: g77.dg/fno-onetrip.f (test for excess errors)
WARNING: g77.dg/fno-onetrip.f compilation failed to produce executable
FAIL: g77.dg/fno-typeless-boz.f (test for excess errors)
WARNING: g77.dg/fno-typeless-boz.f compilation failed to produce executable
FAIL: g77.dg/fno-typeless-boz.f (test for excess errors)
WARNING: g77.dg/fno-typeless-boz.f compilation failed to produce executable
FAIL: g77.dg/fno-typeless-boz.f (test for excess errors)
WARNING: g77.dg/fno-typeless-boz.f compilation failed to produce executable
FAIL: g77.dg/fno-typeless-boz.f (test for excess errors)
WARNING: g77.dg/fno-typeless-boz.f compilation failed to produce executable
FAIL: g77.dg/fno-typeless-boz.f (test for excess errors)
WARNING: g77.dg/fno-typeless-boz.f compilation failed to produce executable
FAIL: g77.dg/fno-typeless-boz.f (test for excess errors)
WARNING: g77.dg/fno-typeless-boz.f compilation failed to produce executable
FAIL: g77.dg/fno-vxt-1.f (test for excess errors)
WARNING: g77.dg/fno-vxt-1.f compilation failed to produce executable
FAIL: g77.dg/fno-vxt-1.f (test for excess errors)
WARNING: g77.dg/fno-vxt-1.f compilation failed to produce executable
FAIL: g77.dg/fno-vxt-1.f (test for excess errors)
WARNING: g77.dg/fno-vxt-1.f compilation failed to produce executable
FAIL: g77.dg/fno-vxt-1.f (test for excess errors)
WARNING: g77.dg/fno-vxt-1.f compilation failed to produce executable
FAIL: g77.dg/fno-vxt-1.f (test for excess errors)
WARNING: g77.dg/fno-vxt-1.f compilation failed to produce executable
FAIL: g77.dg/fno-vxt-1.f (test for excess errors)
WARNING: g77.dg/fno-vxt-1.f compilation failed to produce executable
FAIL: g77.dg/fonetrip.f (test for excess errors)
WARNING: g77.dg/fonetrip.f compilation failed to produce executable
FAIL: g77.dg/fonetrip.f (test for excess errors)
WARNING: g77.dg/fonetrip.f compilation failed to produce executable
FAIL: g77.dg/fonetrip.f (test for excess errors)
WARNING: g77.dg/fonetrip.f compilation failed to produce executable
FAIL: g77.dg/fonetrip.f (test for excess errors)
WARNING: g77.dg/fonetrip.f compilation failed to produce executable
FAIL: g77.dg/fonetrip.f (test for excess errors)
WARNING: g77.dg/fonetrip.f compilation failed to produce executable
FAIL: g77.dg/fonetrip.f (test for excess errors)
WARNING: g77.dg/fonetrip.f compilation failed to produce executable
FAIL: g77.dg/fonetrip.f (test for excess errors)
WARNING: g77.dg/fonetrip.f compilation failed to produce executable
FAIL: g77.dg/fonetrip.f (test for excess errors)
WARNING: g77.dg/fonetrip.f compilation failed to produce executable
FAIL: g77.dg/ftypeless-boz.f (test for excess errors)
WARNING: g77.dg/ftypeless-boz.f compilation failed to produce executable
FAIL: g77.dg/ftypeless-boz.f (test for excess errors)
WARNING: g77.dg/ftypeless-boz.f compilation failed to produce executable
FAIL: g77.dg/ftypeless-boz.f (test for excess errors)
WARNING: g77.dg/ftypeless-boz.f compilation failed to produce executable
FAIL: g77.dg/ftypeless-boz.f (test for excess errors)
WARNING: g77.dg/ftypeless-boz.f compilation failed to produce executable
FAIL: g77.dg/ftypeless-boz.f (test for excess errors)
WARNING: g77.dg/ftypeless-boz.f compilation failed to produce executable
FAIL: g77.dg/ftypeless-boz.f (test for excess errors)
WARNING: g77.dg/ftypeless-boz.f compilation failed to produce executable
FAIL: g77.dg/fvxt-1.f (test for excess errors)
WARNING: g77.dg/fvxt-1.f compilation failed to produce executable
FAIL: g77.dg/fvxt-1.f (test for excess errors)
WARNING: g77.dg/fvxt-1.f compilation failed to produce executable
FAIL: g77.dg/fvxt-1.f (test for excess errors)
WARNING: g77.dg/fvxt-1.f compilation failed to produce executable
FAIL: g77.dg/fvxt-1.f (test for excess errors)
WARNING: g77.dg/fvxt-1.f compilation failed to produce executable
FAIL: g77.dg/fvxt-1.f (test for excess errors)
WARNING: g77.dg/fvxt-1.f compilation failed to produce executable
FAIL: g77.dg/fvxt-1.f (test for excess errors)
WARNING: g77.dg/fvxt-1.f compilation failed to produce executable
FAIL: g77.dg/pr3743-1.f (test for excess errors)
FAIL: g77.dg/pr3743-1.f (test for excess errors)
FAIL: g77.dg/pr3743-1.f (test for excess errors)
FAIL: g77.dg/pr3743-1.f (test for excess errors)
FAIL: g77.dg/pr3743-1.f (test for excess errors)
FAIL: g77.dg/pr3743-1.f (test for excess errors)
FAIL: g77.dg/pr3743-2.f (test for excess errors)
FAIL: g77.dg/pr3743-2.f (test for excess errors)
FAIL: g77.dg/pr3743-2.f (test for excess errors)
FAIL: g77.dg/pr3743-2.f (test for excess errors)
FAIL: g77.dg/pr3743-2.f (test for excess errors)
FAIL: g77.dg/pr3743-2.f (test for excess errors)
FAIL: g77.dg/pr3743-3.f (test for excess errors)
FAIL: g77.dg/pr3743-3.f (test for excess errors)
FAIL: g77.dg/pr3743-3.f (test for excess errors)
FAIL: g77.dg/pr3743-3.f (test for excess errors)
FAIL: g77.dg/pr3743-3.f (test for excess errors)
FAIL: g77.dg/pr3743-3.f (test for excess errors)
FAIL: g77.dg/pr3743-4.f (test for excess errors)
FAIL: g77.dg/pr3743-4.f (test for excess errors)
FAIL: g77.dg/pr3743-4.f (test for excess errors)
FAIL: g77.dg/pr3743-4.f (test for excess errors)
FAIL: g77.dg/pr3743-4.f (test for excess errors)
FAIL: g77.dg/pr3743-4.f (test for excess errors)
FAIL: g77.dg/strlen0.f (test for excess errors)
WARNING: g77.dg/strlen0.f compilation failed to produce executable
FAIL: g77.dg/strlen0.f (test for excess errors)
WARNING: g77.dg/strlen0.f compilation failed to produce executable
FAIL: g77.dg/strlen0.f (test for excess errors)
WARNING: g77.dg/strlen0.f compilation failed to produce executable
FAIL: g77.dg/strlen0.f (test for excess errors)
WARNING: g77.dg/strlen0.f compilation failed to produce executable
FAIL: g77.dg/strlen0.f (test for excess errors)
WARNING: g77.dg/strlen0.f compilation failed to produce executable
FAIL: g77.dg/strlen0.f (test for excess errors)
WARNING: g77.dg/strlen0.f compilation failed to produce executable
FAIL: g77.f-torture/compile/alpha1.f, -O0
FAIL: g77.f-torture/compile/alpha1.f, -O1
FAIL: g77.f-torture/compile/alpha1.f, -O2
FAIL: g77.f-torture/compile/alpha1.f, -O3 -fomit-frame-pointer
FAIL: g77.f-torture/compile/alpha1.f, -O3 -g
FAIL: g77.f-torture/compile/alpha1.f, -Os
FAIL: g77.f-torture/execute/19981119-0.f compilation, -O0
FAIL: g77.f-torture/execute/19981119-0.f compilation, -O1
FAIL: g77.f-torture/execute/19981119-0.f compilation, -O2
FAIL: g77.f-torture/execute/19981119-0.f compilation, -O3 -fomit-frame-pointer
FAIL: g77.f-torture/execute/19981119-0.f compilation, -O3 -g
FAIL: g77.f-torture/execute/19981119-0.f compilation, -Os
FAIL: g77.f-torture/execute/19990313-0.f compilation, -O0
FAIL: g77.f-torture/execute/19990313-0.f compilation, -O1
FAIL: g77.f-torture/execute/19990313-0.f compilation, -O2
FAIL: g77.f-torture/execute/19990313-0.f compilation, -O3 -fomit-frame-pointer
FAIL: g77.f-torture/execute/19990313-0.f compilation, -O3 -g
FAIL: g77.f-torture/execute/19990313-0.f compilation, -Os
FAIL: g77.f-torture/execute/19990313-1.f compilation, -O0
FAIL: g77.f-torture/execute/19990313-1.f compilation, -O1
FAIL: g77.f-torture/execute/19990313-1.f compilation, -O2
FAIL: g77.f-torture/execute/19990313-1.f compilation, -O3 -fomit-frame-pointer
FAIL: g77.f-torture/execute/19990313-1.f compilation, -O3 -g
FAIL: g77.f-torture/execute/19990313-1.f compilation, -Os
FAIL: g77.f-torture/execute/19990313-2.f compilation, -O0
FAIL: g77.f-torture/execute/19990313-2.f compilation, -O1
FAIL: g77.f-torture/execute/19990313-2.f compilation, -O2
FAIL: g77.f-torture/execute/19990313-2.f compilation, -O3 -fomit-frame-pointer
FAIL: g77.f-torture/execute/19990313-2.f compilation, -O3 -g
FAIL: g77.f-torture/execute/19990313-2.f compilation, -Os
FAIL: g77.f-torture/execute/19990313-3.f compilation, -O0
FAIL: g77.f-torture/execute/19990313-3.f compilation, -O1
FAIL: g77.f-torture/execute/19990313-3.f compilation, -O2
FAIL: g77.f-torture/execute/19990313-3.f compilation, -O3 -fomit-frame-pointer
FAIL: g77.f-torture/execute/19990313-3.f compilation, -O3 -g
FAIL: g77.f-torture/execute/19990313-3.f compilation, -Os
FAIL: g77.f-torture/execute/19990325-0.f compilation, -O0
FAIL: g77.f-torture/execute/19990325-0.f compilation, -O1
FAIL: g77.f-torture/execute/19990325-0.f compilation, -O2
FAIL: g77.f-torture/execute/19990325-0.f compilation, -O3 -fomit-frame-pointer
FAIL: g77.f-torture/execute/19990325-0.f compilation, -O3 -g
FAIL: g77.f-torture/execute/19990325-0.f compilation, -Os
FAIL: g77.f-torture/execute/19990325-1.f compilation, -O0
FAIL: g77.f-torture/execute/19990325-1.f compilation, -O1
FAIL: g77.f-torture/execute/19990325-1.f compilation, -O2
FAIL: g77.f-torture/execute/19990325-1.f compilation, -O3 -fomit-frame-pointer
FAIL: g77.f-torture/execute/19990325-1.f compilation, -O3 -g
FAIL: g77.f-torture/execute/19990325-1.f compilation, -Os
FAIL: g77.f-torture/execute/19990419-1.f compilation, -O0
FAIL: g77.f-torture/execute/19990419-1.f compilation, -O1
FAIL: g77.f-torture/execute/19990419-1.f compilation, -O2
FAIL: g77.f-torture/execute/19990419-1.f compilation, -O3 -fomit-frame-pointer
FAIL: g77.f-torture/execute/19990419-1.f compilation, -O3 -fomit-frame-pointer -funroll-loops
FAIL: g77.f-torture/execute/19990419-1.f compilation, -O3 -fomit-frame-pointer -funroll-all-loops -finline-functions
FAIL: g77.f-torture/execute/19990419-1.f compilation, -O3 -g
FAIL: g77.f-torture/execute/19990419-1.f compilation, -Os
FAIL: g77.f-torture/execute/19990826-0.f compilation, -O0
FAIL: g77.f-torture/execute/19990826-0.f compilation, -O1
FAIL: g77.f-torture/execute/19990826-0.f compilation, -O2
FAIL: g77.f-torture/execute/19990826-0.f compilation, -O3 -fomit-frame-pointer
FAIL: g77.f-torture/execute/19990826-0.f compilation, -O3 -g
FAIL: g77.f-torture/execute/19990826-0.f compilation, -Os
FAIL: g77.f-torture/execute/19990826-2.f compilation, -O0
FAIL: g77.f-torture/execute/19990826-2.f compilation, -O1
FAIL: g77.f-torture/execute/19990826-2.f compilation, -O2
FAIL: g77.f-torture/execute/19990826-2.f compilation, -O3 -fomit-frame-pointer
FAIL: g77.f-torture/execute/19990826-2.f compilation, -O3 -g
FAIL: g77.f-torture/execute/19990826-2.f compilation, -Os
FAIL: g77.f-torture/execute/20000503-1.f compilation, -O0
FAIL: g77.f-torture/execute/20000503-1.f compilation, -O1
FAIL: g77.f-torture/execute/20000503-1.f compilation, -O2
FAIL: g77.f-torture/execute/20000503-1.f compilation, -O3 -fomit-frame-pointer
FAIL: g77.f-torture/execute/20000503-1.f compilation, -O3 -fomit-frame-pointer -funroll-loops
FAIL: g77.f-torture/execute/20000503-1.f compilation, -O3 -fomit-frame-pointer -funroll-all-loops -finline-functions
FAIL: g77.f-torture/execute/20000503-1.f compilation, -O3 -g
FAIL: g77.f-torture/execute/20000503-1.f compilation, -Os
FAIL: g77.f-torture/execute/20001111.f compilation, -O0
FAIL: g77.f-torture/execute/20001111.f compilation, -O1
FAIL: g77.f-torture/execute/20001111.f compilation, -O2
FAIL: g77.f-torture/execute/20001111.f compilation, -O3 -fomit-frame-pointer
FAIL: g77.f-torture/execute/20001111.f compilation, -O3 -fomit-frame-pointer -funroll-loops
FAIL: g77.f-torture/execute/20001111.f compilation, -O3 -fomit-frame-pointer -funroll-all-loops -finline-functions
FAIL: g77.f-torture/execute/20001111.f compilation, -O3 -g
FAIL: g77.f-torture/execute/20001111.f compilation, -Os
FAIL: g77.f-torture/execute/20001201.f compilation, -O0
FAIL: g77.f-torture/execute/20001201.f compilation, -O1
FAIL: g77.f-torture/execute/20001201.f compilation, -O2
FAIL: g77.f-torture/execute/20001201.f compilation, -O3 -fomit-frame-pointer
FAIL: g77.f-torture/execute/20001201.f compilation, -O3 -g
FAIL: g77.f-torture/execute/20001201.f compilation, -Os
FAIL: g77.f-torture/execute/20010116.f compilation, -O0
FAIL: g77.f-torture/execute/20010116.f compilation, -O1
FAIL: g77.f-torture/execute/20010116.f compilation, -O2
FAIL: g77.f-torture/execute/20010116.f compilation, -O3 -fomit-frame-pointer
FAIL: g77.f-torture/execute/20010116.f compilation, -O3 -fomit-frame-pointer -funroll-loops
FAIL: g77.f-torture/execute/20010116.f compilation, -O3 -fomit-frame-pointer -funroll-all-loops -finline-functions
FAIL: g77.f-torture/execute/20010116.f compilation, -O3 -g
FAIL: g77.f-torture/execute/20010116.f compilation, -Os
FAIL: g77.f-torture/execute/20010426.f compilation, -O0
FAIL: g77.f-torture/execute/20010426.f compilation, -O1
FAIL: g77.f-torture/execute/20010426.f compilation, -O2
FAIL: g77.f-torture/execute/20010426.f compilation, -O3 -fomit-frame-pointer
FAIL: g77.f-torture/execute/20010426.f compilation, -O3 -g
FAIL: g77.f-torture/execute/20010426.f compilation, -Os
FAIL: g77.f-torture/execute/20010430.f compilation, -O0
FAIL: g77.f-torture/execute/20010430.f compilation, -O1
FAIL: g77.f-torture/execute/20010430.f compilation, -O2
FAIL: g77.f-torture/execute/20010430.f compilation, -O3 -fomit-frame-pointer
FAIL: g77.f-torture/execute/20010430.f compilation, -O3 -fomit-frame-pointer -funroll-loops
FAIL: g77.f-torture/execute/20010430.f compilation, -O3 -fomit-frame-pointer -funroll-all-loops -finline-functions
FAIL: g77.f-torture/execute/20010430.f compilation, -O3 -g
FAIL: g77.f-torture/execute/20010430.f compilation, -Os
FAIL: g77.f-torture/execute/20010610.f compilation, -O0
FAIL: g77.f-torture/execute/20010610.f compilation, -O1
FAIL: g77.f-torture/execute/20010610.f compilation, -O2
FAIL: g77.f-torture/execute/20010610.f compilation, -O3 -fomit-frame-pointer
FAIL: g77.f-torture/execute/20010610.f compilation, -O3 -fomit-frame-pointer -funroll-loops
FAIL: g77.f-torture/execute/20010610.f compilation, -O3 -fomit-frame-pointer -funroll-all-loops -finline-functions
FAIL: g77.f-torture/execute/20010610.f compilation, -O3 -g
FAIL: g77.f-torture/execute/20010610.f compilation, -Os
FAIL: g77.f-torture/execute/5122.f compilation, -O0
FAIL: g77.f-torture/execute/5122.f compilation, -O1
FAIL: g77.f-torture/execute/5122.f compilation, -O2
FAIL: g77.f-torture/execute/5122.f compilation, -O3 -fomit-frame-pointer
FAIL: g77.f-torture/execute/5122.f compilation, -O3 -g
FAIL: g77.f-torture/execute/5122.f compilation, -Os
FAIL: g77.f-torture/execute/6177.f compilation, -O0
FAIL: g77.f-torture/execute/6177.f compilation, -O1
FAIL: g77.f-torture/execute/6177.f compilation, -O2
FAIL: g77.f-torture/execute/6177.f compilation, -O3 -fomit-frame-pointer
FAIL: g77.f-torture/execute/6177.f compilation, -O3 -g
FAIL: g77.f-torture/execute/6177.f compilation, -Os
FAIL: g77.f-torture/execute/6367.f compilation, -O0
FAIL: g77.f-torture/execute/6367.f compilation, -O1
FAIL: g77.f-torture/execute/6367.f compilation, -O2
FAIL: g77.f-torture/execute/6367.f compilation, -O3 -fomit-frame-pointer
FAIL: g77.f-torture/execute/6367.f compilation, -O3 -fomit-frame-pointer -funroll-loops
FAIL: g77.f-torture/execute/6367.f compilation, -O3 -fomit-frame-pointer -funroll-all-loops -finline-functions
FAIL: g77.f-torture/execute/6367.f compilation, -O3 -g
FAIL: g77.f-torture/execute/6367.f compilation, -Os
FAIL: g77.f-torture/execute/947.f compilation, -O0
FAIL: g77.f-torture/execute/947.f compilation, -O1
FAIL: g77.f-torture/execute/947.f compilation, -O2
FAIL: g77.f-torture/execute/947.f compilation, -O3 -fomit-frame-pointer
FAIL: g77.f-torture/execute/947.f compilation, -O3 -g
FAIL: g77.f-torture/execute/947.f compilation, -Os
FAIL: g77.f-torture/execute/970625-2.f compilation, -O0
FAIL: g77.f-torture/execute/970625-2.f compilation, -O1
FAIL: g77.f-torture/execute/970625-2.f compilation, -O2
FAIL: g77.f-torture/execute/970625-2.f compilation, -O3 -fomit-frame-pointer
FAIL: g77.f-torture/execute/970625-2.f compilation, -O3 -fomit-frame-pointer -funroll-loops
FAIL: g77.f-torture/execute/970625-2.f compilation, -O3 -fomit-frame-pointer -funroll-all-loops -finline-functions
FAIL: g77.f-torture/execute/970625-2.f compilation, -O3 -g
FAIL: g77.f-torture/execute/970625-2.f compilation, -Os
FAIL: g77.f-torture/execute/970816-3.f compilation, -O0
FAIL: g77.f-torture/execute/970816-3.f compilation, -O1
FAIL: g77.f-torture/execute/970816-3.f compilation, -O2
FAIL: g77.f-torture/execute/970816-3.f compilation, -O3 -fomit-frame-pointer
FAIL: g77.f-torture/execute/970816-3.f compilation, -O3 -g
FAIL: g77.f-torture/execute/970816-3.f compilation, -Os
FAIL: g77.f-torture/execute/971102-1.f compilation, -O0
FAIL: g77.f-torture/execute/971102-1.f compilation, -O1
FAIL: g77.f-torture/execute/971102-1.f compilation, -O2
FAIL: g77.f-torture/execute/971102-1.f compilation, -O3 -fomit-frame-pointer
FAIL: g77.f-torture/execute/971102-1.f compilation, -O3 -fomit-frame-pointer -funroll-loops
FAIL: g77.f-torture/execute/971102-1.f compilation, -O3 -fomit-frame-pointer -funroll-all-loops -finline-functions
FAIL: g77.f-torture/execute/971102-1.f compilation, -O3 -g
FAIL: g77.f-torture/execute/971102-1.f compilation, -Os
FAIL: g77.f-torture/execute/980520-1.f compilation, -O0
FAIL: g77.f-torture/execute/980520-1.f compilation, -O1
FAIL: g77.f-torture/execute/980520-1.f compilation, -O2
FAIL: g77.f-torture/execute/980520-1.f compilation, -O3 -fomit-frame-pointer
FAIL: g77.f-torture/execute/980520-1.f compilation, -O3 -g
FAIL: g77.f-torture/execute/980520-1.f compilation, -Os
FAIL: g77.f-torture/execute/980628-0.f compilation, -O0
FAIL: g77.f-torture/execute/980628-0.f compilation, -O1
FAIL: g77.f-torture/execute/980628-0.f compilation, -O2
FAIL: g77.f-torture/execute/980628-0.f compilation, -O3 -fomit-frame-pointer
FAIL: g77.f-torture/execute/980628-0.f compilation, -O3 -g
FAIL: g77.f-torture/execute/980628-0.f compilation, -Os
FAIL: g77.f-torture/execute/980628-1.f compilation, -O0
FAIL: g77.f-torture/execute/980628-1.f compilation, -O1
FAIL: g77.f-torture/execute/980628-1.f compilation, -O2
FAIL: g77.f-torture/execute/980628-1.f compilation, -O3 -fomit-frame-pointer
FAIL: g77.f-torture/execute/980628-1.f compilation, -O3 -g
FAIL: g77.f-torture/execute/980628-1.f compilation, -Os
FAIL: g77.f-torture/execute/980628-10.f compilation, -O0
FAIL: g77.f-torture/execute/980628-10.f compilation, -O1
FAIL: g77.f-torture/execute/980628-10.f compilation, -O2
FAIL: g77.f-torture/execute/980628-10.f compilation, -O3 -fomit-frame-pointer
FAIL: g77.f-torture/execute/980628-10.f compilation, -O3 -g
FAIL: g77.f-torture/execute/980628-10.f compilation, -Os
FAIL: g77.f-torture/execute/980628-2.f compilation, -O0
FAIL: g77.f-torture/execute/980628-2.f compilation, -O1
FAIL: g77.f-torture/execute/980628-2.f compilation, -O2
FAIL: g77.f-torture/execute/980628-2.f compilation, -O3 -fomit-frame-pointer
FAIL: g77.f-torture/execute/980628-2.f compilation, -O3 -g
FAIL: g77.f-torture/execute/980628-2.f compilation, -Os
FAIL: g77.f-torture/execute/980628-3.f compilation, -O0
FAIL: g77.f-torture/execute/980628-3.f compilation, -O1
FAIL: g77.f-torture/execute/980628-3.f compilation, -O2
FAIL: g77.f-torture/execute/980628-3.f compilation, -O3 -fomit-frame-pointer
FAIL: g77.f-torture/execute/980628-3.f compilation, -O3 -g
FAIL: g77.f-torture/execute/980628-3.f compilation, -Os
FAIL: g77.f-torture/execute/980628-4.f compilation, -O0
FAIL: g77.f-torture/execute/980628-4.f compilation, -O1
FAIL: g77.f-torture/execute/980628-4.f compilation, -O2
FAIL: g77.f-torture/execute/980628-4.f compilation, -O3 -fomit-frame-pointer
FAIL: g77.f-torture/execute/980628-4.f compilation, -O3 -g
FAIL: g77.f-torture/execute/980628-4.f compilation, -Os
FAIL: g77.f-torture/execute/980628-5.f compilation, -O0
FAIL: g77.f-torture/execute/980628-5.f compilation, -O1
FAIL: g77.f-torture/execute/980628-5.f compilation, -O2
FAIL: g77.f-torture/execute/980628-5.f compilation, -O3 -fomit-frame-pointer
FAIL: g77.f-torture/execute/980628-5.f compilation, -O3 -g
FAIL: g77.f-torture/execute/980628-5.f compilation, -Os
FAIL: g77.f-torture/execute/980628-6.f compilation, -O0
FAIL: g77.f-torture/execute/980628-6.f compilation, -O1
FAIL: g77.f-torture/execute/980628-6.f compilation, -O2
FAIL: g77.f-torture/execute/980628-6.f compilation, -O3 -fomit-frame-pointer
FAIL: g77.f-torture/execute/980628-6.f compilation, -O3 -g
FAIL: g77.f-torture/execute/980628-6.f compilation, -Os
FAIL: g77.f-torture/execute/980628-7.f compilation, -O0
FAIL: g77.f-torture/execute/980628-7.f compilation, -O1
FAIL: g77.f-torture/execute/980628-7.f compilation, -O2
FAIL: g77.f-torture/execute/980628-7.f compilation, -O3 -fomit-frame-pointer
FAIL: g77.f-torture/execute/980628-7.f compilation, -O3 -g
FAIL: g77.f-torture/execute/980628-7.f compilation, -Os
FAIL: g77.f-torture/execute/980628-8.f compilation, -O0
FAIL: g77.f-torture/execute/980628-8.f compilation, -O1
FAIL: g77.f-torture/execute/980628-8.f compilation, -O2
FAIL: g77.f-torture/execute/980628-8.f compilation, -O3 -fomit-frame-pointer
FAIL: g77.f-torture/execute/980628-8.f compilation, -O3 -g
FAIL: g77.f-torture/execute/980628-8.f compilation, -Os
FAIL: g77.f-torture/execute/980628-9.f compilation, -O0
FAIL: g77.f-torture/execute/980628-9.f compilation, -O1
FAIL: g77.f-torture/execute/980628-9.f compilation, -O2
FAIL: g77.f-torture/execute/980628-9.f compilation, -O3 -fomit-frame-pointer
FAIL: g77.f-torture/execute/980628-9.f compilation, -O3 -g
FAIL: g77.f-torture/execute/980628-9.f compilation, -Os
FAIL: g77.f-torture/execute/980701-0.f compilation, -O0
FAIL: g77.f-torture/execute/980701-0.f compilation, -O1
FAIL: g77.f-torture/execute/980701-0.f compilation, -O2
FAIL: g77.f-torture/execute/980701-0.f compilation, -O3 -fomit-frame-pointer
FAIL: g77.f-torture/execute/980701-0.f compilation, -O3 -g
FAIL: g77.f-torture/execute/980701-0.f compilation, -Os
FAIL: g77.f-torture/execute/980701-1.f compilation, -O0
FAIL: g77.f-torture/execute/980701-1.f compilation, -O1
FAIL: g77.f-torture/execute/980701-1.f compilation, -O2
FAIL: g77.f-torture/execute/980701-1.f compilation, -O3 -fomit-frame-pointer
FAIL: g77.f-torture/execute/980701-1.f compilation, -O3 -g
FAIL: g77.f-torture/execute/980701-1.f compilation, -Os
FAIL: g77.f-torture/execute/alpha2.f compilation, -O0
FAIL: g77.f-torture/execute/alpha2.f compilation, -O1
FAIL: g77.f-torture/execute/alpha2.f compilation, -O2
FAIL: g77.f-torture/execute/alpha2.f compilation, -O3 -fomit-frame-pointer
FAIL: g77.f-torture/execute/alpha2.f compilation, -O3 -g
FAIL: g77.f-torture/execute/alpha2.f compilation, -Os
FAIL: g77.f-torture/execute/auto0.f compilation, -O0
FAIL: g77.f-torture/execute/auto0.f compilation, -O1
FAIL: g77.f-torture/execute/auto0.f compilation, -O2
FAIL: g77.f-torture/execute/auto0.f compilation, -O3 -fomit-frame-pointer
FAIL: g77.f-torture/execute/auto0.f compilation, -O3 -fomit-frame-pointer -funroll-loops
FAIL: g77.f-torture/execute/auto0.f compilation, -O3 -fomit-frame-pointer -funroll-all-loops -finline-functions
FAIL: g77.f-torture/execute/auto0.f compilation, -O3 -g
FAIL: g77.f-torture/execute/auto0.f compilation, -Os
FAIL: g77.f-torture/execute/auto1.f compilation, -O0
FAIL: g77.f-torture/execute/auto1.f compilation, -O1
FAIL: g77.f-torture/execute/auto1.f compilation, -O2
FAIL: g77.f-torture/execute/auto1.f compilation, -O3 -fomit-frame-pointer
FAIL: g77.f-torture/execute/auto1.f compilation, -O3 -fomit-frame-pointer -funroll-loops
FAIL: g77.f-torture/execute/auto1.f compilation, -O3 -fomit-frame-pointer -funroll-all-loops -finline-functions
FAIL: g77.f-torture/execute/auto1.f compilation, -O3 -g
FAIL: g77.f-torture/execute/auto1.f compilation, -Os
FAIL: g77.f-torture/execute/cabs.f compilation, -O0
FAIL: g77.f-torture/execute/cabs.f compilation, -O1
FAIL: g77.f-torture/execute/cabs.f compilation, -O2
FAIL: g77.f-torture/execute/cabs.f compilation, -O3 -fomit-frame-pointer
FAIL: g77.f-torture/execute/cabs.f compilation, -O3 -g
FAIL: g77.f-torture/execute/cabs.f compilation, -Os
FAIL: g77.f-torture/execute/claus.f compilation, -O0
FAIL: g77.f-torture/execute/claus.f compilation, -O1
FAIL: g77.f-torture/execute/claus.f compilation, -O2
FAIL: g77.f-torture/execute/claus.f compilation, -O3 -fomit-frame-pointer
FAIL: g77.f-torture/execute/claus.f compilation, -O3 -fomit-frame-pointer -funroll-loops
FAIL: g77.f-torture/execute/claus.f compilation, -O3 -fomit-frame-pointer -funroll-all-loops -finline-functions
FAIL: g77.f-torture/execute/claus.f compilation, -O3 -g
FAIL: g77.f-torture/execute/claus.f compilation, -Os
FAIL: g77.f-torture/execute/complex_1.f compilation, -O0
FAIL: g77.f-torture/execute/complex_1.f compilation, -O1
FAIL: g77.f-torture/execute/complex_1.f compilation, -O2
FAIL: g77.f-torture/execute/complex_1.f compilation, -O3 -fomit-frame-pointer
FAIL: g77.f-torture/execute/complex_1.f compilation, -O3 -g
FAIL: g77.f-torture/execute/complex_1.f compilation, -Os
FAIL: g77.f-torture/execute/dcomplex.f compilation, -O0
FAIL: g77.f-torture/execute/dcomplex.f compilation, -O1
FAIL: g77.f-torture/execute/dcomplex.f compilation, -O2
FAIL: g77.f-torture/execute/dcomplex.f compilation, -O3 -fomit-frame-pointer
FAIL: g77.f-torture/execute/dcomplex.f compilation, -O3 -g
FAIL: g77.f-torture/execute/dcomplex.f compilation, -Os
FAIL: g77.f-torture/execute/dnrm2.f compilation, -O0
FAIL: g77.f-torture/execute/dnrm2.f compilation, -O1
FAIL: g77.f-torture/execute/dnrm2.f compilation, -O2
FAIL: g77.f-torture/execute/dnrm2.f compilation, -O3 -fomit-frame-pointer
FAIL: g77.f-torture/execute/dnrm2.f compilation, -O3 -fomit-frame-pointer -funroll-loops
FAIL: g77.f-torture/execute/dnrm2.f compilation, -O3 -fomit-frame-pointer -funroll-all-loops -finline-functions
FAIL: g77.f-torture/execute/dnrm2.f compilation, -O3 -g
FAIL: g77.f-torture/execute/dnrm2.f compilation, -Os
FAIL: g77.f-torture/execute/erfc.f compilation, -O0
FAIL: g77.f-torture/execute/erfc.f compilation, -O1
FAIL: g77.f-torture/execute/erfc.f compilation, -O2
FAIL: g77.f-torture/execute/erfc.f compilation, -O3 -fomit-frame-pointer
FAIL: g77.f-torture/execute/erfc.f compilation, -O3 -g
FAIL: g77.f-torture/execute/erfc.f compilation, -Os
FAIL: g77.f-torture/execute/exp.f compilation, -O0
FAIL: g77.f-torture/execute/exp.f compilation, -O1
FAIL: g77.f-torture/execute/exp.f compilation, -O2
FAIL: g77.f-torture/execute/exp.f compilation, -O3 -fomit-frame-pointer
FAIL: g77.f-torture/execute/exp.f compilation, -O3 -g
FAIL: g77.f-torture/execute/exp.f compilation, -Os
FAIL: g77.f-torture/execute/f90-intrinsic-bit.f compilation, -O0
FAIL: g77.f-torture/execute/f90-intrinsic-bit.f compilation, -O1
FAIL: g77.f-torture/execute/f90-intrinsic-bit.f compilation, -O2
FAIL: g77.f-torture/execute/f90-intrinsic-bit.f compilation, -O3 -fomit-frame-pointer
FAIL: g77.f-torture/execute/f90-intrinsic-bit.f compilation, -O3 -fomit-frame-pointer -funroll-loops
FAIL: g77.f-torture/execute/f90-intrinsic-bit.f compilation, -O3 -fomit-frame-pointer -funroll-all-loops -finline-functions
FAIL: g77.f-torture/execute/f90-intrinsic-bit.f compilation, -O3 -g
FAIL: g77.f-torture/execute/f90-intrinsic-bit.f compilation, -Os
FAIL: g77.f-torture/execute/f90-intrinsic-mathematical.f compilation, -O0
FAIL: g77.f-torture/execute/f90-intrinsic-mathematical.f compilation, -O1
FAIL: g77.f-torture/execute/f90-intrinsic-mathematical.f compilation, -O2
FAIL: g77.f-torture/execute/f90-intrinsic-mathematical.f compilation, -O3 -fomit-frame-pointer
FAIL: g77.f-torture/execute/f90-intrinsic-mathematical.f compilation, -O3 -g
FAIL: g77.f-torture/execute/f90-intrinsic-mathematical.f compilation, -Os
FAIL: g77.f-torture/execute/f90-intrinsic-numeric.f compilation, -O0
FAIL: g77.f-torture/execute/f90-intrinsic-numeric.f compilation, -O1
FAIL: g77.f-torture/execute/f90-intrinsic-numeric.f compilation, -O2
FAIL: g77.f-torture/execute/f90-intrinsic-numeric.f compilation, -O3 -fomit-frame-pointer
FAIL: g77.f-torture/execute/f90-intrinsic-numeric.f compilation, -O3 -g
FAIL: g77.f-torture/execute/f90-intrinsic-numeric.f compilation, -Os
FAIL: g77.f-torture/execute/intrinsic-f2c-z.f compilation, -O0
FAIL: g77.f-torture/execute/intrinsic-f2c-z.f compilation, -O1
FAIL: g77.f-torture/execute/intrinsic-f2c-z.f compilation, -O2
FAIL: g77.f-torture/execute/intrinsic-f2c-z.f compilation, -O3 -fomit-frame-pointer
FAIL: g77.f-torture/execute/intrinsic-f2c-z.f compilation, -O3 -g
FAIL: g77.f-torture/execute/intrinsic-f2c-z.f compilation, -Os
FAIL: g77.f-torture/execute/intrinsic-unix-bessel.f compilation, -O0
FAIL: g77.f-torture/execute/intrinsic-unix-bessel.f compilation, -O1
FAIL: g77.f-torture/execute/intrinsic-unix-bessel.f compilation, -O2
FAIL: g77.f-torture/execute/intrinsic-unix-bessel.f compilation, -O3 -fomit-frame-pointer
FAIL: g77.f-torture/execute/intrinsic-unix-bessel.f compilation, -O3 -g
FAIL: g77.f-torture/execute/intrinsic-unix-bessel.f compilation, -Os
FAIL: g77.f-torture/execute/intrinsic-unix-erf.f compilation, -O0
FAIL: g77.f-torture/execute/intrinsic-unix-erf.f compilation, -O1
FAIL: g77.f-torture/execute/intrinsic-unix-erf.f compilation, -O2
FAIL: g77.f-torture/execute/intrinsic-unix-erf.f compilation, -O3 -fomit-frame-pointer
FAIL: g77.f-torture/execute/intrinsic-unix-erf.f compilation, -O3 -g
FAIL: g77.f-torture/execute/intrinsic-unix-erf.f compilation, -Os
FAIL: g77.f-torture/execute/intrinsic-vax-cd.f compilation, -O0
FAIL: g77.f-torture/execute/intrinsic-vax-cd.f compilation, -O1
FAIL: g77.f-torture/execute/intrinsic-vax-cd.f compilation, -O2
FAIL: g77.f-torture/execute/intrinsic-vax-cd.f compilation, -O3 -fomit-frame-pointer
FAIL: g77.f-torture/execute/intrinsic-vax-cd.f compilation, -O3 -g
FAIL: g77.f-torture/execute/intrinsic-vax-cd.f compilation, -Os
FAIL: g77.f-torture/execute/intrinsic77.f compilation, -O0
FAIL: g77.f-torture/execute/intrinsic77.f compilation, -O1
FAIL: g77.f-torture/execute/intrinsic77.f compilation, -O2
FAIL: g77.f-torture/execute/intrinsic77.f compilation, -O3 -fomit-frame-pointer
FAIL: g77.f-torture/execute/intrinsic77.f compilation, -O3 -g
FAIL: g77.f-torture/execute/intrinsic77.f compilation, -Os
FAIL: g77.f-torture/execute/io0.f compilation, -O0
FAIL: g77.f-torture/execute/io0.f compilation, -O1
FAIL: g77.f-torture/execute/io0.f compilation, -O2
FAIL: g77.f-torture/execute/io0.f compilation, -O3 -fomit-frame-pointer
FAIL: g77.f-torture/execute/io0.f compilation, -O3 -g
FAIL: g77.f-torture/execute/io0.f compilation, -Os
FAIL: g77.f-torture/execute/io1.f compilation, -O0
FAIL: g77.f-torture/execute/io1.f compilation, -O1
FAIL: g77.f-torture/execute/io1.f compilation, -O2
FAIL: g77.f-torture/execute/io1.f compilation, -O3 -fomit-frame-pointer
FAIL: g77.f-torture/execute/io1.f compilation, -O3 -g
FAIL: g77.f-torture/execute/io1.f compilation, -Os
FAIL: g77.f-torture/execute/labug1.f compilation, -O0
FAIL: g77.f-torture/execute/labug1.f compilation, -O1
FAIL: g77.f-torture/execute/labug1.f compilation, -O2
FAIL: g77.f-torture/execute/labug1.f compilation, -O3 -fomit-frame-pointer
FAIL: g77.f-torture/execute/labug1.f compilation, -O3 -fomit-frame-pointer -funroll-loops
FAIL: g77.f-torture/execute/labug1.f compilation, -O3 -fomit-frame-pointer -funroll-all-loops -finline-functions
FAIL: g77.f-torture/execute/labug1.f compilation, -O3 -g
FAIL: g77.f-torture/execute/labug1.f compilation, -Os
FAIL: g77.f-torture/execute/large_vec.f compilation, -O0
FAIL: g77.f-torture/execute/large_vec.f compilation, -O1
FAIL: g77.f-torture/execute/large_vec.f compilation, -O2
FAIL: g77.f-torture/execute/large_vec.f compilation, -O3 -fomit-frame-pointer
FAIL: g77.f-torture/execute/large_vec.f compilation, -O3 -g
FAIL: g77.f-torture/execute/large_vec.f compilation, -Os
FAIL: g77.f-torture/execute/le.f compilation, -O0
FAIL: g77.f-torture/execute/le.f compilation, -O1
FAIL: g77.f-torture/execute/le.f compilation, -O2
FAIL: g77.f-torture/execute/le.f compilation, -O3 -fomit-frame-pointer
FAIL: g77.f-torture/execute/le.f compilation, -O3 -g
FAIL: g77.f-torture/execute/le.f compilation, -Os
FAIL: g77.f-torture/execute/short.f compilation, -O0
FAIL: g77.f-torture/execute/short.f compilation, -O1
FAIL: g77.f-torture/execute/short.f compilation, -O2
FAIL: g77.f-torture/execute/short.f compilation, -O3 -fomit-frame-pointer
FAIL: g77.f-torture/execute/short.f compilation, -O3 -fomit-frame-pointer -funroll-loops
FAIL: g77.f-torture/execute/short.f compilation, -O3 -fomit-frame-pointer -funroll-all-loops -finline-functions
FAIL: g77.f-torture/execute/short.f compilation, -O3 -g
FAIL: g77.f-torture/execute/short.f compilation, -Os
FAIL: g77.f-torture/execute/u77-test.f compilation, -O0
FAIL: g77.f-torture/execute/u77-test.f compilation, -O1
FAIL: g77.f-torture/execute/u77-test.f compilation, -O2
FAIL: g77.f-torture/execute/u77-test.f compilation, -O3 -fomit-frame-pointer
FAIL: g77.f-torture/execute/u77-test.f compilation, -O3 -fomit-frame-pointer -funroll-loops
FAIL: g77.f-torture/execute/u77-test.f compilation, -O3 -fomit-frame-pointer -funroll-all-loops -finline-functions
FAIL: g77.f-torture/execute/u77-test.f compilation, -O3 -g
FAIL: g77.f-torture/execute/u77-test.f compilation, -Os
FAIL: g77.f-torture/execute/cpp.F compilation, -O0
FAIL: g77.f-torture/execute/cpp.F compilation, -O1
FAIL: g77.f-torture/execute/cpp.F compilation, -O2
FAIL: g77.f-torture/execute/cpp.F compilation, -O3 -fomit-frame-pointer
FAIL: g77.f-torture/execute/cpp.F compilation, -O3 -g
FAIL: g77.f-torture/execute/cpp.F compilation, -Os
FAIL: g77.f-torture/execute/cpp2.F compilation, -O0
FAIL: g77.f-torture/execute/cpp2.F compilation, -O1
FAIL: g77.f-torture/execute/cpp2.F compilation, -O2
FAIL: g77.f-torture/execute/cpp2.F compilation, -O3 -fomit-frame-pointer
FAIL: g77.f-torture/execute/cpp2.F compilation, -O3 -g
FAIL: g77.f-torture/execute/cpp2.F compilation, -Os
=== g77 Summary ===
# of expected passes 397
# of unexpected failures 597
# of unresolved testcases 21
# of untested testcases 424
# of unsupported tests 9
/mmix/fr30-elf/build/gcc/testsuite/../g77 version 3.2 20020713 (experimental)
Host is i686-pc-linux-gnu
=== gcc tests ===
Running target fr30-sim
FAIL: gcc.c-torture/compile/simd-3.c, -O0
FAIL: gcc.c-torture/compile/simd-3.c, -O1
FAIL: gcc.c-torture/compile/simd-3.c, -O2
FAIL: gcc.c-torture/compile/simd-3.c, -O3 -fomit-frame-pointer
FAIL: gcc.c-torture/compile/simd-3.c, -O3 -g
FAIL: gcc.c-torture/compile/simd-3.c, -Os
FAIL: gcc.c-torture/execute/20000402-1.c execution, -O0
FAIL: gcc.c-torture/execute/20000412-3.c execution, -O1
FAIL: gcc.c-torture/execute/20000412-3.c execution, -O2
FAIL: gcc.c-torture/execute/20000603-1.c execution, -O0
FAIL: gcc.c-torture/execute/20000603-1.c execution, -O1
FAIL: gcc.c-torture/execute/20000603-1.c execution, -O2
FAIL: gcc.c-torture/execute/20000603-1.c execution, -O3 -fomit-frame-pointer
FAIL: gcc.c-torture/execute/20000603-1.c execution, -O3 -g
FAIL: gcc.c-torture/execute/20000603-1.c execution, -Os
FAIL: gcc.c-torture/execute/20000605-1.c execution, -O0
FAIL: gcc.c-torture/execute/20000605-1.c execution, -O1
FAIL: gcc.c-torture/execute/20000605-1.c execution, -O2
FAIL: gcc.c-torture/execute/20000605-1.c execution, -O3 -fomit-frame-pointer
FAIL: gcc.c-torture/execute/20000605-1.c execution, -O3 -fomit-frame-pointer -funroll-loops
FAIL: gcc.c-torture/execute/20000605-1.c execution, -O3 -fomit-frame-pointer -funroll-all-loops -finline-functions
FAIL: gcc.c-torture/execute/20000605-1.c execution, -O3 -g
FAIL: gcc.c-torture/execute/20000605-1.c execution, -Os
FAIL: gcc.c-torture/execute/20000703-1.c execution, -O1
FAIL: gcc.c-torture/execute/20000703-1.c execution, -O2
FAIL: gcc.c-torture/execute/20000703-1.c execution, -O3 -fomit-frame-pointer
FAIL: gcc.c-torture/execute/20000703-1.c execution, -O3 -g
FAIL: gcc.c-torture/execute/20000706-1.c execution, -O0
FAIL: gcc.c-torture/execute/20000706-1.c execution, -O1
FAIL: gcc.c-torture/execute/20000706-1.c execution, -O2
FAIL: gcc.c-torture/execute/20000706-2.c execution, -O0
FAIL: gcc.c-torture/execute/20000706-2.c execution, -O1
FAIL: gcc.c-torture/execute/20000706-2.c execution, -O2
FAIL: gcc.c-torture/execute/20000706-5.c execution, -O1
FAIL: gcc.c-torture/execute/20000706-5.c execution, -O2
FAIL: gcc.c-torture/execute/20000706-5.c execution, -Os
FAIL: gcc.c-torture/execute/20000707-1.c execution, -O1
FAIL: gcc.c-torture/execute/20000707-1.c execution, -O2
FAIL: gcc.c-torture/execute/20000707-1.c execution, -Os
FAIL: gcc.c-torture/execute/20000717-1.c execution, -O1
FAIL: gcc.c-torture/execute/20000717-1.c execution, -O2
FAIL: gcc.c-torture/execute/20000717-1.c execution, -Os
FAIL: gcc.c-torture/execute/20000717-5.c execution, -O1
FAIL: gcc.c-torture/execute/20000717-5.c execution, -O2
FAIL: gcc.c-torture/execute/20000717-5.c execution, -O3 -fomit-frame-pointer
FAIL: gcc.c-torture/execute/20000717-5.c execution, -O3 -g
FAIL: gcc.c-torture/execute/20000717-5.c execution, -Os
FAIL: gcc.c-torture/execute/20000722-1.c execution, -O1
FAIL: gcc.c-torture/execute/20000722-1.c execution, -O2
FAIL: gcc.c-torture/execute/20000722-1.c execution, -O3 -fomit-frame-pointer
FAIL: gcc.c-torture/execute/20000722-1.c execution, -O3 -g
FAIL: gcc.c-torture/execute/20000722-1.c execution, -Os
FAIL: gcc.c-torture/execute/20000731-1.c execution, -O0
FAIL: gcc.c-torture/execute/20000731-1.c execution, -O1
FAIL: gcc.c-torture/execute/20000731-1.c execution, -O2
FAIL: gcc.c-torture/execute/20000731-1.c execution, -O3 -fomit-frame-pointer
FAIL: gcc.c-torture/execute/20000731-1.c execution, -O3 -fomit-frame-pointer -funroll-loops
FAIL: gcc.c-torture/execute/20000731-1.c execution, -O3 -fomit-frame-pointer -funroll-all-loops -finline-functions
FAIL: gcc.c-torture/execute/20000731-1.c execution, -O3 -g
FAIL: gcc.c-torture/execute/20000731-1.c execution, -Os
FAIL: gcc.c-torture/execute/20000808-1.c execution, -O0
FAIL: gcc.c-torture/execute/20000808-1.c execution, -O1
FAIL: gcc.c-torture/execute/20000808-1.c execution, -O2
FAIL: gcc.c-torture/execute/20000808-1.c execution, -Os
FAIL: gcc.c-torture/execute/20000815-1.c execution, -O1
FAIL: gcc.c-torture/execute/20000815-1.c execution, -O2
FAIL: gcc.c-torture/execute/20000815-1.c execution, -O3 -fomit-frame-pointer
FAIL: gcc.c-torture/execute/20000815-1.c execution, -O3 -fomit-frame-pointer -funroll-loops
FAIL: gcc.c-torture/execute/20000815-1.c execution, -O3 -fomit-frame-pointer -funroll-all-loops -finline-functions
FAIL: gcc.c-torture/execute/20000815-1.c execution, -O3 -g
FAIL: gcc.c-torture/execute/20000822-1.c execution, -O0
FAIL: gcc.c-torture/execute/20000822-1.c execution, -O1
FAIL: gcc.c-torture/execute/20000822-1.c execution, -O2
FAIL: gcc.c-torture/execute/20000822-1.c execution, -O3 -fomit-frame-pointer
FAIL: gcc.c-torture/execute/20000822-1.c execution, -O3 -g
FAIL: gcc.c-torture/execute/20001024-1.c execution, -O0
FAIL: gcc.c-torture/execute/20001024-1.c execution, -O1
FAIL: gcc.c-torture/execute/20001024-1.c execution, -O2
FAIL: gcc.c-torture/execute/20001024-1.c execution, -Os
FAIL: gcc.c-torture/execute/20001026-1.c execution, -O1
FAIL: gcc.c-torture/execute/20001026-1.c execution, -O2
FAIL: gcc.c-torture/execute/20001026-1.c execution, -O3 -fomit-frame-pointer
FAIL: gcc.c-torture/execute/20001026-1.c execution, -O3 -fomit-frame-pointer -funroll-loops
FAIL: gcc.c-torture/execute/20001026-1.c execution, -O3 -fomit-frame-pointer -funroll-all-loops -finline-functions
FAIL: gcc.c-torture/execute/20001026-1.c execution, -O3 -g
FAIL: gcc.c-torture/execute/20001031-1.c execution, -O0
FAIL: gcc.c-torture/execute/20001108-1.c execution, -O0
FAIL: gcc.c-torture/execute/20001112-1.c execution, -O0
FAIL: gcc.c-torture/execute/20001203-2.c execution, -O0
FAIL: gcc.c-torture/execute/20001203-2.c execution, -O1
FAIL: gcc.c-torture/execute/20001203-2.c execution, -O2
WARNING: program timed out.
FAIL: gcc.c-torture/execute/20001203-2.c execution, -O3 -fomit-frame-pointer
WARNING: program timed out.
FAIL: gcc.c-torture/execute/20001203-2.c execution, -O3 -g
FAIL: gcc.c-torture/execute/20001203-2.c execution, -Os
FAIL: gcc.c-torture/execute/20010118-1.c execution, -O0
FAIL: gcc.c-torture/execute/20010118-1.c execution, -O1
FAIL: gcc.c-torture/execute/20010118-1.c execution, -O2
WARNING: program timed out.
FAIL: gcc.c-torture/execute/20010118-1.c execution, -O3 -fomit-frame-pointer
WARNING: program timed out.
FAIL: gcc.c-torture/execute/20010118-1.c execution, -O3 -g
FAIL: gcc.c-torture/execute/20010118-1.c execution, -Os
FAIL: gcc.c-torture/execute/20010122-1.c execution, -O0
FAIL: gcc.c-torture/execute/20010122-1.c execution, -O1
FAIL: gcc.c-torture/execute/20010122-1.c execution, -O2
FAIL: gcc.c-torture/execute/20010122-1.c execution, -O3 -fomit-frame-pointer
FAIL: gcc.c-torture/execute/20010122-1.c execution, -O3 -fomit-frame-pointer -funroll-loops
FAIL: gcc.c-torture/execute/20010122-1.c execution, -O3 -fomit-frame-pointer -funroll-all-loops -finline-functions
FAIL: gcc.c-torture/execute/20010122-1.c execution, -O3 -g
FAIL: gcc.c-torture/execute/20010122-1.c execution, -Os
FAIL: gcc.c-torture/execute/20010605-2.c execution, -O0
FAIL: gcc.c-torture/execute/20010605-2.c execution, -O1
FAIL: gcc.c-torture/execute/20010605-2.c execution, -O2
FAIL: gcc.c-torture/execute/20010605-2.c execution, -O3 -fomit-frame-pointer
FAIL: gcc.c-torture/execute/20010605-2.c execution, -O3 -g
FAIL: gcc.c-torture/execute/20010605-2.c execution, -Os
FAIL: gcc.c-torture/execute/20011008-3.c execution, -O1
FAIL: gcc.c-torture/execute/20011008-3.c execution, -O2
FAIL: gcc.c-torture/execute/20011008-3.c execution, -Os
FAIL: gcc.c-torture/execute/20011113-1.c execution, -O1
FAIL: gcc.c-torture/execute/20011113-1.c execution, -O2
FAIL: gcc.c-torture/execute/20011113-1.c execution, -Os
FAIL: gcc.c-torture/execute/20011128-1.c execution, -O0
FAIL: gcc.c-torture/execute/20011128-1.c execution, -O1
FAIL: gcc.c-torture/execute/20011128-1.c execution, -O2
FAIL: gcc.c-torture/execute/20011128-1.c execution, -O3 -fomit-frame-pointer
FAIL: gcc.c-torture/execute/20011128-1.c execution, -O3 -g
FAIL: gcc.c-torture/execute/20011217-1.c execution, -O0
FAIL: gcc.c-torture/execute/20011217-1.c execution, -O1
FAIL: gcc.c-torture/execute/20011217-1.c execution, -O2
FAIL: gcc.c-torture/execute/20011217-1.c execution, -O3 -fomit-frame-pointer
FAIL: gcc.c-torture/execute/20011217-1.c execution, -O3 -g
FAIL: gcc.c-torture/execute/20011217-1.c execution, -Os
FAIL: gcc.c-torture/execute/20020201-1.c execution, -O0
FAIL: gcc.c-torture/execute/20020201-1.c execution, -O1
FAIL: gcc.c-torture/execute/20020201-1.c execution, -O2
FAIL: gcc.c-torture/execute/20020201-1.c execution, -O3 -fomit-frame-pointer
FAIL: gcc.c-torture/execute/20020201-1.c execution, -O3 -g
FAIL: gcc.c-torture/execute/20020201-1.c execution, -Os
FAIL: gcc.c-torture/execute/20020206-1.c execution, -O2
FAIL: gcc.c-torture/execute/20020206-1.c execution, -O3 -fomit-frame-pointer
FAIL: gcc.c-torture/execute/20020206-1.c execution, -O3 -g
FAIL: gcc.c-torture/execute/20020206-1.c execution, -Os
FAIL: gcc.c-torture/execute/20020215-1.c execution, -O1
FAIL: gcc.c-torture/execute/20020215-1.c execution, -O2
FAIL: gcc.c-torture/execute/20020215-1.c execution, -Os
FAIL: gcc.c-torture/execute/20020219-1.c execution, -O0
FAIL: gcc.c-torture/execute/20020226-1.c execution, -O0
FAIL: gcc.c-torture/execute/20020314-1.c execution, -O0
FAIL: gcc.c-torture/execute/20020314-1.c execution, -O1
FAIL: gcc.c-torture/execute/20020314-1.c execution, -O2
FAIL: gcc.c-torture/execute/20020314-1.c execution, -O3 -fomit-frame-pointer
FAIL: gcc.c-torture/execute/20020314-1.c execution, -O3 -g
FAIL: gcc.c-torture/execute/20020314-1.c execution, -Os
FAIL: gcc.c-torture/execute/20020402-3.c execution, -O1
FAIL: gcc.c-torture/execute/20020402-3.c execution, -O2
FAIL: gcc.c-torture/execute/20020402-3.c execution, -O3 -fomit-frame-pointer
FAIL: gcc.c-torture/execute/20020402-3.c execution, -O3 -fomit-frame-pointer -funroll-loops
FAIL: gcc.c-torture/execute/20020402-3.c execution, -O3 -fomit-frame-pointer -funroll-all-loops -finline-functions
FAIL: gcc.c-torture/execute/20020402-3.c execution, -O3 -g
FAIL: gcc.c-torture/execute/20020404-1.c execution, -O1
FAIL: gcc.c-torture/execute/20020404-1.c execution, -O2
FAIL: gcc.c-torture/execute/20020404-1.c execution, -Os
FAIL: gcc.c-torture/execute/20020406-1.c execution, -O0
FAIL: gcc.c-torture/execute/20020406-1.c execution, -O1
FAIL: gcc.c-torture/execute/20020406-1.c execution, -O2
FAIL: gcc.c-torture/execute/20020406-1.c execution, -O3 -fomit-frame-pointer
FAIL: gcc.c-torture/execute/20020406-1.c execution, -O3 -fomit-frame-pointer -funroll-loops
FAIL: gcc.c-torture/execute/20020406-1.c execution, -O3 -fomit-frame-pointer -funroll-all-loops -finline-functions
FAIL: gcc.c-torture/execute/20020406-1.c execution, -O3 -g
FAIL: gcc.c-torture/execute/20020406-1.c execution, -Os
FAIL: gcc.c-torture/execute/20020411-1.c execution, -O0
FAIL: gcc.c-torture/execute/20020411-1.c execution, -O1
FAIL: gcc.c-torture/execute/20020411-1.c execution, -O2
FAIL: gcc.c-torture/execute/20020411-1.c execution, -O3 -fomit-frame-pointer
FAIL: gcc.c-torture/execute/20020411-1.c execution, -O3 -g
FAIL: gcc.c-torture/execute/20020411-1.c execution, -Os
FAIL: gcc.c-torture/execute/20020413-1.c execution, -O0
FAIL: gcc.c-torture/execute/20020413-1.c execution, -O1
FAIL: gcc.c-torture/execute/20020413-1.c execution, -O2
FAIL: gcc.c-torture/execute/20020413-1.c execution, -O3 -fomit-frame-pointer
FAIL: gcc.c-torture/execute/20020413-1.c execution, -O3 -fomit-frame-pointer -funroll-loops
FAIL: gcc.c-torture/execute/20020413-1.c execution, -O3 -fomit-frame-pointer -funroll-all-loops -finline-functions
FAIL: gcc.c-torture/execute/20020413-1.c execution, -O3 -g
FAIL: gcc.c-torture/execute/20020413-1.c execution, -Os
FAIL: gcc.c-torture/execute/20020508-1.c execution, -O0
FAIL: gcc.c-torture/execute/20020508-2.c execution, -O0
FAIL: gcc.c-torture/execute/20020508-3.c execution, -O0
FAIL: gcc.c-torture/execute/20020619-1.c execution, -O1
FAIL: gcc.c-torture/execute/20020619-1.c execution, -O2
FAIL: gcc.c-torture/execute/20020619-1.c execution, -O3 -fomit-frame-pointer
FAIL: gcc.c-torture/execute/20020619-1.c execution, -O3 -g
FAIL: gcc.c-torture/execute/20020619-1.c execution, -Os
FAIL: gcc.c-torture/execute/920501-2.c execution, -O0
FAIL: gcc.c-torture/execute/920501-2.c execution, -O1
FAIL: gcc.c-torture/execute/920501-2.c execution, -O2
FAIL: gcc.c-torture/execute/920501-2.c execution, -O3 -fomit-frame-pointer
FAIL: gcc.c-torture/execute/920501-2.c execution, -O3 -fomit-frame-pointer -funroll-loops
FAIL: gcc.c-torture/execute/920501-2.c execution, -O3 -fomit-frame-pointer -funroll-all-loops -finline-functions
FAIL: gcc.c-torture/execute/920501-2.c execution, -O3 -g
WARNING: program timed out.
FAIL: gcc.c-torture/execute/920501-2.c execution, -Os
FAIL: gcc.c-torture/execute/920501-6.c execution, -O0
FAIL: gcc.c-torture/execute/920501-6.c execution, -O1
FAIL: gcc.c-torture/execute/920501-6.c execution, -O2
FAIL: gcc.c-torture/execute/920501-6.c execution, -O3 -fomit-frame-pointer
FAIL: gcc.c-torture/execute/920501-6.c execution, -O3 -fomit-frame-pointer -funroll-loops
FAIL: gcc.c-torture/execute/920501-6.c execution, -O3 -fomit-frame-pointer -funroll-all-loops -finline-functions
FAIL: gcc.c-torture/execute/920501-6.c execution, -O3 -g
FAIL: gcc.c-torture/execute/920501-6.c execution, -Os
FAIL: gcc.c-torture/execute/920501-8.c execution, -O0
FAIL: gcc.c-torture/execute/920501-8.c execution, -O1
FAIL: gcc.c-torture/execute/920501-8.c execution, -O2
FAIL: gcc.c-torture/execute/920501-8.c execution, -O3 -fomit-frame-pointer
FAIL: gcc.c-torture/execute/920501-8.c execution, -O3 -g
FAIL: gcc.c-torture/execute/920501-8.c execution, -Os
FAIL: gcc.c-torture/execute/920501-9.c execution, -O0
FAIL: gcc.c-torture/execute/920501-9.c execution, -O1
FAIL: gcc.c-torture/execute/920501-9.c execution, -O2
FAIL: gcc.c-torture/execute/920501-9.c execution, -O3 -fomit-frame-pointer
FAIL: gcc.c-torture/execute/920501-9.c execution, -O3 -g
FAIL: gcc.c-torture/execute/920501-9.c execution, -Os
FAIL: gcc.c-torture/execute/920604-1.c execution, -O0
FAIL: gcc.c-torture/execute/920625-1.c execution, -O0
FAIL: gcc.c-torture/execute/920625-1.c execution, -O1
FAIL: gcc.c-torture/execute/920625-1.c execution, -O2
FAIL: gcc.c-torture/execute/920625-1.c execution, -O3 -fomit-frame-pointer
FAIL: gcc.c-torture/execute/920625-1.c execution, -O3 -fomit-frame-pointer -funroll-loops
FAIL: gcc.c-torture/execute/920625-1.c execution, -O3 -fomit-frame-pointer -funroll-all-loops -finline-functions
FAIL: gcc.c-torture/execute/920625-1.c execution, -O3 -g
FAIL: gcc.c-torture/execute/920625-1.c execution, -Os
FAIL: gcc.c-torture/execute/920726-1.c execution, -O0
FAIL: gcc.c-torture/execute/920726-1.c execution, -O1
FAIL: gcc.c-torture/execute/920726-1.c execution, -O2
FAIL: gcc.c-torture/execute/920726-1.c execution, -O3 -fomit-frame-pointer
FAIL: gcc.c-torture/execute/920726-1.c execution, -O3 -fomit-frame-pointer -funroll-loops
FAIL: gcc.c-torture/execute/920726-1.c execution, -O3 -fomit-frame-pointer -funroll-all-loops -finline-functions
FAIL: gcc.c-torture/execute/920726-1.c execution, -O3 -g
FAIL: gcc.c-torture/execute/920726-1.c execution, -Os
FAIL: gcc.c-torture/execute/920829-1.c execution, -O0
FAIL: gcc.c-torture/execute/921019-2.c execution, -O0
FAIL: gcc.c-torture/execute/921019-2.c execution, -O1
FAIL: gcc.c-torture/execute/921019-2.c execution, -O2
FAIL: gcc.c-torture/execute/921019-2.c execution, -O3 -fomit-frame-pointer
FAIL: gcc.c-torture/execute/921019-2.c execution, -O3 -g
FAIL: gcc.c-torture/execute/921019-2.c execution, -Os
FAIL: gcc.c-torture/execute/921029-1.c execution, -O0
FAIL: gcc.c-torture/execute/921029-1.c execution, -O2
FAIL: gcc.c-torture/execute/921029-1.c execution, -Os
FAIL: gcc.c-torture/execute/921112-1.c execution, -O3 -fomit-frame-pointer
FAIL: gcc.c-torture/execute/921112-1.c execution, -O3 -g
FAIL: gcc.c-torture/execute/921113-1.c execution, -O0
FAIL: gcc.c-torture/execute/921113-1.c execution, -O1
FAIL: gcc.c-torture/execute/921113-1.c execution, -O2
FAIL: gcc.c-torture/execute/921113-1.c execution, -O3 -fomit-frame-pointer
FAIL: gcc.c-torture/execute/921113-1.c execution, -O3 -g
FAIL: gcc.c-torture/execute/921113-1.c execution, -Os
FAIL: gcc.c-torture/execute/921117-1.c execution, -O0
FAIL: gcc.c-torture/execute/921117-1.c execution, -O1
FAIL: gcc.c-torture/execute/921117-1.c execution, -Os
FAIL: gcc.c-torture/execute/921124-1.c execution, -O0
FAIL: gcc.c-torture/execute/921124-1.c execution, -O1
FAIL: gcc.c-torture/execute/921124-1.c execution, -O2
FAIL: gcc.c-torture/execute/921124-1.c execution, -O3 -fomit-frame-pointer
FAIL: gcc.c-torture/execute/921124-1.c execution, -O3 -g
FAIL: gcc.c-torture/execute/921124-1.c execution, -Os
FAIL: gcc.c-torture/execute/921208-1.c execution, -O0
FAIL: gcc.c-torture/execute/921208-1.c execution, -O1
FAIL: gcc.c-torture/execute/921208-1.c execution, -O2
FAIL: gcc.c-torture/execute/921208-1.c execution, -O3 -fomit-frame-pointer
FAIL: gcc.c-torture/execute/921208-1.c execution, -O3 -g
FAIL: gcc.c-torture/execute/921208-1.c execution, -Os
FAIL: gcc.c-torture/execute/921208-2.c execution, -O0
FAIL: gcc.c-torture/execute/921215-1.c execution, -O0
FAIL: gcc.c-torture/execute/921215-1.c execution, -O1
FAIL: gcc.c-torture/execute/921215-1.c execution, -O2
WARNING: program timed out.
FAIL: gcc.c-torture/execute/921215-1.c execution, -O3 -fomit-frame-pointer
WARNING: program timed out.
FAIL: gcc.c-torture/execute/921215-1.c execution, -O3 -g
FAIL: gcc.c-torture/execute/930106-1.c execution, -O0
FAIL: gcc.c-torture/execute/930106-1.c execution, -O1
FAIL: gcc.c-torture/execute/930106-1.c execution, -O2
FAIL: gcc.c-torture/execute/930106-1.c execution, -O3 -fomit-frame-pointer
FAIL: gcc.c-torture/execute/930106-1.c execution, -O3 -g
FAIL: gcc.c-torture/execute/930106-1.c execution, -Os
FAIL: gcc.c-torture/execute/930126-1.c execution, -O0
FAIL: gcc.c-torture/execute/930513-1.c execution, -O0
FAIL: gcc.c-torture/execute/930513-1.c execution, -O1
FAIL: gcc.c-torture/execute/930513-1.c execution, -O2
FAIL: gcc.c-torture/execute/930513-1.c execution, -O3 -fomit-frame-pointer
FAIL: gcc.c-torture/execute/930513-1.c execution, -O3 -g
FAIL: gcc.c-torture/execute/930513-1.c execution, -Os
FAIL: gcc.c-torture/execute/930603-1.c execution, -O0
FAIL: gcc.c-torture/execute/930603-1.c execution, -O1
FAIL: gcc.c-torture/execute/930603-1.c execution, -O2
FAIL: gcc.c-torture/execute/930603-1.c execution, -O3 -fomit-frame-pointer
FAIL: gcc.c-torture/execute/930603-1.c execution, -O3 -g
FAIL: gcc.c-torture/execute/930603-1.c execution, -Os
FAIL: gcc.c-torture/execute/930614-1.c execution, -O0
FAIL: gcc.c-torture/execute/930614-1.c execution, -O1
FAIL: gcc.c-torture/execute/930614-1.c execution, -O2
FAIL: gcc.c-torture/execute/930614-1.c execution, -O3 -fomit-frame-pointer
FAIL: gcc.c-torture/execute/930614-1.c execution, -O3 -g
FAIL: gcc.c-torture/execute/930614-1.c execution, -Os
WARNING: program timed out.
FAIL: gcc.c-torture/execute/930614-2.c execution, -O0
WARNING: program timed out.
FAIL: gcc.c-torture/execute/930614-2.c execution, -O1
WARNING: program timed out.
FAIL: gcc.c-torture/execute/930614-2.c execution, -O2
FAIL: gcc.c-torture/execute/930614-2.c execution, -O3 -fomit-frame-pointer
WARNING: program timed out.
FAIL: gcc.c-torture/execute/930614-2.c execution, -O3 -fomit-frame-pointer -funroll-loops
FAIL: gcc.c-torture/execute/930614-2.c execution, -O3 -fomit-frame-pointer -funroll-all-loops -finline-functions
FAIL: gcc.c-torture/execute/930614-2.c execution, -O3 -g
WARNING: program timed out.
FAIL: gcc.c-torture/execute/930614-2.c execution, -Os
FAIL: gcc.c-torture/execute/930622-2.c execution, -O0
FAIL: gcc.c-torture/execute/930622-2.c execution, -O1
FAIL: gcc.c-torture/execute/930622-2.c execution, -O2
FAIL: gcc.c-torture/execute/930622-2.c execution, -O3 -fomit-frame-pointer
FAIL: gcc.c-torture/execute/930622-2.c execution, -O3 -g
FAIL: gcc.c-torture/execute/930622-2.c execution, -Os
FAIL: gcc.c-torture/execute/930702-1.c execution, -O0
FAIL: gcc.c-torture/execute/930702-1.c execution, -O1
FAIL: gcc.c-torture/execute/930702-1.c execution, -O2
FAIL: gcc.c-torture/execute/930702-1.c execution, -O3 -fomit-frame-pointer
FAIL: gcc.c-torture/execute/930702-1.c execution, -O3 -g
FAIL: gcc.c-torture/execute/930702-1.c execution, -Os
FAIL: gcc.c-torture/execute/930818-1.c execution, -O0
FAIL: gcc.c-torture/execute/930818-1.c execution, -O1
FAIL: gcc.c-torture/execute/930818-1.c execution, -O2
FAIL: gcc.c-torture/execute/930818-1.c execution, -O3 -fomit-frame-pointer
FAIL: gcc.c-torture/execute/930818-1.c execution, -O3 -g
FAIL: gcc.c-torture/execute/930818-1.c execution, -Os
FAIL: gcc.c-torture/execute/931002-1.c execution, -O0
FAIL: gcc.c-torture/execute/941021-1.c execution, -O0
FAIL: gcc.c-torture/execute/941021-1.c execution, -O1
FAIL: gcc.c-torture/execute/941021-1.c execution, -O2
FAIL: gcc.c-torture/execute/941021-1.c execution, -O3 -fomit-frame-pointer
FAIL: gcc.c-torture/execute/941021-1.c execution, -O3 -g
FAIL: gcc.c-torture/execute/941021-1.c execution, -Os
FAIL: gcc.c-torture/execute/950607-2.c execution, -O0
FAIL: gcc.c-torture/execute/950612-1.c execution, -O0
FAIL: gcc.c-torture/execute/950704-1.c execution, -O0
FAIL: gcc.c-torture/execute/960215-1.c execution, -O0
FAIL: gcc.c-torture/execute/960215-1.c execution, -O1
FAIL: gcc.c-torture/execute/960215-1.c execution, -O2
FAIL: gcc.c-torture/execute/960215-1.c execution, -O3 -fomit-frame-pointer
FAIL: gcc.c-torture/execute/960215-1.c execution, -O3 -g
FAIL: gcc.c-torture/execute/960215-1.c execution, -Os
FAIL: gcc.c-torture/execute/960327-1.c execution, -O0
FAIL: gcc.c-torture/execute/960327-1.c execution, -O1
FAIL: gcc.c-torture/execute/960327-1.c execution, -O2
FAIL: gcc.c-torture/execute/960327-1.c execution, -O3 -fomit-frame-pointer
FAIL: gcc.c-torture/execute/960327-1.c execution, -O3 -fomit-frame-pointer -funroll-loops
FAIL: gcc.c-torture/execute/960327-1.c execution, -O3 -fomit-frame-pointer -funroll-all-loops -finline-functions
FAIL: gcc.c-torture/execute/960327-1.c execution, -O3 -g
FAIL: gcc.c-torture/execute/960327-1.c execution, -Os
FAIL: gcc.c-torture/execute/960416-1.c execution, -O0
FAIL: gcc.c-torture/execute/960416-1.c compilation, -O3 -fomit-frame-pointer
UNRESOLVED: gcc.c-torture/execute/960416-1.c execution, -O3 -fomit-frame-pointer
FAIL: gcc.c-torture/execute/960416-1.c compilation, -O3 -g
UNRESOLVED: gcc.c-torture/execute/960416-1.c execution, -O3 -g
FAIL: gcc.c-torture/execute/960419-2.c execution, -O1
FAIL: gcc.c-torture/execute/960513-1.c execution, -O0
FAIL: gcc.c-torture/execute/960513-1.c execution, -O1
FAIL: gcc.c-torture/execute/960513-1.c execution, -O2
FAIL: gcc.c-torture/execute/960513-1.c execution, -O3 -fomit-frame-pointer
FAIL: gcc.c-torture/execute/960513-1.c execution, -O3 -g
FAIL: gcc.c-torture/execute/960513-1.c execution, -Os
FAIL: gcc.c-torture/execute/960801-1.c execution, -O0
FAIL: gcc.c-torture/execute/961122-1.c execution, -O0
FAIL: gcc.c-torture/execute/961213-1.c execution, -O0
FAIL: gcc.c-torture/execute/961213-1.c execution, -O1
FAIL: gcc.c-torture/execute/961213-1.c execution, -O2
FAIL: gcc.c-torture/execute/961213-1.c execution, -O3 -fomit-frame-pointer
FAIL: gcc.c-torture/execute/961213-1.c execution, -O3 -fomit-frame-pointer -funroll-loops
FAIL: gcc.c-torture/execute/961213-1.c execution, -O3 -fomit-frame-pointer -funroll-all-loops -finline-functions
FAIL: gcc.c-torture/execute/961213-1.c execution, -O3 -g
FAIL: gcc.c-torture/execute/961213-1.c execution, -Os
FAIL: gcc.c-torture/execute/961223-1.c execution, -O0
FAIL: gcc.c-torture/execute/961223-1.c execution, -O1
FAIL: gcc.c-torture/execute/961223-1.c execution, -O2
FAIL: gcc.c-torture/execute/961223-1.c execution, -O3 -fomit-frame-pointer
FAIL: gcc.c-torture/execute/961223-1.c execution, -O3 -g
FAIL: gcc.c-torture/execute/961223-1.c execution, -Os
FAIL: gcc.c-torture/execute/980205.c execution, -O0
FAIL: gcc.c-torture/execute/980205.c execution, -O1
FAIL: gcc.c-torture/execute/980205.c execution, -O2
FAIL: gcc.c-torture/execute/980205.c execution, -O3 -fomit-frame-pointer
FAIL: gcc.c-torture/execute/980205.c execution, -O3 -g
FAIL: gcc.c-torture/execute/980205.c execution, -Os
FAIL: gcc.c-torture/execute/980223.c execution, -O1
FAIL: gcc.c-torture/execute/980223.c execution, -O2
FAIL: gcc.c-torture/execute/980223.c execution, -Os
FAIL: gcc.c-torture/execute/980604-1.c execution, -O0
FAIL: gcc.c-torture/execute/980604-1.c execution, -O1
FAIL: gcc.c-torture/execute/980604-1.c execution, -O2
FAIL: gcc.c-torture/execute/980604-1.c execution, -O3 -fomit-frame-pointer
FAIL: gcc.c-torture/execute/980604-1.c execution, -O3 -g
FAIL: gcc.c-torture/execute/980604-1.c execution, -Os
FAIL: gcc.c-torture/execute/980605-1.c execution, -O0
FAIL: gcc.c-torture/execute/980605-1.c execution, -O1
FAIL: gcc.c-torture/execute/980605-1.c execution, -O2
FAIL: gcc.c-torture/execute/980605-1.c execution, -O3 -fomit-frame-pointer
FAIL: gcc.c-torture/execute/980605-1.c execution, -O3 -g
FAIL: gcc.c-torture/execute/980605-1.c execution, -Os
FAIL: gcc.c-torture/execute/980709-1.c execution, -O0
FAIL: gcc.c-torture/execute/980709-1.c execution, -O1
FAIL: gcc.c-torture/execute/980709-1.c execution, -O2
FAIL: gcc.c-torture/execute/980709-1.c execution, -O3 -fomit-frame-pointer
FAIL: gcc.c-torture/execute/980709-1.c execution, -O3 -g
FAIL: gcc.c-torture/execute/980709-1.c execution, -Os
FAIL: gcc.c-torture/execute/990117-1.c execution, -O0
FAIL: gcc.c-torture/execute/990117-1.c execution, -O1
FAIL: gcc.c-torture/execute/990117-1.c execution, -O2
FAIL: gcc.c-torture/execute/990117-1.c execution, -O3 -fomit-frame-pointer
FAIL: gcc.c-torture/execute/990117-1.c execution, -O3 -g
FAIL: gcc.c-torture/execute/990117-1.c execution, -Os
FAIL: gcc.c-torture/execute/990127-2.c execution, -O0
FAIL: gcc.c-torture/execute/990127-2.c execution, -O1
FAIL: gcc.c-torture/execute/990127-2.c execution, -O2
FAIL: gcc.c-torture/execute/990127-2.c execution, -O3 -fomit-frame-pointer
FAIL: gcc.c-torture/execute/990127-2.c execution, -O3 -g
FAIL: gcc.c-torture/execute/990127-2.c execution, -Os
FAIL: gcc.c-torture/execute/990525-1.c execution, -O2
FAIL: gcc.c-torture/execute/990525-1.c execution, -Os
FAIL: gcc.c-torture/execute/990525-2.c execution, -O0
FAIL: gcc.c-torture/execute/990525-2.c execution, -O1
FAIL: gcc.c-torture/execute/990525-2.c execution, -O2
FAIL: gcc.c-torture/execute/990525-2.c execution, -Os
FAIL: gcc.c-torture/execute/990826-0.c execution, -O0
FAIL: gcc.c-torture/execute/990826-0.c execution, -O1
FAIL: gcc.c-torture/execute/990826-0.c execution, -O2
FAIL: gcc.c-torture/execute/990826-0.c execution, -O3 -fomit-frame-pointer
FAIL: gcc.c-torture/execute/990826-0.c execution, -O3 -fomit-frame-pointer -funroll-loops
FAIL: gcc.c-torture/execute/990826-0.c execution, -O3 -fomit-frame-pointer -funroll-all-loops -finline-functions
FAIL: gcc.c-torture/execute/990826-0.c execution, -O3 -g
FAIL: gcc.c-torture/execute/990826-0.c execution, -Os
FAIL: gcc.c-torture/execute/990829-1.c execution, -O0
FAIL: gcc.c-torture/execute/990829-1.c execution, -O1
FAIL: gcc.c-torture/execute/990829-1.c execution, -O2
FAIL: gcc.c-torture/execute/990829-1.c execution, -O3 -fomit-frame-pointer
FAIL: gcc.c-torture/execute/990829-1.c execution, -O3 -g
FAIL: gcc.c-torture/execute/990829-1.c execution, -Os
FAIL: gcc.c-torture/execute/991016-1.c execution, -O0
FAIL: gcc.c-torture/execute/991016-1.c execution, -O1
FAIL: gcc.c-torture/execute/991016-1.c execution, -O2
FAIL: gcc.c-torture/execute/991016-1.c execution, -O3 -fomit-frame-pointer
FAIL: gcc.c-torture/execute/991016-1.c execution, -O3 -fomit-frame-pointer -funroll-loops
FAIL: gcc.c-torture/execute/991016-1.c execution, -O3 -fomit-frame-pointer -funroll-all-loops -finline-functions
FAIL: gcc.c-torture/execute/991016-1.c execution, -O3 -g
FAIL: gcc.c-torture/execute/991016-1.c execution, -Os
FAIL: gcc.c-torture/execute/991019-1.c execution, -O0
FAIL: gcc.c-torture/execute/991019-1.c execution, -O1
FAIL: gcc.c-torture/execute/991019-1.c execution, -O2
FAIL: gcc.c-torture/execute/991019-1.c execution, -O3 -fomit-frame-pointer
FAIL: gcc.c-torture/execute/991019-1.c execution, -O3 -fomit-frame-pointer -funroll-loops
FAIL: gcc.c-torture/execute/991019-1.c execution, -O3 -fomit-frame-pointer -funroll-all-loops -finline-functions
FAIL: gcc.c-torture/execute/991019-1.c execution, -O3 -g
FAIL: gcc.c-torture/execute/991019-1.c execution, -Os
FAIL: gcc.c-torture/execute/991030-1.c execution, -O0
FAIL: gcc.c-torture/execute/991030-1.c execution, -O1
FAIL: gcc.c-torture/execute/991030-1.c execution, -O2
FAIL: gcc.c-torture/execute/991030-1.c execution, -O3 -fomit-frame-pointer
FAIL: gcc.c-torture/execute/991030-1.c execution, -O3 -g
FAIL: gcc.c-torture/execute/991030-1.c execution, -Os
FAIL: gcc.c-torture/execute/991118-1.c execution, -O0
FAIL: gcc.c-torture/execute/991118-1.c execution, -O1
FAIL: gcc.c-torture/execute/991118-1.c execution, -O2
FAIL: gcc.c-torture/execute/991118-1.c execution, -Os
FAIL: gcc.c-torture/execute/991216-1.c execution, -O1
FAIL: gcc.c-torture/execute/991216-1.c execution, -O2
FAIL: gcc.c-torture/execute/991216-1.c execution, -Os
FAIL: gcc.c-torture/execute/991216-2.c execution, -O1
FAIL: gcc.c-torture/execute/991216-2.c execution, -O2
FAIL: gcc.c-torture/execute/991216-2.c execution, -O3 -fomit-frame-pointer
FAIL: gcc.c-torture/execute/991216-2.c execution, -O3 -fomit-frame-pointer -funroll-loops
FAIL: gcc.c-torture/execute/991216-2.c execution, -O3 -fomit-frame-pointer -funroll-all-loops -finline-functions
FAIL: gcc.c-torture/execute/991216-2.c execution, -O3 -g
FAIL: gcc.c-torture/execute/991216-2.c execution, -Os
FAIL: gcc.c-torture/execute/991216-3.c execution, -O1
FAIL: gcc.c-torture/execute/991216-3.c execution, -O2
FAIL: gcc.c-torture/execute/991216-3.c execution, -O3 -fomit-frame-pointer
FAIL: gcc.c-torture/execute/991216-3.c execution, -O3 -fomit-frame-pointer -funroll-loops
FAIL: gcc.c-torture/execute/991216-3.c execution, -O3 -fomit-frame-pointer -funroll-all-loops -finline-functions
FAIL: gcc.c-torture/execute/991216-3.c execution, -O3 -g
FAIL: gcc.c-torture/execute/991216-3.c execution, -Os
FAIL: gcc.c-torture/execute/991228-1.c execution, -O2
FAIL: gcc.c-torture/execute/991228-1.c execution, -O3 -fomit-frame-pointer
FAIL: gcc.c-torture/execute/991228-1.c execution, -O3 -g
FAIL: gcc.c-torture/execute/991228-1.c execution, -Os
FAIL: gcc.c-torture/execute/align-2.c execution, -O0
FAIL: gcc.c-torture/execute/align-2.c execution, -O1
FAIL: gcc.c-torture/execute/align-2.c execution, -O2
FAIL: gcc.c-torture/execute/align-2.c execution, -O3 -fomit-frame-pointer
FAIL: gcc.c-torture/execute/align-2.c execution, -O3 -g
FAIL: gcc.c-torture/execute/align-2.c execution, -Os
FAIL: gcc.c-torture/execute/arith-rand-ll.c execution, -O0
FAIL: gcc.c-torture/execute/arith-rand-ll.c execution, -O1
FAIL: gcc.c-torture/execute/arith-rand-ll.c execution, -O2
FAIL: gcc.c-torture/execute/arith-rand-ll.c execution, -Os
FAIL: gcc.c-torture/execute/ashldi-1.c execution, -O0
FAIL: gcc.c-torture/execute/ashrdi-1.c execution, -O0
FAIL: gcc.c-torture/execute/bf64-1.c execution, -O0
FAIL: gcc.c-torture/execute/bf64-1.c execution, -O1
FAIL: gcc.c-torture/execute/bf64-1.c execution, -O2
FAIL: gcc.c-torture/execute/bf64-1.c execution, -O3 -fomit-frame-pointer
FAIL: gcc.c-torture/execute/bf64-1.c execution, -O3 -g
FAIL: gcc.c-torture/execute/bf64-1.c execution, -Os
FAIL: gcc.c-torture/execute/builtin-abs-1.c execution, -O1
FAIL: gcc.c-torture/execute/builtin-abs-1.c execution, -O2
FAIL: gcc.c-torture/execute/builtin-abs-1.c execution, -O3 -fomit-frame-pointer
FAIL: gcc.c-torture/execute/builtin-abs-1.c execution, -O3 -g
FAIL: gcc.c-torture/execute/builtin-abs-1.c execution, -Os
FAIL: gcc.c-torture/execute/builtin-abs-2.c execution, -O1
FAIL: gcc.c-torture/execute/builtin-abs-2.c execution, -O2
FAIL: gcc.c-torture/execute/builtin-abs-2.c execution, -O3 -fomit-frame-pointer
FAIL: gcc.c-torture/execute/builtin-abs-2.c execution, -O3 -g
FAIL: gcc.c-torture/execute/builtin-abs-2.c execution, -Os
FAIL: gcc.c-torture/execute/builtin-complex-1.c execution, -O0
FAIL: gcc.c-torture/execute/builtin-complex-1.c execution, -O1
FAIL: gcc.c-torture/execute/builtin-complex-1.c execution, -O2
FAIL: gcc.c-torture/execute/builtin-complex-1.c execution, -O3 -fomit-frame-pointer
FAIL: gcc.c-torture/execute/builtin-complex-1.c execution, -O3 -g
FAIL: gcc.c-torture/execute/builtin-complex-1.c execution, -Os
FAIL: gcc.c-torture/execute/cbrt.c execution, -O0
FAIL: gcc.c-torture/execute/cbrt.c execution, -O1
FAIL: gcc.c-torture/execute/cbrt.c execution, -O2
FAIL: gcc.c-torture/execute/cbrt.c execution, -O3 -fomit-frame-pointer
FAIL: gcc.c-torture/execute/cbrt.c execution, -O3 -g
FAIL: gcc.c-torture/execute/cbrt.c execution, -Os
FAIL: gcc.c-torture/execute/cmpdi-1.c execution, -O0
FAIL: gcc.c-torture/execute/comp-goto-1.c execution, -O0
FAIL: gcc.c-torture/execute/comp-goto-1.c execution, -O1
FAIL: gcc.c-torture/execute/comp-goto-1.c execution, -Os
FAIL: gcc.c-torture/execute/complex-1.c execution, -O0
FAIL: gcc.c-torture/execute/complex-1.c execution, -O1
FAIL: gcc.c-torture/execute/complex-1.c execution, -O2
FAIL: gcc.c-torture/execute/complex-1.c execution, -O3 -fomit-frame-pointer
FAIL: gcc.c-torture/execute/complex-1.c execution, -O3 -g
FAIL: gcc.c-torture/execute/complex-1.c execution, -Os
FAIL: gcc.c-torture/execute/complex-2.c execution, -O0
FAIL: gcc.c-torture/execute/complex-2.c execution, -O1
FAIL: gcc.c-torture/execute/complex-2.c execution, -O2
FAIL: gcc.c-torture/execute/complex-2.c execution, -O3 -fomit-frame-pointer
FAIL: gcc.c-torture/execute/complex-2.c execution, -O3 -g
FAIL: gcc.c-torture/execute/complex-2.c execution, -Os
FAIL: gcc.c-torture/execute/complex-3.c execution, -O0
FAIL: gcc.c-torture/execute/complex-3.c execution, -O1
FAIL: gcc.c-torture/execute/complex-3.c execution, -O2
FAIL: gcc.c-torture/execute/complex-3.c execution, -O3 -fomit-frame-pointer
FAIL: gcc.c-torture/execute/complex-3.c execution, -O3 -g
FAIL: gcc.c-torture/execute/complex-3.c execution, -Os
FAIL: gcc.c-torture/execute/complex-6.c execution, -O0
FAIL: gcc.c-torture/execute/complex-6.c execution, -O1
FAIL: gcc.c-torture/execute/complex-6.c execution, -O2
FAIL: gcc.c-torture/execute/complex-6.c execution, -O3 -fomit-frame-pointer
FAIL: gcc.c-torture/execute/complex-6.c execution, -O3 -g
FAIL: gcc.c-torture/execute/complex-6.c execution, -Os
FAIL: gcc.c-torture/execute/conversion.c execution, -O0
FAIL: gcc.c-torture/execute/conversion.c execution, -O1
FAIL: gcc.c-torture/execute/conversion.c execution, -O2
FAIL: gcc.c-torture/execute/conversion.c execution, -O3 -fomit-frame-pointer
FAIL: gcc.c-torture/execute/conversion.c execution, -O3 -g
FAIL: gcc.c-torture/execute/conversion.c execution, -Os
FAIL: gcc.c-torture/execute/cvt-1.c execution, -O0
FAIL: gcc.c-torture/execute/cvt-1.c execution, -O1
FAIL: gcc.c-torture/execute/cvt-1.c execution, -O2
FAIL: gcc.c-torture/execute/cvt-1.c execution, -O3 -fomit-frame-pointer
FAIL: gcc.c-torture/execute/cvt-1.c execution, -O3 -g
FAIL: gcc.c-torture/execute/cvt-1.c execution, -Os
FAIL: gcc.c-torture/execute/divconst-3.c execution, -O0
FAIL: gcc.c-torture/execute/divconst-3.c execution, -O1
FAIL: gcc.c-torture/execute/divconst-3.c execution, -O2
FAIL: gcc.c-torture/execute/divconst-3.c execution, -O3 -fomit-frame-pointer
FAIL: gcc.c-torture/execute/divconst-3.c execution, -O3 -g
FAIL: gcc.c-torture/execute/divconst-3.c execution, -Os
FAIL: gcc.c-torture/execute/func-ptr-1.c execution, -O0
FAIL: gcc.c-torture/execute/func-ptr-1.c execution, -O1
FAIL: gcc.c-torture/execute/func-ptr-1.c execution, -O2
FAIL: gcc.c-torture/execute/func-ptr-1.c execution, -O3 -fomit-frame-pointer
FAIL: gcc.c-torture/execute/func-ptr-1.c execution, -O3 -g
FAIL: gcc.c-torture/execute/func-ptr-1.c execution, -Os
FAIL: gcc.c-torture/execute/gofast.c execution, -O0
FAIL: gcc.c-torture/execute/gofast.c execution, -O1
FAIL: gcc.c-torture/execute/gofast.c execution, -O2
FAIL: gcc.c-torture/execute/gofast.c execution, -O3 -fomit-frame-pointer
FAIL: gcc.c-torture/execute/gofast.c execution, -O3 -g
FAIL: gcc.c-torture/execute/gofast.c execution, -Os
FAIL: gcc.c-torture/execute/longlong.c execution, -O0
FAIL: gcc.c-torture/execute/longlong.c execution, -O1
FAIL: gcc.c-torture/execute/longlong.c execution, -O2
FAIL: gcc.c-torture/execute/longlong.c execution, -Os
FAIL: gcc.c-torture/execute/loop-8.c execution, -O0
FAIL: gcc.c-torture/execute/loop-8.c execution, -O1
FAIL: gcc.c-torture/execute/loop-8.c execution, -O2
FAIL: gcc.c-torture/execute/loop-8.c execution, -O3 -fomit-frame-pointer
WARNING: program timed out.
FAIL: gcc.c-torture/execute/loop-8.c execution, -O3 -fomit-frame-pointer -funroll-loops
FAIL: gcc.c-torture/execute/loop-8.c execution, -O3 -fomit-frame-pointer -funroll-all-loops -finline-functions
FAIL: gcc.c-torture/execute/loop-8.c execution, -O3 -g
FAIL: gcc.c-torture/execute/loop-8.c execution, -Os
FAIL: gcc.c-torture/execute/lshrdi-1.c execution, -O0
FAIL: gcc.c-torture/execute/memcpy-bi.c execution, -O1
FAIL: gcc.c-torture/execute/memcpy-bi.c execution, -O2
FAIL: gcc.c-torture/execute/memcpy-bi.c execution, -O3 -fomit-frame-pointer
FAIL: gcc.c-torture/execute/memcpy-bi.c execution, -O3 -fomit-frame-pointer -funroll-loops
FAIL: gcc.c-torture/execute/memcpy-bi.c execution, -O3 -fomit-frame-pointer -funroll-all-loops -finline-functions
FAIL: gcc.c-torture/execute/memcpy-bi.c execution, -O3 -g
FAIL: gcc.c-torture/execute/memcpy-bi.c execution, -Os
FAIL: gcc.c-torture/execute/nest-stdar-1.c execution, -O0
FAIL: gcc.c-torture/execute/nest-stdar-1.c execution, -O1
FAIL: gcc.c-torture/execute/nest-stdar-1.c execution, -O2
FAIL: gcc.c-torture/execute/nest-stdar-1.c execution, -O3 -fomit-frame-pointer
FAIL: gcc.c-torture/execute/nest-stdar-1.c execution, -O3 -g
FAIL: gcc.c-torture/execute/nest-stdar-1.c execution, -Os
FAIL: gcc.c-torture/execute/nestfunc-1.c execution, -O0
FAIL: gcc.c-torture/execute/nestfunc-1.c execution, -O1
FAIL: gcc.c-torture/execute/nestfunc-1.c execution, -O2
FAIL: gcc.c-torture/execute/nestfunc-1.c execution, -O3 -fomit-frame-pointer
FAIL: gcc.c-torture/execute/nestfunc-1.c execution, -O3 -g
FAIL: gcc.c-torture/execute/nestfunc-2.c execution, -O0
FAIL: gcc.c-torture/execute/nestfunc-3.c execution, -O0
FAIL: gcc.c-torture/execute/nestfunc-3.c execution, -O1
FAIL: gcc.c-torture/execute/nestfunc-3.c execution, -O2
FAIL: gcc.c-torture/execute/nestfunc-3.c execution, -O3 -fomit-frame-pointer
FAIL: gcc.c-torture/execute/nestfunc-3.c execution, -O3 -fomit-frame-pointer -funroll-loops
FAIL: gcc.c-torture/execute/nestfunc-3.c execution, -O3 -fomit-frame-pointer -funroll-all-loops -finline-functions
FAIL: gcc.c-torture/execute/nestfunc-3.c execution, -O3 -g
FAIL: gcc.c-torture/execute/regstack-1.c execution, -O0
FAIL: gcc.c-torture/execute/regstack-1.c execution, -O1
FAIL: gcc.c-torture/execute/regstack-1.c execution, -O2
FAIL: gcc.c-torture/execute/regstack-1.c execution, -O3 -fomit-frame-pointer
FAIL: gcc.c-torture/execute/regstack-1.c execution, -O3 -g
FAIL: gcc.c-torture/execute/regstack-1.c execution, -Os
FAIL: gcc.c-torture/execute/stdio-opt-1.c execution, -O1
FAIL: gcc.c-torture/execute/stdio-opt-1.c execution, -O2
FAIL: gcc.c-torture/execute/stdio-opt-1.c execution, -O3 -fomit-frame-pointer
FAIL: gcc.c-torture/execute/stdio-opt-1.c execution, -O3 -g
FAIL: gcc.c-torture/execute/stdio-opt-1.c execution, -Os
WARNING: program timed out.
FAIL: gcc.c-torture/execute/stdio-opt-2.c execution, -O0
WARNING: program timed out.
FAIL: gcc.c-torture/execute/stdio-opt-3.c execution, -O0
FAIL: gcc.c-torture/execute/stdio-opt-3.c execution, -O1
FAIL: gcc.c-torture/execute/stdio-opt-3.c execution, -O2
FAIL: gcc.c-torture/execute/stdio-opt-3.c execution, -O3 -fomit-frame-pointer
FAIL: gcc.c-torture/execute/stdio-opt-3.c execution, -O3 -g
FAIL: gcc.c-torture/execute/stdio-opt-3.c execution, -Os
FAIL: gcc.c-torture/execute/strcpy-1.c execution, -O2
FAIL: gcc.c-torture/execute/strcpy-1.c execution, -O3 -fomit-frame-pointer
FAIL: gcc.c-torture/execute/strcpy-1.c execution, -O3 -g
FAIL: gcc.c-torture/execute/strct-pack-1.c execution, -O0
FAIL: gcc.c-torture/execute/strct-pack-1.c execution, -O1
FAIL: gcc.c-torture/execute/strct-pack-1.c execution, -O2
FAIL: gcc.c-torture/execute/strct-pack-1.c execution, -O3 -fomit-frame-pointer
FAIL: gcc.c-torture/execute/strct-pack-1.c execution, -O3 -g
FAIL: gcc.c-torture/execute/strct-pack-1.c execution, -Os
FAIL: gcc.c-torture/execute/strct-varg-1.c execution, -O0
FAIL: gcc.c-torture/execute/strct-varg-1.c execution, -O1
FAIL: gcc.c-torture/execute/strct-varg-1.c execution, -O2
FAIL: gcc.c-torture/execute/strct-varg-1.c execution, -O3 -fomit-frame-pointer
FAIL: gcc.c-torture/execute/strct-varg-1.c execution, -O3 -g
FAIL: gcc.c-torture/execute/strct-varg-1.c execution, -Os
FAIL: gcc.c-torture/execute/string-opt-10.c execution, -O1
FAIL: gcc.c-torture/execute/string-opt-10.c execution, -O2
FAIL: gcc.c-torture/execute/string-opt-10.c execution, -O3 -fomit-frame-pointer
FAIL: gcc.c-torture/execute/string-opt-10.c execution, -O3 -g
FAIL: gcc.c-torture/execute/string-opt-10.c execution, -Os
FAIL: gcc.c-torture/execute/string-opt-11.c execution, -O1
FAIL: gcc.c-torture/execute/string-opt-12.c execution, -O1
FAIL: gcc.c-torture/execute/string-opt-12.c execution, -O2
FAIL: gcc.c-torture/execute/string-opt-12.c execution, -O3 -fomit-frame-pointer
FAIL: gcc.c-torture/execute/string-opt-12.c execution, -O3 -g
FAIL: gcc.c-torture/execute/string-opt-12.c execution, -Os
FAIL: gcc.c-torture/execute/string-opt-5.c execution, -O1
FAIL: gcc.c-torture/execute/string-opt-5.c execution, -O2
FAIL: gcc.c-torture/execute/string-opt-5.c execution, -O3 -fomit-frame-pointer
FAIL: gcc.c-torture/execute/string-opt-5.c execution, -O3 -g
FAIL: gcc.c-torture/execute/string-opt-5.c execution, -Os
FAIL: gcc.c-torture/execute/string-opt-7.c execution, -O1
FAIL: gcc.c-torture/execute/string-opt-7.c execution, -O2
WARNING: program timed out.
FAIL: gcc.c-torture/execute/string-opt-7.c execution, -O3 -fomit-frame-pointer
WARNING: program timed out.
FAIL: gcc.c-torture/execute/string-opt-7.c execution, -O3 -g
FAIL: gcc.c-torture/execute/string-opt-7.c execution, -Os
FAIL: gcc.c-torture/execute/string-opt-9.c execution, -O1
FAIL: gcc.c-torture/execute/string-opt-9.c execution, -O2
FAIL: gcc.c-torture/execute/string-opt-9.c execution, -O3 -fomit-frame-pointer
FAIL: gcc.c-torture/execute/string-opt-9.c execution, -O3 -g
FAIL: gcc.c-torture/execute/string-opt-9.c execution, -Os
FAIL: gcc.c-torture/execute/struct-ret-1.c execution, -O0
FAIL: gcc.c-torture/execute/struct-ret-1.c execution, -O1
FAIL: gcc.c-torture/execute/struct-ret-1.c execution, -O2
FAIL: gcc.c-torture/execute/struct-ret-1.c execution, -O3 -fomit-frame-pointer
FAIL: gcc.c-torture/execute/struct-ret-1.c execution, -O3 -g
FAIL: gcc.c-torture/execute/struct-ret-1.c execution, -Os
FAIL: gcc.c-torture/execute/va-arg-12.c execution, -O0
FAIL: gcc.c-torture/execute/va-arg-12.c execution, -O1
FAIL: gcc.c-torture/execute/va-arg-12.c execution, -O2
FAIL: gcc.c-torture/execute/va-arg-12.c execution, -O3 -fomit-frame-pointer
FAIL: gcc.c-torture/execute/va-arg-12.c execution, -O3 -g
FAIL: gcc.c-torture/execute/va-arg-12.c execution, -Os
FAIL: gcc.c-torture/execute/va-arg-15.c execution, -O0
FAIL: gcc.c-torture/execute/va-arg-15.c execution, -O1
FAIL: gcc.c-torture/execute/va-arg-15.c execution, -O2
WARNING: program timed out.
FAIL: gcc.c-torture/execute/va-arg-15.c execution, -O3 -fomit-frame-pointer
FAIL: gcc.c-torture/execute/va-arg-15.c execution, -O3 -fomit-frame-pointer -funroll-loops
FAIL: gcc.c-torture/execute/va-arg-15.c execution, -O3 -fomit-frame-pointer -funroll-all-loops -finline-functions
WARNING: program timed out.
FAIL: gcc.c-torture/execute/va-arg-15.c execution, -O3 -g
FAIL: gcc.c-torture/execute/va-arg-15.c execution, -Os
FAIL: gcc.c-torture/execute/va-arg-16.c execution, -O0
FAIL: gcc.c-torture/execute/va-arg-16.c execution, -O1
FAIL: gcc.c-torture/execute/va-arg-16.c execution, -O2
FAIL: gcc.c-torture/execute/va-arg-16.c execution, -O3 -fomit-frame-pointer
FAIL: gcc.c-torture/execute/va-arg-16.c execution, -O3 -g
FAIL: gcc.c-torture/execute/va-arg-16.c execution, -Os
FAIL: gcc.c-torture/execute/va-arg-17.c execution, -O0
FAIL: gcc.c-torture/execute/va-arg-17.c execution, -O1
FAIL: gcc.c-torture/execute/va-arg-17.c execution, -O2
FAIL: gcc.c-torture/execute/va-arg-17.c execution, -O3 -fomit-frame-pointer
FAIL: gcc.c-torture/execute/va-arg-17.c execution, -O3 -g
FAIL: gcc.c-torture/execute/va-arg-17.c execution, -Os
FAIL: gcc.c-torture/execute/va-arg-20.c execution, -O0
FAIL: gcc.c-torture/execute/va-arg-20.c execution, -O1
FAIL: gcc.c-torture/execute/va-arg-20.c execution, -O2
FAIL: gcc.c-torture/execute/va-arg-20.c execution, -O3 -fomit-frame-pointer
FAIL: gcc.c-torture/execute/va-arg-20.c execution, -O3 -g
FAIL: gcc.c-torture/execute/va-arg-20.c execution, -Os
FAIL: gcc.c-torture/execute/va-arg-21.c execution, -O1
FAIL: gcc.c-torture/execute/va-arg-21.c execution, -O2
FAIL: gcc.c-torture/execute/va-arg-21.c execution, -O3 -fomit-frame-pointer
FAIL: gcc.c-torture/execute/va-arg-21.c execution, -O3 -fomit-frame-pointer -funroll-loops
FAIL: gcc.c-torture/execute/va-arg-21.c execution, -O3 -fomit-frame-pointer -funroll-all-loops -finline-functions
FAIL: gcc.c-torture/execute/va-arg-21.c execution, -O3 -g
FAIL: gcc.c-torture/execute/va-arg-21.c execution, -Os
FAIL: gcc.c-torture/execute/va-arg-22.c execution, -O0
FAIL: gcc.c-torture/execute/va-arg-22.c execution, -O1
FAIL: gcc.c-torture/execute/va-arg-22.c execution, -O2
FAIL: gcc.c-torture/execute/va-arg-22.c execution, -O3 -fomit-frame-pointer
FAIL: gcc.c-torture/execute/va-arg-22.c compilation, -O3 -fomit-frame-pointer -funroll-loops
UNRESOLVED: gcc.c-torture/execute/va-arg-22.c execution, -O3 -fomit-frame-pointer -funroll-loops
FAIL: gcc.c-torture/execute/va-arg-22.c compilation, -O3 -fomit-frame-pointer -funroll-all-loops -finline-functions
UNRESOLVED: gcc.c-torture/execute/va-arg-22.c execution, -O3 -fomit-frame-pointer -funroll-all-loops -finline-functions
FAIL: gcc.c-torture/execute/va-arg-22.c execution, -O3 -g
FAIL: gcc.c-torture/execute/va-arg-22.c execution, -Os
FAIL: gcc.c-torture/execute/va-arg-5.c execution, -O0
FAIL: gcc.c-torture/execute/va-arg-5.c execution, -O1
FAIL: gcc.c-torture/execute/va-arg-5.c execution, -O2
FAIL: gcc.c-torture/execute/va-arg-5.c execution, -O3 -fomit-frame-pointer
FAIL: gcc.c-torture/execute/va-arg-5.c execution, -O3 -g
FAIL: gcc.c-torture/execute/va-arg-5.c execution, -Os
FAIL: gcc.c-torture/execute/va-arg-6.c execution, -O0
FAIL: gcc.c-torture/execute/va-arg-6.c execution, -O1
FAIL: gcc.c-torture/execute/va-arg-6.c execution, -O2
FAIL: gcc.c-torture/execute/va-arg-6.c execution, -O3 -fomit-frame-pointer
FAIL: gcc.c-torture/execute/va-arg-6.c execution, -O3 -g
FAIL: gcc.c-torture/execute/va-arg-6.c execution, -Os
FAIL: gcc.c-torture/execute/va-arg-8.c execution, -O1
FAIL: gcc.c-torture/execute/va-arg-8.c execution, -O2
FAIL: gcc.c-torture/execute/va-arg-8.c execution, -O3 -fomit-frame-pointer
FAIL: gcc.c-torture/execute/va-arg-8.c execution, -O3 -g
FAIL: gcc.c-torture/execute/va-arg-8.c execution, -Os
FAIL: gcc.c-torture/execute/ieee/20000320-1.c execution, -O0
FAIL: gcc.c-torture/execute/ieee/20000320-1.c execution, -O1
FAIL: gcc.c-torture/execute/ieee/20000320-1.c execution, -O2
FAIL: gcc.c-torture/execute/ieee/20000320-1.c execution, -O3 -fomit-frame-pointer
FAIL: gcc.c-torture/execute/ieee/20000320-1.c execution, -O3 -g
FAIL: gcc.c-torture/execute/ieee/20000320-1.c execution, -Os
FAIL: gcc.c-torture/execute/ieee/20001122-1.c execution, -O0
FAIL: gcc.c-torture/execute/ieee/20001122-1.c execution, -O1
FAIL: gcc.c-torture/execute/ieee/20001122-1.c execution, -O2
FAIL: gcc.c-torture/execute/ieee/20001122-1.c execution, -O3 -fomit-frame-pointer
FAIL: gcc.c-torture/execute/ieee/20001122-1.c execution, -O3 -fomit-frame-pointer -funroll-loops
FAIL: gcc.c-torture/execute/ieee/20001122-1.c execution, -O3 -fomit-frame-pointer -funroll-all-loops -finline-functions
FAIL: gcc.c-torture/execute/ieee/20001122-1.c execution, -O3 -g
FAIL: gcc.c-torture/execute/ieee/20001122-1.c execution, -Os
FAIL: gcc.c-torture/execute/ieee/20010114-2.c execution, -O0
FAIL: gcc.c-torture/execute/ieee/20010114-2.c execution, -O1
FAIL: gcc.c-torture/execute/ieee/20010114-2.c execution, -O2
FAIL: gcc.c-torture/execute/ieee/20010114-2.c execution, -O3 -fomit-frame-pointer
FAIL: gcc.c-torture/execute/ieee/20010114-2.c execution, -O3 -g
FAIL: gcc.c-torture/execute/ieee/20010114-2.c execution, -Os
FAIL: gcc.c-torture/execute/ieee/20010226-1.c execution, -O0
FAIL: gcc.c-torture/execute/ieee/20010226-1.c execution, -O1
FAIL: gcc.c-torture/execute/ieee/20010226-1.c execution, -O2
FAIL: gcc.c-torture/execute/ieee/20010226-1.c execution, -O3 -fomit-frame-pointer
FAIL: gcc.c-torture/execute/ieee/20010226-1.c execution, -O3 -g
FAIL: gcc.c-torture/execute/ieee/20010226-1.c execution, -Os
FAIL: gcc.c-torture/execute/ieee/920810-1.c execution, -O0
FAIL: gcc.c-torture/execute/ieee/920810-1.c execution, -O1
FAIL: gcc.c-torture/execute/ieee/920810-1.c execution, -O2
FAIL: gcc.c-torture/execute/ieee/920810-1.c execution, -O3 -fomit-frame-pointer
FAIL: gcc.c-torture/execute/ieee/920810-1.c execution, -O3 -g
FAIL: gcc.c-torture/execute/ieee/920810-1.c execution, -Os
FAIL: gcc.c-torture/execute/ieee/fp-cmp-1.c execution, -O0
FAIL: gcc.c-torture/execute/ieee/fp-cmp-1.c execution, -O1
FAIL: gcc.c-torture/execute/ieee/fp-cmp-1.c execution, -O2
FAIL: gcc.c-torture/execute/ieee/fp-cmp-1.c execution, -O3 -fomit-frame-pointer
FAIL: gcc.c-torture/execute/ieee/fp-cmp-1.c execution, -O3 -fomit-frame-pointer -funroll-loops
FAIL: gcc.c-torture/execute/ieee/fp-cmp-1.c execution, -O3 -fomit-frame-pointer -funroll-all-loops -finline-functions
FAIL: gcc.c-torture/execute/ieee/fp-cmp-1.c execution, -O3 -g
FAIL: gcc.c-torture/execute/ieee/fp-cmp-1.c execution, -Os
FAIL: gcc.c-torture/execute/ieee/fp-cmp-3.c execution, -O0
FAIL: gcc.c-torture/execute/ieee/fp-cmp-3.c execution, -O1
FAIL: gcc.c-torture/execute/ieee/fp-cmp-3.c execution, -O2
FAIL: gcc.c-torture/execute/ieee/fp-cmp-3.c execution, -O3 -fomit-frame-pointer
FAIL: gcc.c-torture/execute/ieee/fp-cmp-3.c execution, -O3 -fomit-frame-pointer -funroll-loops
FAIL: gcc.c-torture/execute/ieee/fp-cmp-3.c execution, -O3 -fomit-frame-pointer -funroll-all-loops -finline-functions
FAIL: gcc.c-torture/execute/ieee/fp-cmp-3.c execution, -O3 -g
FAIL: gcc.c-torture/execute/ieee/fp-cmp-3.c execution, -Os
FAIL: gcc.c-torture/execute/ieee/fp-cmp-4.c execution, -O0
FAIL: gcc.c-torture/execute/ieee/fp-cmp-4.c execution, -O1
FAIL: gcc.c-torture/execute/ieee/fp-cmp-4.c execution, -O2
FAIL: gcc.c-torture/execute/ieee/fp-cmp-4.c execution, -O3 -fomit-frame-pointer
FAIL: gcc.c-torture/execute/ieee/fp-cmp-4.c execution, -O3 -fomit-frame-pointer -funroll-loops
FAIL: gcc.c-torture/execute/ieee/fp-cmp-4.c execution, -O3 -fomit-frame-pointer -funroll-all-loops -finline-functions
FAIL: gcc.c-torture/execute/ieee/fp-cmp-4.c execution, -O3 -g
FAIL: gcc.c-torture/execute/ieee/fp-cmp-4.c execution, -Os
FAIL: gcc.c-torture/execute/ieee/fp-cmp-5.c execution, -O0
FAIL: gcc.c-torture/execute/ieee/fp-cmp-5.c execution, -O1
FAIL: gcc.c-torture/execute/ieee/fp-cmp-5.c execution, -O2
FAIL: gcc.c-torture/execute/ieee/fp-cmp-5.c execution, -O3 -fomit-frame-pointer
FAIL: gcc.c-torture/execute/ieee/fp-cmp-5.c execution, -O3 -fomit-frame-pointer -funroll-loops
FAIL: gcc.c-torture/execute/ieee/fp-cmp-5.c execution, -O3 -fomit-frame-pointer -funroll-all-loops -finline-functions
FAIL: gcc.c-torture/execute/ieee/fp-cmp-5.c execution, -O3 -g
FAIL: gcc.c-torture/execute/ieee/fp-cmp-5.c execution, -Os
FAIL: gcc.c-torture/execute/ieee/hugeval.c execution, -O0
FAIL: gcc.c-torture/execute/ieee/minuszero.c execution, -O0
FAIL: gcc.c-torture/execute/ieee/minuszero.c execution, -O1
FAIL: gcc.c-torture/execute/ieee/minuszero.c execution, -O2
FAIL: gcc.c-torture/execute/ieee/minuszero.c execution, -O3 -fomit-frame-pointer
FAIL: gcc.c-torture/execute/ieee/minuszero.c execution, -O3 -fomit-frame-pointer -funroll-loops
FAIL: gcc.c-torture/execute/ieee/minuszero.c execution, -O3 -fomit-frame-pointer -funroll-all-loops -finline-functions
FAIL: gcc.c-torture/execute/ieee/minuszero.c execution, -O3 -g
FAIL: gcc.c-torture/execute/ieee/minuszero.c execution, -Os
FAIL: gcc.c-torture/execute/ieee/mzero2.c execution, -O0
FAIL: gcc.c-torture/execute/ieee/mzero2.c execution, -O1
FAIL: gcc.c-torture/execute/ieee/mzero2.c execution, -O2
FAIL: gcc.c-torture/execute/ieee/mzero2.c execution, -O3 -fomit-frame-pointer
FAIL: gcc.c-torture/execute/ieee/mzero2.c execution, -O3 -g
FAIL: gcc.c-torture/execute/ieee/mzero2.c execution, -Os
FAIL: gcc.c-torture/execute/ieee/rbug.c execution, -O0
FAIL: gcc.c-torture/execute/ieee/rbug.c execution, -O1
FAIL: gcc.c-torture/execute/ieee/rbug.c execution, -O2
FAIL: gcc.c-torture/execute/ieee/rbug.c execution, -O3 -fomit-frame-pointer
FAIL: gcc.c-torture/execute/ieee/rbug.c execution, -O3 -g
FAIL: gcc.c-torture/execute/ieee/rbug.c execution, -Os
FAIL: gcc.c-torture/execute/ieee/20000320-1.c execution, -O0
FAIL: gcc.c-torture/execute/ieee/20000320-1.c execution, -O1
FAIL: gcc.c-torture/execute/ieee/20000320-1.c execution, -O2
FAIL: gcc.c-torture/execute/ieee/20000320-1.c execution, -O3 -fomit-frame-pointer
FAIL: gcc.c-torture/execute/ieee/20000320-1.c execution, -O3 -g
FAIL: gcc.c-torture/execute/ieee/20000320-1.c execution, -Os
FAIL: gcc.c-torture/execute/ieee/20001122-1.c execution, -O0
FAIL: gcc.c-torture/execute/ieee/20001122-1.c execution, -O1
FAIL: gcc.c-torture/execute/ieee/20001122-1.c execution, -O2
FAIL: gcc.c-torture/execute/ieee/20001122-1.c execution, -O3 -fomit-frame-pointer
FAIL: gcc.c-torture/execute/ieee/20001122-1.c execution, -O3 -fomit-frame-pointer -funroll-loops
FAIL: gcc.c-torture/execute/ieee/20001122-1.c execution, -O3 -fomit-frame-pointer -funroll-all-loops -finline-functions
FAIL: gcc.c-torture/execute/ieee/20001122-1.c execution, -O3 -g
FAIL: gcc.c-torture/execute/ieee/20001122-1.c execution, -Os
FAIL: gcc.c-torture/execute/ieee/20010114-2.c execution, -O0
FAIL: gcc.c-torture/execute/ieee/20010114-2.c execution, -O1
FAIL: gcc.c-torture/execute/ieee/20010114-2.c execution, -O2
FAIL: gcc.c-torture/execute/ieee/20010114-2.c execution, -O3 -fomit-frame-pointer
FAIL: gcc.c-torture/execute/ieee/20010114-2.c execution, -O3 -g
FAIL: gcc.c-torture/execute/ieee/20010114-2.c execution, -Os
FAIL: gcc.c-torture/execute/ieee/20010226-1.c execution, -O0
FAIL: gcc.c-torture/execute/ieee/20010226-1.c execution, -O1
FAIL: gcc.c-torture/execute/ieee/20010226-1.c execution, -O2
FAIL: gcc.c-torture/execute/ieee/20010226-1.c execution, -O3 -fomit-frame-pointer
FAIL: gcc.c-torture/execute/ieee/20010226-1.c execution, -O3 -g
FAIL: gcc.c-torture/execute/ieee/20010226-1.c execution, -Os
FAIL: gcc.c-torture/execute/ieee/920810-1.c execution, -O0
FAIL: gcc.c-torture/execute/ieee/920810-1.c execution, -O1
FAIL: gcc.c-torture/execute/ieee/920810-1.c execution, -O2
FAIL: gcc.c-torture/execute/ieee/920810-1.c execution, -O3 -fomit-frame-pointer
FAIL: gcc.c-torture/execute/ieee/920810-1.c execution, -O3 -g
FAIL: gcc.c-torture/execute/ieee/920810-1.c execution, -Os
FAIL: gcc.c-torture/execute/ieee/fp-cmp-1.c execution, -O0
FAIL: gcc.c-torture/execute/ieee/fp-cmp-1.c execution, -O1
FAIL: gcc.c-torture/execute/ieee/fp-cmp-1.c execution, -O2
FAIL: gcc.c-torture/execute/ieee/fp-cmp-1.c execution, -O3 -fomit-frame-pointer
FAIL: gcc.c-torture/execute/ieee/fp-cmp-1.c execution, -O3 -fomit-frame-pointer -funroll-loops
FAIL: gcc.c-torture/execute/ieee/fp-cmp-1.c execution, -O3 -fomit-frame-pointer -funroll-all-loops -finline-functions
FAIL: gcc.c-torture/execute/ieee/fp-cmp-1.c execution, -O3 -g
FAIL: gcc.c-torture/execute/ieee/fp-cmp-1.c execution, -Os
FAIL: gcc.c-torture/execute/ieee/fp-cmp-3.c execution, -O0
FAIL: gcc.c-torture/execute/ieee/fp-cmp-3.c execution, -O1
FAIL: gcc.c-torture/execute/ieee/fp-cmp-3.c execution, -O2
FAIL: gcc.c-torture/execute/ieee/fp-cmp-3.c execution, -O3 -fomit-frame-pointer
FAIL: gcc.c-torture/execute/ieee/fp-cmp-3.c execution, -O3 -fomit-frame-pointer -funroll-loops
FAIL: gcc.c-torture/execute/ieee/fp-cmp-3.c execution, -O3 -fomit-frame-pointer -funroll-all-loops -finline-functions
FAIL: gcc.c-torture/execute/ieee/fp-cmp-3.c execution, -O3 -g
FAIL: gcc.c-torture/execute/ieee/fp-cmp-3.c execution, -Os
FAIL: gcc.c-torture/execute/ieee/fp-cmp-4.c execution, -O0
FAIL: gcc.c-torture/execute/ieee/fp-cmp-4.c execution, -O1
FAIL: gcc.c-torture/execute/ieee/fp-cmp-4.c execution, -O2
FAIL: gcc.c-torture/execute/ieee/fp-cmp-4.c execution, -O3 -fomit-frame-pointer
FAIL: gcc.c-torture/execute/ieee/fp-cmp-4.c execution, -O3 -fomit-frame-pointer -funroll-loops
FAIL: gcc.c-torture/execute/ieee/fp-cmp-4.c execution, -O3 -fomit-frame-pointer -funroll-all-loops -finline-functions
FAIL: gcc.c-torture/execute/ieee/fp-cmp-4.c execution, -O3 -g
FAIL: gcc.c-torture/execute/ieee/fp-cmp-4.c execution, -Os
FAIL: gcc.c-torture/execute/ieee/fp-cmp-5.c execution, -O0
FAIL: gcc.c-torture/execute/ieee/fp-cmp-5.c execution, -O1
FAIL: gcc.c-torture/execute/ieee/fp-cmp-5.c execution, -O2
FAIL: gcc.c-torture/execute/ieee/fp-cmp-5.c execution, -O3 -fomit-frame-pointer
FAIL: gcc.c-torture/execute/ieee/fp-cmp-5.c execution, -O3 -fomit-frame-pointer -funroll-loops
FAIL: gcc.c-torture/execute/ieee/fp-cmp-5.c execution, -O3 -fomit-frame-pointer -funroll-all-loops -finline-functions
FAIL: gcc.c-torture/execute/ieee/fp-cmp-5.c execution, -O3 -g
FAIL: gcc.c-torture/execute/ieee/fp-cmp-5.c execution, -Os
FAIL: gcc.c-torture/execute/ieee/hugeval.c execution, -O0
FAIL: gcc.c-torture/execute/ieee/minuszero.c execution, -O0
FAIL: gcc.c-torture/execute/ieee/minuszero.c execution, -O1
FAIL: gcc.c-torture/execute/ieee/minuszero.c execution, -O2
FAIL: gcc.c-torture/execute/ieee/minuszero.c execution, -O3 -fomit-frame-pointer
FAIL: gcc.c-torture/execute/ieee/minuszero.c execution, -O3 -fomit-frame-pointer -funroll-loops
FAIL: gcc.c-torture/execute/ieee/minuszero.c execution, -O3 -fomit-frame-pointer -funroll-all-loops -finline-functions
FAIL: gcc.c-torture/execute/ieee/minuszero.c execution, -O3 -g
FAIL: gcc.c-torture/execute/ieee/minuszero.c execution, -Os
FAIL: gcc.c-torture/execute/ieee/mzero2.c execution, -O0
FAIL: gcc.c-torture/execute/ieee/mzero2.c execution, -O1
FAIL: gcc.c-torture/execute/ieee/mzero2.c execution, -O2
FAIL: gcc.c-torture/execute/ieee/mzero2.c execution, -O3 -fomit-frame-pointer
FAIL: gcc.c-torture/execute/ieee/mzero2.c execution, -O3 -g
FAIL: gcc.c-torture/execute/ieee/mzero2.c execution, -Os
FAIL: gcc.c-torture/execute/ieee/rbug.c execution, -O0
FAIL: gcc.c-torture/execute/ieee/rbug.c execution, -O1
FAIL: gcc.c-torture/execute/ieee/rbug.c execution, -O2
FAIL: gcc.c-torture/execute/ieee/rbug.c execution, -O3 -fomit-frame-pointer
FAIL: gcc.c-torture/execute/ieee/rbug.c execution, -O3 -g
FAIL: gcc.c-torture/execute/ieee/rbug.c execution, -Os
FAIL: cmdlne-dM-M.c: #define line not printed
FAIL: gcc.dg/cpp/lexnum.c execution test
FAIL: gcc.dg/cpp/strify3.c execution test
FAIL: gcc.dg/debug/debug-1.c scan-assembler xyzzy
FAIL: gcc.dg/debug/debug-1.c scan-assembler xyzzy
FAIL: gcc.dg/debug/debug-1.c scan-assembler xyzzy
FAIL: gcc.dg/debug/debug-1.c scan-assembler xyzzy
FAIL: gcc.dg/debug/debug-2.c scan-assembler xyzzy
FAIL: gcc.dg/debug/debug-2.c scan-assembler xyzzy
FAIL: gcc.dg/debug/debug-2.c scan-assembler xyzzy
FAIL: gcc.dg/debug/debug-2.c scan-assembler xyzzy
FAIL: gcc.dg/20001108-1.c execution test
FAIL: gcc.dg/20001117-1.c execution test
FAIL: gcc.dg/20020304-1.c (test for excess errors)
FAIL: gcc.dg/20020607-2.c execution test
FAIL: gcc.dg/asm-4.c (test for excess errors)
WARNING: program timed out.
FAIL: gcc.dg/c99-init-1.c execution test
WARNING: program timed out.
FAIL: gcc.dg/c99-intconst-1.c (test for excess errors)
FAIL: gcc.dg/fnegate-1.c execution test
FAIL: gcc.dg/simd-1.c (test for excess errors)
FAIL: gcc.dg/wchar_t-1.c (test for excess errors)
FAIL: gcc.dg/wint_t-1.c (test for excess errors)
FAIL: gcc.misc-tests/bprob-1.c compilation, -g -fprofile-arcs
UNRESOLVED: gcc.misc-tests/bprob-1.c execution, -g -fprofile-arcs
UNRESOLVED: gcc.misc-tests/bprob-1.c compilation, -g -fbranch-probabilities
UNRESOLVED: gcc.misc-tests/bprob-1.c execution, -g -fbranch-probabilities
FAIL: gcc.misc-tests/bprob-1.c compilation, -O0 -fprofile-arcs
UNRESOLVED: gcc.misc-tests/bprob-1.c execution, -O0 -fprofile-arcs
UNRESOLVED: gcc.misc-tests/bprob-1.c compilation, -O0 -fbranch-probabilities
UNRESOLVED: gcc.misc-tests/bprob-1.c execution, -O0 -fbranch-probabilities
FAIL: gcc.misc-tests/bprob-1.c compilation, -O1 -fprofile-arcs
UNRESOLVED: gcc.misc-tests/bprob-1.c execution, -O1 -fprofile-arcs
UNRESOLVED: gcc.misc-tests/bprob-1.c compilation, -O1 -fbranch-probabilities
UNRESOLVED: gcc.misc-tests/bprob-1.c execution, -O1 -fbranch-probabilities
FAIL: gcc.misc-tests/bprob-1.c compilation, -O2 -DPERFTIME -fprofile-arcs
UNRESOLVED: gcc.misc-tests/bprob-1.c execution, -O2 -DPERFTIME -fprofile-arcs
UNRESOLVED: gcc.misc-tests/bprob-1.c compilation, -O2 -DPERFTIME -fbranch-probabilities
UNRESOLVED: gcc.misc-tests/bprob-1.c execution, -O2 -DPERFTIME -fbranch-probabilities
FAIL: gcc.misc-tests/bprob-1.c compilation, -O3 -DPERFTIME -fprofile-arcs
UNRESOLVED: gcc.misc-tests/bprob-1.c execution, -O3 -DPERFTIME -fprofile-arcs
UNRESOLVED: gcc.misc-tests/bprob-1.c compilation, -O3 -DPERFTIME -fbranch-probabilities
UNRESOLVED: gcc.misc-tests/bprob-1.c execution, -O3 -DPERFTIME -fbranch-probabilities
FAIL: gcc.misc-tests/bprob-1.c compilation, -O3 -g -DPERFTIME -fprofile-arcs
UNRESOLVED: gcc.misc-tests/bprob-1.c execution, -O3 -g -DPERFTIME -fprofile-arcs
UNRESOLVED: gcc.misc-tests/bprob-1.c compilation, -O3 -g -DPERFTIME -fbranch-probabilities
UNRESOLVED: gcc.misc-tests/bprob-1.c execution, -O3 -g -DPERFTIME -fbranch-probabilities
FAIL: gcc.misc-tests/bprob-1.c compilation, -Os -fprofile-arcs
UNRESOLVED: gcc.misc-tests/bprob-1.c execution, -Os -fprofile-arcs
UNRESOLVED: gcc.misc-tests/bprob-1.c compilation, -Os -fbranch-probabilities
UNRESOLVED: gcc.misc-tests/bprob-1.c execution, -Os -fbranch-probabilities
FAIL: gcc.misc-tests/bprob-2.c compilation, -g -fprofile-arcs
UNRESOLVED: gcc.misc-tests/bprob-2.c execution, -g -fprofile-arcs
UNRESOLVED: gcc.misc-tests/bprob-2.c compilation, -g -fbranch-probabilities
UNRESOLVED: gcc.misc-tests/bprob-2.c execution, -g -fbranch-probabilities
FAIL: gcc.misc-tests/bprob-2.c compilation, -O0 -fprofile-arcs
UNRESOLVED: gcc.misc-tests/bprob-2.c execution, -O0 -fprofile-arcs
UNRESOLVED: gcc.misc-tests/bprob-2.c compilation, -O0 -fbranch-probabilities
UNRESOLVED: gcc.misc-tests/bprob-2.c execution, -O0 -fbranch-probabilities
FAIL: gcc.misc-tests/bprob-2.c compilation, -O1 -fprofile-arcs
UNRESOLVED: gcc.misc-tests/bprob-2.c execution, -O1 -fprofile-arcs
UNRESOLVED: gcc.misc-tests/bprob-2.c compilation, -O1 -fbranch-probabilities
UNRESOLVED: gcc.misc-tests/bprob-2.c execution, -O1 -fbranch-probabilities
FAIL: gcc.misc-tests/bprob-2.c compilation, -O2 -DPERFTIME -fprofile-arcs
UNRESOLVED: gcc.misc-tests/bprob-2.c execution, -O2 -DPERFTIME -fprofile-arcs
UNRESOLVED: gcc.misc-tests/bprob-2.c compilation, -O2 -DPERFTIME -fbranch-probabilities
UNRESOLVED: gcc.misc-tests/bprob-2.c execution, -O2 -DPERFTIME -fbranch-probabilities
FAIL: gcc.misc-tests/bprob-2.c compilation, -O3 -DPERFTIME -fprofile-arcs
UNRESOLVED: gcc.misc-tests/bprob-2.c execution, -O3 -DPERFTIME -fprofile-arcs
UNRESOLVED: gcc.misc-tests/bprob-2.c compilation, -O3 -DPERFTIME -fbranch-probabilities
UNRESOLVED: gcc.misc-tests/bprob-2.c execution, -O3 -DPERFTIME -fbranch-probabilities
FAIL: gcc.misc-tests/bprob-2.c compilation, -O3 -g -DPERFTIME -fprofile-arcs
UNRESOLVED: gcc.misc-tests/bprob-2.c execution, -O3 -g -DPERFTIME -fprofile-arcs
UNRESOLVED: gcc.misc-tests/bprob-2.c compilation, -O3 -g -DPERFTIME -fbranch-probabilities
UNRESOLVED: gcc.misc-tests/bprob-2.c execution, -O3 -g -DPERFTIME -fbranch-probabilities
FAIL: gcc.misc-tests/bprob-2.c compilation, -Os -fprofile-arcs
UNRESOLVED: gcc.misc-tests/bprob-2.c execution, -Os -fprofile-arcs
UNRESOLVED: gcc.misc-tests/bprob-2.c compilation, -Os -fbranch-probabilities
UNRESOLVED: gcc.misc-tests/bprob-2.c execution, -Os -fbranch-probabilities
=== gcc Summary ===
# of expected passes 18588
# of unexpected failures 954
# of expected failures 63
# of unresolved testcases 46
# of unsupported tests 143
/mmix/fr30-elf/build/gcc/xgcc version 3.2 20020713 (experimental)
Host is i686-pc-linux-gnu
=== objc tests ===
Running target fr30-sim
FAIL: objc/execute/IMP.m execution, -O0
FAIL: objc/execute/IMP.m execution, -O1
FAIL: objc/execute/IMP.m execution, -O2
FAIL: objc/execute/IMP.m execution, -O3 -fomit-frame-pointer
FAIL: objc/execute/IMP.m execution, -O3 -g
FAIL: objc/execute/IMP.m execution, -Os
FAIL: objc/execute/_cmd.m execution, -O0
FAIL: objc/execute/_cmd.m execution, -O1
FAIL: objc/execute/_cmd.m execution, -O2
FAIL: objc/execute/_cmd.m execution, -O3 -fomit-frame-pointer
FAIL: objc/execute/_cmd.m execution, -O3 -g
FAIL: objc/execute/_cmd.m execution, -Os
FAIL: objc/execute/accessing_ivars.m execution, -O0
FAIL: objc/execute/accessing_ivars.m execution, -O1
FAIL: objc/execute/accessing_ivars.m execution, -O2
FAIL: objc/execute/accessing_ivars.m execution, -O3 -fomit-frame-pointer
FAIL: objc/execute/accessing_ivars.m execution, -O3 -g
FAIL: objc/execute/accessing_ivars.m execution, -Os
FAIL: objc/execute/bf-1.m execution, -O0
FAIL: objc/execute/bf-1.m execution, -O1
FAIL: objc/execute/bf-1.m execution, -O2
FAIL: objc/execute/bf-1.m execution, -O3 -fomit-frame-pointer
FAIL: objc/execute/bf-1.m execution, -O3 -g
FAIL: objc/execute/bf-1.m execution, -Os
FAIL: objc/execute/bf-10.m execution, -O0
WARNING: program timed out.
FAIL: objc/execute/bf-10.m execution, -O1
FAIL: objc/execute/bf-10.m execution, -O2
FAIL: objc/execute/bf-10.m execution, -O3 -fomit-frame-pointer
FAIL: objc/execute/bf-10.m execution, -O3 -g
FAIL: objc/execute/bf-10.m execution, -Os
WARNING: program timed out.
FAIL: objc/execute/bf-11.m execution, -O0
FAIL: objc/execute/bf-11.m execution, -O1
FAIL: objc/execute/bf-11.m execution, -O2
FAIL: objc/execute/bf-11.m execution, -O3 -fomit-frame-pointer
FAIL: objc/execute/bf-11.m execution, -O3 -g
FAIL: objc/execute/bf-11.m execution, -Os
WARNING: program timed out.
FAIL: objc/execute/bf-12.m execution, -O0
FAIL: objc/execute/bf-12.m execution, -O1
FAIL: objc/execute/bf-12.m execution, -O2
FAIL: objc/execute/bf-12.m execution, -O3 -fomit-frame-pointer
FAIL: objc/execute/bf-12.m execution, -O3 -g
FAIL: objc/execute/bf-12.m execution, -Os
FAIL: objc/execute/bf-13.m execution, -O0
FAIL: objc/execute/bf-13.m execution, -O1
FAIL: objc/execute/bf-13.m execution, -O2
FAIL: objc/execute/bf-13.m execution, -O3 -fomit-frame-pointer
FAIL: objc/execute/bf-13.m execution, -O3 -g
FAIL: objc/execute/bf-13.m execution, -Os
FAIL: objc/execute/bf-14.m execution, -O0
FAIL: objc/execute/bf-14.m execution, -O1
FAIL: objc/execute/bf-14.m execution, -O2
FAIL: objc/execute/bf-14.m execution, -O3 -fomit-frame-pointer
FAIL: objc/execute/bf-14.m execution, -O3 -g
FAIL: objc/execute/bf-14.m execution, -Os
FAIL: objc/execute/bf-15.m execution, -O0
FAIL: objc/execute/bf-15.m execution, -O1
FAIL: objc/execute/bf-15.m execution, -O2
FAIL: objc/execute/bf-15.m execution, -O3 -fomit-frame-pointer
FAIL: objc/execute/bf-15.m execution, -O3 -g
FAIL: objc/execute/bf-15.m execution, -Os
FAIL: objc/execute/bf-16.m execution, -O0
WARNING: program timed out.
FAIL: objc/execute/bf-16.m execution, -O1
FAIL: objc/execute/bf-16.m execution, -O2
FAIL: objc/execute/bf-16.m execution, -O3 -fomit-frame-pointer
FAIL: objc/execute/bf-16.m execution, -O3 -g
FAIL: objc/execute/bf-16.m execution, -Os
FAIL: objc/execute/bf-17.m execution, -O0
FAIL: objc/execute/bf-17.m execution, -O1
FAIL: objc/execute/bf-17.m execution, -O2
FAIL: objc/execute/bf-17.m execution, -O3 -fomit-frame-pointer
FAIL: objc/execute/bf-17.m execution, -O3 -g
FAIL: objc/execute/bf-17.m execution, -Os
FAIL: objc/execute/bf-18.m execution, -O0
FAIL: objc/execute/bf-18.m execution, -O1
FAIL: objc/execute/bf-18.m execution, -O2
FAIL: objc/execute/bf-18.m execution, -O3 -fomit-frame-pointer
FAIL: objc/execute/bf-18.m execution, -O3 -g
FAIL: objc/execute/bf-18.m execution, -Os
FAIL: objc/execute/bf-19.m execution, -O0
FAIL: objc/execute/bf-19.m execution, -O1
FAIL: objc/execute/bf-19.m execution, -O2
FAIL: objc/execute/bf-19.m execution, -O3 -fomit-frame-pointer
FAIL: objc/execute/bf-19.m execution, -O3 -g
FAIL: objc/execute/bf-19.m execution, -Os
FAIL: objc/execute/bf-2.m execution, -O0
FAIL: objc/execute/bf-2.m execution, -O1
FAIL: objc/execute/bf-2.m execution, -O2
FAIL: objc/execute/bf-2.m execution, -O3 -fomit-frame-pointer
FAIL: objc/execute/bf-2.m execution, -O3 -g
FAIL: objc/execute/bf-2.m execution, -Os
FAIL: objc/execute/bf-20.m execution, -O0
FAIL: objc/execute/bf-20.m execution, -O1
FAIL: objc/execute/bf-20.m execution, -O2
FAIL: objc/execute/bf-20.m execution, -O3 -fomit-frame-pointer
FAIL: objc/execute/bf-20.m execution, -O3 -g
FAIL: objc/execute/bf-20.m execution, -Os
FAIL: objc/execute/bf-21.m execution, -O0
FAIL: objc/execute/bf-21.m execution, -O1
FAIL: objc/execute/bf-21.m execution, -O2
FAIL: objc/execute/bf-21.m execution, -O3 -fomit-frame-pointer
FAIL: objc/execute/bf-21.m execution, -O3 -g
FAIL: objc/execute/bf-21.m execution, -Os
FAIL: objc/execute/bf-3.m execution, -O0
FAIL: objc/execute/bf-3.m execution, -O1
FAIL: objc/execute/bf-3.m execution, -O2
FAIL: objc/execute/bf-3.m execution, -O3 -fomit-frame-pointer
FAIL: objc/execute/bf-3.m execution, -O3 -g
FAIL: objc/execute/bf-3.m execution, -Os
FAIL: objc/execute/bf-4.m execution, -O0
FAIL: objc/execute/bf-4.m execution, -O1
FAIL: objc/execute/bf-4.m execution, -O2
FAIL: objc/execute/bf-4.m execution, -O3 -fomit-frame-pointer
FAIL: objc/execute/bf-4.m execution, -O3 -g
FAIL: objc/execute/bf-4.m execution, -Os
FAIL: objc/execute/bf-5.m execution, -O0
FAIL: objc/execute/bf-5.m execution, -O1
FAIL: objc/execute/bf-5.m execution, -O2
FAIL: objc/execute/bf-5.m execution, -O3 -fomit-frame-pointer
FAIL: objc/execute/bf-5.m execution, -O3 -g
FAIL: objc/execute/bf-5.m execution, -Os
FAIL: objc/execute/bf-6.m execution, -O0
FAIL: objc/execute/bf-6.m execution, -O1
FAIL: objc/execute/bf-6.m execution, -O2
FAIL: objc/execute/bf-6.m execution, -O3 -fomit-frame-pointer
FAIL: objc/execute/bf-6.m execution, -O3 -g
FAIL: objc/execute/bf-6.m execution, -Os
FAIL: objc/execute/bf-7.m execution, -O0
FAIL: objc/execute/bf-7.m execution, -O1
FAIL: objc/execute/bf-7.m execution, -O2
FAIL: objc/execute/bf-7.m execution, -O3 -fomit-frame-pointer
FAIL: objc/execute/bf-7.m execution, -O3 -g
FAIL: objc/execute/bf-7.m execution, -Os
FAIL: objc/execute/bf-8.m execution, -O0
FAIL: objc/execute/bf-8.m execution, -O1
FAIL: objc/execute/bf-8.m execution, -O2
FAIL: objc/execute/bf-8.m execution, -O3 -fomit-frame-pointer
FAIL: objc/execute/bf-8.m execution, -O3 -g
FAIL: objc/execute/bf-8.m execution, -Os
FAIL: objc/execute/bf-9.m execution, -O0
WARNING: program timed out.
FAIL: objc/execute/bf-9.m execution, -O1
FAIL: objc/execute/bf-9.m execution, -O2
FAIL: objc/execute/bf-9.m execution, -O3 -fomit-frame-pointer
FAIL: objc/execute/bf-9.m execution, -O3 -g
FAIL: objc/execute/bf-9.m execution, -Os
FAIL: objc/execute/bycopy-1.m execution, -O0
FAIL: objc/execute/bycopy-1.m execution, -O1
FAIL: objc/execute/bycopy-1.m execution, -O2
FAIL: objc/execute/bycopy-1.m execution, -O3 -fomit-frame-pointer
FAIL: objc/execute/bycopy-1.m execution, -O3 -g
FAIL: objc/execute/bycopy-1.m execution, -Os
FAIL: objc/execute/bycopy-2.m execution, -O0
WARNING: program timed out.
FAIL: objc/execute/bycopy-2.m execution, -O1
WARNING: program timed out.
FAIL: objc/execute/bycopy-2.m execution, -O2
FAIL: objc/execute/bycopy-2.m execution, -O3 -fomit-frame-pointer
FAIL: objc/execute/bycopy-2.m execution, -O3 -g
WARNING: program timed out.
FAIL: objc/execute/bycopy-2.m execution, -Os
FAIL: objc/execute/bycopy-3.m execution, -O0
FAIL: objc/execute/bycopy-3.m execution, -O1
FAIL: objc/execute/bycopy-3.m execution, -O2
FAIL: objc/execute/bycopy-3.m execution, -O3 -fomit-frame-pointer
FAIL: objc/execute/bycopy-3.m execution, -O3 -g
FAIL: objc/execute/bycopy-3.m execution, -Os
FAIL: objc/execute/class-1.m execution, -O0
FAIL: objc/execute/class-1.m execution, -O1
FAIL: objc/execute/class-1.m execution, -O2
FAIL: objc/execute/class-1.m execution, -O3 -fomit-frame-pointer
FAIL: objc/execute/class-1.m execution, -O3 -g
FAIL: objc/execute/class-1.m execution, -Os
FAIL: objc/execute/class-10.m execution, -O0
FAIL: objc/execute/class-10.m execution, -O1
FAIL: objc/execute/class-10.m execution, -O2
FAIL: objc/execute/class-10.m execution, -O3 -fomit-frame-pointer
FAIL: objc/execute/class-10.m execution, -O3 -g
FAIL: objc/execute/class-10.m execution, -Os
FAIL: objc/execute/class-11.m execution, -O0
FAIL: objc/execute/class-11.m execution, -O1
FAIL: objc/execute/class-11.m execution, -O2
FAIL: objc/execute/class-11.m execution, -O3 -fomit-frame-pointer
FAIL: objc/execute/class-11.m execution, -O3 -g
FAIL: objc/execute/class-11.m execution, -Os
FAIL: objc/execute/class-12.m execution, -O0
FAIL: objc/execute/class-12.m execution, -O1
FAIL: objc/execute/class-12.m execution, -O2
FAIL: objc/execute/class-12.m execution, -O3 -fomit-frame-pointer
FAIL: objc/execute/class-12.m execution, -O3 -g
FAIL: objc/execute/class-12.m execution, -Os
FAIL: objc/execute/class-13.m execution, -O0
FAIL: objc/execute/class-13.m execution, -O1
FAIL: objc/execute/class-13.m execution, -O2
FAIL: objc/execute/class-13.m execution, -O3 -fomit-frame-pointer
FAIL: objc/execute/class-13.m execution, -O3 -g
FAIL: objc/execute/class-13.m execution, -Os
FAIL: objc/execute/class-14.m execution, -O0
WARNING: program timed out.
FAIL: objc/execute/class-14.m execution, -O1
FAIL: objc/execute/class-14.m execution, -O2
FAIL: objc/execute/class-14.m execution, -O3 -fomit-frame-pointer
FAIL: objc/execute/class-14.m execution, -O3 -g
FAIL: objc/execute/class-14.m execution, -Os
FAIL: objc/execute/class-2.m execution, -O0
FAIL: objc/execute/class-2.m execution, -O1
FAIL: objc/execute/class-2.m execution, -O2
FAIL: objc/execute/class-2.m execution, -O3 -fomit-frame-pointer
FAIL: objc/execute/class-2.m execution, -O3 -g
FAIL: objc/execute/class-2.m execution, -Os
FAIL: objc/execute/class-3.m execution, -O0
FAIL: objc/execute/class-3.m execution, -O1
FAIL: objc/execute/class-3.m execution, -O2
FAIL: objc/execute/class-3.m execution, -O3 -fomit-frame-pointer
FAIL: objc/execute/class-3.m execution, -O3 -g
FAIL: objc/execute/class-3.m execution, -Os
FAIL: objc/execute/class-4.m execution, -O0
FAIL: objc/execute/class-4.m execution, -O1
FAIL: objc/execute/class-4.m execution, -O2
FAIL: objc/execute/class-4.m execution, -O3 -fomit-frame-pointer
FAIL: objc/execute/class-4.m execution, -O3 -g
FAIL: objc/execute/class-4.m execution, -Os
FAIL: objc/execute/class-5.m execution, -O0
FAIL: objc/execute/class-5.m execution, -O1
FAIL: objc/execute/class-5.m execution, -O2
FAIL: objc/execute/class-5.m execution, -O3 -fomit-frame-pointer
FAIL: objc/execute/class-5.m execution, -O3 -g
FAIL: objc/execute/class-5.m execution, -Os
FAIL: objc/execute/class-6.m execution, -O0
WARNING: program timed out.
FAIL: objc/execute/class-6.m execution, -O1
FAIL: objc/execute/class-6.m execution, -O2
FAIL: objc/execute/class-6.m execution, -O3 -fomit-frame-pointer
FAIL: objc/execute/class-6.m execution, -O3 -g
FAIL: objc/execute/class-6.m execution, -Os
FAIL: objc/execute/class-7.m execution, -O0
FAIL: objc/execute/class-7.m execution, -O1
FAIL: objc/execute/class-7.m execution, -O2
FAIL: objc/execute/class-7.m execution, -O3 -fomit-frame-pointer
FAIL: objc/execute/class-7.m execution, -O3 -g
FAIL: objc/execute/class-7.m execution, -Os
FAIL: objc/execute/class-8.m execution, -O0
FAIL: objc/execute/class-8.m execution, -O1
WARNING: program timed out.
FAIL: objc/execute/class-8.m execution, -O2
Compiler version: 3.2 20020713 (experimental)
Platform: fr30-unknown-elf
configure flags: --host=i686-pc-linux-gnu --target=fr30-elf --prefix=/mmix/fr30-elf/install --disable-nls --with-newlib
More information about the Gcc-testresults
mailing list