Results for 3.2 20020713 (experimental) testsuite on i686-pc-linux-gnu
Andrew Pinski
pinskia@physics.uc.edu
Sat Jul 13 10:28:00 GMT 2002
LAST_UPDATED: Sat Jul 13 14:03:59 UTC 2002
Native configuration is i686-pc-linux-gnu
=== gcc tests ===
Running target unix
FAIL: gcc.c-torture/execute/20020412-1.c execution, -O1
FAIL: gcc.c-torture/execute/20020412-1.c execution, -O2
FAIL: gcc.c-torture/execute/20020412-1.c execution, -O3 -fomit-frame-pointer
FAIL: gcc.c-torture/execute/20020412-1.c execution, -O3 -fomit-frame-pointer -funroll-loops
FAIL: gcc.c-torture/execute/20020412-1.c execution, -O3 -fomit-frame-pointer -funroll-all-loops -finline-functions
FAIL: gcc.c-torture/execute/20020412-1.c execution, -O3 -g
FAIL: cmdlne-dM-M.c: #define line not printed
FAIL: gcc.dg/simd-1.c (test for excess errors)
=== gcc Summary ===
# of expected passes 19787
# of unexpected failures 8
# of expected failures 64
# of unsupported tests 57
/home/gates/pinskia/src/gnu/gcc-dev-6-26-2002/src/objdir.linux/gcc/xgcc version 3.2 20020713 (experimental)
=== treelang tests ===
Running target unix
FAIL: gcc 01 01 rc!=0
=== treelang Summary ===
# of unexpected failures 1
Compiler version: 3.2 20020713 (experimental)
Platform: i686-pc-linux-gnu
configure flags: --host=i686-pc-linux-gnu --enable-maintainer-mode --enable-languages=c,treelang --target=i686-pc-linux-gnu --prefix=/home/gates/pinskia/linux-dev --enable-threads=posix --enable-shared
More information about the Gcc-testresults
mailing list