Results for 3.0.5 20020709 (prerelease) testsuite on i686-pc-linux-gnu
Andreas Jaeger
aj@suse.de
Wed Jul 10 02:40:00 GMT 2002
Bootstrap and regtesting on i686-linux-gnu.
CVS sources: branch: 3.0 branch
LAST_UPDATED: Wed Jul 10 06:19:22 UTC 2002
Native configuration is i686-pc-linux-gnu
=== g++ tests ===
Running target unix
FAIL: g++.ext/instantiate1.C not instantiated (test for errors, line 20)
FAIL: g++.ext/instantiate3.C not instantiated (test for errors, line 13)
FAIL: g++.pt/repo4.C (test for excess errors)
=== g++ Summary ===
# of expected passes 6516
# of unexpected failures 3
# of expected failures 102
# of untested testcases 9
/builds/gcc/testing/gcc/testsuite/../g++ version 3.0.5 20020709 (prerelease)
=== g77 tests ===
Running target unix
=== g77 Summary ===
# of expected passes 955
=== gcc tests ===
Running target unix
FAIL: gcc.c-torture/compile/20020304-1.c, -O2
FAIL: gcc.c-torture/compile/20020304-1.c, -O3 -fomit-frame-pointer
FAIL: gcc.c-torture/compile/20020304-1.c, -O3 -fomit-frame-pointer -funroll-loops
FAIL: gcc.c-torture/compile/20020304-1.c, -O3 -fomit-frame-pointer -funroll-all-loops -finline-functions
FAIL: gcc.c-torture/compile/20020304-1.c, -O3 -g
FAIL: gcc.c-torture/compile/20020304-1.c, -Os
XPASS: gcc.c-torture/execute/20000801-4.c execution, -O0
XPASS: gcc.c-torture/execute/20000801-4.c execution, -O1
XPASS: gcc.c-torture/execute/20000801-4.c execution, -O2
XPASS: gcc.c-torture/execute/20000801-4.c execution, -O3 -fomit-frame-pointer
XPASS: gcc.c-torture/execute/20000801-4.c execution, -O3 -g
XPASS: gcc.c-torture/execute/20000801-4.c execution, -Os
FAIL: gcc.dg/format/c99-printf-1.c %hhn plain char (test for warnings, line 195)
FAIL: gcc.dg/format/c99-printf-1.c %hhn unsigned char (test for warnings, line 196)
FAIL: gcc.dg/format/c99-printf-1.c %hhn plain char (test for warnings, line 195)
FAIL: gcc.dg/format/c99-printf-1.c %hhn unsigned char (test for warnings, line 196)
=== gcc Summary ===
# of expected passes 15342
# of unexpected failures 10
# of unexpected successes 6
# of expected failures 77
# of unsupported tests 20
/builds/gcc/testing/gcc/xgcc version 3.0.5 20020709 (prerelease)
=== objc tests ===
Running target unix
=== objc Summary ===
# of expected passes 153
# of expected failures 1
/builds/gcc/testing/gcc/xgcc version 3.0.5 20020709 (prerelease)
=== libjava tests ===
Running target unix
XPASS: N19990310_4 output from source compiled test
XPASS: N19990310_4 -O output from source compiled test
XPASS: stringconst output from bytecode->native test
XPASS: stringconst -O output from bytecode->native test
XPASS: stub compilation from source
XPASS: stub byte compilation
XPASS: stub compilation from bytecode
XPASS: stub -O compilation from source
XPASS: stub byte compilation
XPASS: stub -O compilation from bytecode
=== libjava Summary ===
# of expected passes 1676
# of unexpected successes 10
# of expected failures 14
# of untested testcases 16
=== libstdc++-v3 tests ===
Running target unix
FAIL: 27_io/ios_base_callbacks.cc execution test
=== libstdc++-v3 Summary ===
# of expected passes 246
# of unexpected failures 1
# of expected failures 8
Compiler version: 3.0.5 20020709 (prerelease)
Platform: i686-pc-linux-gnu
configure flags: --host=i686-pc-linux-gnu --prefix=/opt/gcc/3.0-devel --enable-shared --enable-threads=posix --enable-clocale=gnu --disable-nls --enable-languages=c,c++,f77,java,objc --enable-checking=misc,tree,rtl,gc --with-system-zlib
More information about the Gcc-testresults
mailing list