Results for 3.2 20020707 (experimental) testsuite on i686-pc-cygwin
Billinghurst, David (CRTS)
David.Billinghurst@riotinto.com
Mon Jul 8 20:56:00 GMT 2002
CYGWIN_NT-5.0 CRW50 1.3.11(0.53/3/2) 2002-06-23 22:31 i686 unknown
Windows 2000 Professional Ver 5.0 Build 2195 Service Pack 2
x86 Family 15 Model 0 Stepping 10, GenuineIntel
LAST_UPDATED: Mon Jul 8 01:25:13 2002
Native configuration is i686-pc-cygwin
=== g++ tests ===
Running target unix
FAIL: g++.dg/ext/instantiate3.C scan-assembler-not
WARNING: program timed out.
FAIL: g++.dg/parse/stack1.C (test for excess errors)
FAIL: g++.dg/warn/Wunused-2.C (test for warnings, line 5)
FAIL: g++.dg/gcov/gcov-1.C gcov failed:
FAIL: g++.dg/gcov/gcov-2.C gcov failed:
FAIL: g++.dg/gcov/gcov-3.C gcov failed:
FAIL: g++.dg/special/conpr-1.C execution test
FAIL: g++.dg/special/conpr-2.C execution test
FAIL: g++.dg/special/conpr-3.C execution test
FAIL: g++.dg/special/conpr-3.C execution test
FAIL: g++.dg/special/initp1.C execution test
FAIL: g++.eh/badalloc1.C Execution test
XPASS: g++.ext/attrib5.C Execution test
XPASS: g++.jason/template18.C (test for excess errors)
XPASS: g++.jason/template18.C Execution test
FAIL: g++.law/profile1.C (test for excess errors)
=== g++ Summary ===
# of expected passes 7417
# of unexpected failures 13
# of unexpected successes 3
# of expected failures 89
# of untested testcases 15
# of unsupported tests 3
gcc version 3.2 20020707 (experimental)
=== g77 tests ===
Running target unix
FAIL: g77.dg/gcov/gcov-1.f gcov failed:
FAIL: g77.f-torture/execute/20001201.f execution, -O0
FAIL: g77.f-torture/execute/20001201.f execution, -O1
FAIL: g77.f-torture/execute/20001201.f execution, -O2
FAIL: g77.f-torture/execute/20001201.f execution, -O3 -fomit-frame-pointer
FAIL: g77.f-torture/execute/20001201.f execution, -O3 -g
FAIL: g77.f-torture/execute/20001201.f execution, -Os
FAIL: g77.f-torture/execute/6367.f execution, -O0
FAIL: g77.f-torture/execute/6367.f execution, -O1
FAIL: g77.f-torture/execute/6367.f execution, -O2
FAIL: g77.f-torture/execute/6367.f execution, -O3 -fomit-frame-pointer
FAIL: g77.f-torture/execute/6367.f execution, -O3 -fomit-frame-pointer -funroll-loops
FAIL: g77.f-torture/execute/6367.f execution, -O3 -fomit-frame-pointer -funroll-all-loops -finline-functions
FAIL: g77.f-torture/execute/6367.f execution, -O3 -g
FAIL: g77.f-torture/execute/6367.f execution, -Os
FAIL: g77.f-torture/execute/io0.f execution, -O0
FAIL: g77.f-torture/execute/io0.f execution, -O1
FAIL: g77.f-torture/execute/io0.f execution, -O2
FAIL: g77.f-torture/execute/io0.f execution, -O3 -fomit-frame-pointer
FAIL: g77.f-torture/execute/io0.f execution, -O3 -g
FAIL: g77.f-torture/execute/io0.f execution, -Os
FAIL: g77.f-torture/execute/io1.f execution, -O0
FAIL: g77.f-torture/execute/io1.f execution, -O1
FAIL: g77.f-torture/execute/io1.f execution, -O2
FAIL: g77.f-torture/execute/io1.f execution, -O3 -fomit-frame-pointer
FAIL: g77.f-torture/execute/io1.f execution, -O3 -g
FAIL: g77.f-torture/execute/io1.f execution, -Os
=== g77 Summary ===
# of expected passes 1615
# of unexpected failures 27
gcc version 3.2 20020707 (experimental)
=== gcc tests ===
Running target unix
FAIL: gcc.c-torture/execute/20020412-1.c execution, -O1
FAIL: gcc.c-torture/execute/20020412-1.c execution, -O2
FAIL: gcc.c-torture/execute/20020412-1.c execution, -O3 -fomit-frame-pointer
FAIL: gcc.c-torture/execute/20020412-1.c execution, -O3 -fomit-frame-pointer -funroll-loops
FAIL: gcc.c-torture/execute/20020412-1.c execution, -O3 -fomit-frame-pointer -funroll-all-loops -finline-functions
FAIL: gcc.c-torture/execute/20020412-1.c execution, -O3 -g
XPASS: gcc.c-torture/execute/loop-2e.c execution, -Os
FAIL: cmdlne-dM-M.c: #define line not printed
WARNING: program timed out.
FAIL: gcc.dg/simd-1.c (test for excess errors)
FAIL: gcc.dg/weak-8.c (test for excess errors)
FAIL: gcc.dg/weak-9.c (test for excess errors)
FAIL: gcc.misc-tests/gcov-1.c gcov failed:
FAIL: gcc.misc-tests/gcov-2.c gcov failed:
FAIL: gcc.misc-tests/gcov-3.c gcov failed:
FAIL: gcc.misc-tests/gcov-4.c gcov failed:
FAIL: gcc.misc-tests/gcov-4b.c gcov failed:
FAIL: gcc.misc-tests/gcov-5b.c gcov failed:
FAIL: gcc.misc-tests/gcov-6.c gcov failed:
FAIL: gcc.misc-tests/gcov-7.c gcov failed:
=== gcc Summary ===
# of expected passes 19286
# of unexpected failures 18
# of unexpected successes 1
# of expected failures 66
# of unsupported tests 62
gcc version 3.2 20020707 (experimental)
=== objc tests ===
Running target unix
FAIL: objc/execute/class_self-1.m compilation, -O0
UNRESOLVED: objc/execute/class_self-1.m execution, -O0
FAIL: objc/execute/class_self-1.m compilation, -O1
UNRESOLVED: objc/execute/class_self-1.m execution, -O1
FAIL: objc/execute/class_self-1.m compilation, -O2
UNRESOLVED: objc/execute/class_self-1.m execution, -O2
FAIL: objc/execute/class_self-1.m compilation, -O3 -fomit-frame-pointer
UNRESOLVED: objc/execute/class_self-1.m execution, -O3 -fomit-frame-pointer
FAIL: objc/execute/class_self-1.m compilation, -O3 -g
UNRESOLVED: objc/execute/class_self-1.m execution, -O3 -g
FAIL: objc/execute/class_self-1.m compilation, -Os
UNRESOLVED: objc/execute/class_self-1.m execution, -Os
FAIL: objc/execute/class_self-2.m compilation, -O0
UNRESOLVED: objc/execute/class_self-2.m execution, -O0
FAIL: objc/execute/class_self-2.m compilation, -O1
UNRESOLVED: objc/execute/class_self-2.m execution, -O1
FAIL: objc/execute/class_self-2.m compilation, -O2
UNRESOLVED: objc/execute/class_self-2.m execution, -O2
FAIL: objc/execute/class_self-2.m compilation, -O3 -fomit-frame-pointer
UNRESOLVED: objc/execute/class_self-2.m execution, -O3 -fomit-frame-pointer
FAIL: objc/execute/class_self-2.m compilation, -O3 -g
UNRESOLVED: objc/execute/class_self-2.m execution, -O3 -g
FAIL: objc/execute/class_self-2.m compilation, -Os
UNRESOLVED: objc/execute/class_self-2.m execution, -Os
=== objc Summary ===
# of expected passes 1019
# of unexpected failures 12
# of expected failures 6
# of unresolved testcases 12
gcc version 3.2 20020707 (experimental)
=== libstdc++-v3 tests ===
Running target unix
XPASS: 22_locale/collate_members_wchar_t.cc execution test
XPASS: 22_locale/ctype_is_wchar_t.cc execution test
XPASS: 22_locale/money_get_members_wchar_t.cc execution test
XPASS: 22_locale/money_put_members_wchar_t.cc execution test
XPASS: 22_locale/moneypunct_members_wchar_t.cc execution test
XPASS: 22_locale/num_get_members_wchar_t.cc execution test
XPASS: 22_locale/num_put_members_wchar_t.cc execution test
XPASS: 22_locale/numpunct_members_wchar_t.cc execution test
XPASS: 22_locale/time_get_members_wchar_t.cc execution test
XPASS: 22_locale/time_put_members_wchar_t.cc execution test
FAIL: 26_numerics/c99_classification_macros_c.cc (test for excess errors)
FAIL: 27_io/filebuf_members.cc execution test
FAIL: 27_io/filebuf_virtuals.cc execution test
FAIL: 27_io/ios_base_storage.cc execution test
FAIL: 27_io/istream_extractor_arith.cc execution test
=== libstdc++-v3 Summary ===
# of expected passes 399
# of unexpected failures 5
# of unexpected successes 10
# of expected failures 17
Compiler version: 3.2 20020707 (experimental)
Platform: i686-pc-cygwin
configure flags: --host=i686-pc-cygwin --enable-threads=posix --enable-libgcj --enable-sjlj-exceptions --with-system-zlib --enable-nls --enable-version-specific-runtime-libs --program-suffix=-3.1 --without-included-gettext --disable-shared
Counting all warnings,
there are 87 warnings in stage3 of this bootstrap.
Number of warnings per file:
21 gcc/combine.c
16 gcc/gengtype-lex.c
10 gcc/regclass.c
8 gcc/gcc.c
5 /usr/share/bison/bison.simple
3 gcc/unroll.c
3 gcc/optabs.c
3 gcc/cp/lang-specs.h
2 gtype-desc.c
2 gt-except.h
2 gcc/real.c
2 gcc/java/lex.c
1 gt-integrate.h
1 gcc/varasm.c
1 gcc/unwind-pe.h
1 gcc/simplify-rtx.c
1 gcc/sdbout.c
1 gcc/reload.c
1 gcc/objc/objc-act.c
1 gcc/java/jvspec.c
1 gcc/function.c
1 gcc/f/where.c
Number of warning types:
42 comparison between signed and unsigned
19 traditional C rejects ISO C style function definitions
6 string length \`???' is greater than the length \`???' ISO C89 compilers are required to support
4 traditional C rejects string concatenation
3 signed and unsigned type in conditional expression
3 label \`???' defined but not used
3 \`???' defined but not used
2 assignment of read-only location
2 \`???' might be used uninitialized in this function
1 unused variable \`???'
1 comparison is always false due to limited range of data type
1 assignment discards qualifiers from pointer target type
More information about the Gcc-testresults
mailing list