Results for 3.2 20020706 (experimental) testsuite on sparc-sun-solaris2.8
Robert Schiele
schiele@pi3.informatik.uni-mannheim.de
Sun Jul 7 06:18:00 GMT 2002
LAST_UPDATED: Sat Jul 6 22:17:56 UTC 2002
Native configuration is sparc-sun-solaris2.8
=== g++ tests ===
Running target unix
FAIL: g++.dg/warn/Wunused-2.C (test for warnings, line 5)
FAIL: g++.dg/special/conpr-2.C execution test
FAIL: g++.dg/special/conpr-3.C execution test
FAIL: g++.dg/special/initp1.C execution test
=== g++ Summary ===
# of expected passes 7419
# of unexpected failures 4
# of expected failures 89
# of untested testcases 21
# of unsupported tests 3
/export/share1/gccbuild/gcc/testsuite/../g++ version 3.2 20020706 (experimental)
=== g77 tests ===
Running target unix
FAIL: g77.f-torture/execute/6367.f execution, -O0
FAIL: g77.f-torture/execute/6367.f execution, -O1
FAIL: g77.f-torture/execute/6367.f execution, -O2
FAIL: g77.f-torture/execute/6367.f execution, -O3 -fomit-frame-pointer
FAIL: g77.f-torture/execute/6367.f execution, -O3 -fomit-frame-pointer -funroll-loops
FAIL: g77.f-torture/execute/6367.f execution, -O3 -fomit-frame-pointer -funroll-all-loops -finline-functions
FAIL: g77.f-torture/execute/6367.f execution, -O3 -g
FAIL: g77.f-torture/execute/6367.f execution, -Os
=== g77 Summary ===
# of expected passes 1618
# of unexpected failures 8
# of unsupported tests 8
/export/share1/gccbuild/gcc/testsuite/../g77 version 3.2 20020706 (experimental)
=== gcc tests ===
Running target unix
FAIL: cmdlne-dM-M.c: #define line not printed
UNRESOLVED: weak-1.c
UNRESOLVED: weak-2.c
UNRESOLVED: wkali-1.c
UNRESOLVED: wkali-2.c
=== gcc Summary ===
# of expected passes 19201
# of unexpected failures 1
# of expected failures 63
# of unresolved testcases 4
# of unsupported tests 125
/export/share1/gccbuild/gcc/xgcc version 3.2 20020706 (experimental)
=== objc tests ===
Running target unix
FAIL: objc/execute/class_self-1.m compilation, -O0
UNRESOLVED: objc/execute/class_self-1.m execution, -O0
FAIL: objc/execute/class_self-1.m compilation, -O1
UNRESOLVED: objc/execute/class_self-1.m execution, -O1
FAIL: objc/execute/class_self-1.m compilation, -O2
UNRESOLVED: objc/execute/class_self-1.m execution, -O2
FAIL: objc/execute/class_self-1.m compilation, -O3 -fomit-frame-pointer
UNRESOLVED: objc/execute/class_self-1.m execution, -O3 -fomit-frame-pointer
FAIL: objc/execute/class_self-1.m compilation, -O3 -g
UNRESOLVED: objc/execute/class_self-1.m execution, -O3 -g
FAIL: objc/execute/class_self-1.m compilation, -Os
UNRESOLVED: objc/execute/class_self-1.m execution, -Os
FAIL: objc/execute/class_self-2.m compilation, -O0
UNRESOLVED: objc/execute/class_self-2.m execution, -O0
FAIL: objc/execute/class_self-2.m compilation, -O1
UNRESOLVED: objc/execute/class_self-2.m execution, -O1
FAIL: objc/execute/class_self-2.m compilation, -O2
UNRESOLVED: objc/execute/class_self-2.m execution, -O2
FAIL: objc/execute/class_self-2.m compilation, -O3 -fomit-frame-pointer
UNRESOLVED: objc/execute/class_self-2.m execution, -O3 -fomit-frame-pointer
FAIL: objc/execute/class_self-2.m compilation, -O3 -g
UNRESOLVED: objc/execute/class_self-2.m execution, -O3 -g
FAIL: objc/execute/class_self-2.m compilation, -Os
UNRESOLVED: objc/execute/class_self-2.m execution, -Os
=== objc Summary ===
# of expected passes 1019
# of unexpected failures 12
# of expected failures 6
# of unresolved testcases 12
/export/share1/gccbuild/gcc/xgcc version 3.2 20020706 (experimental)
=== libstdc++-v3 tests ===
Running target unix
FAIL: 21_strings/capacity.cc execution test
XPASS: 22_locale/collate_members_wchar_t.cc execution test
XPASS: 22_locale/ctype_is_wchar_t.cc execution test
XPASS: 22_locale/money_get_members_wchar_t.cc execution test
XPASS: 22_locale/money_put_members_wchar_t.cc execution test
XPASS: 22_locale/moneypunct_members_wchar_t.cc execution test
XPASS: 22_locale/num_get_members_wchar_t.cc execution test
XPASS: 22_locale/num_put_members_wchar_t.cc execution test
XPASS: 22_locale/numpunct_members_wchar_t.cc execution test
XPASS: 22_locale/time_get_members_wchar_t.cc execution test
XPASS: 22_locale/time_put_members_wchar_t.cc execution test
FAIL: 27_io/istream_extractor_arith.cc execution test
WARNING: program timed out.
FAIL: thread/pthread4.cc execution test
=== libstdc++-v3 Summary ===
# of expected passes 401
# of unexpected failures 3
# of unexpected successes 10
# of expected failures 17
Compiler version: 3.2 20020706 (experimental)
Platform: sparc-sun-solaris2.8
configure flags: --host=sparc-sun-solaris2.8 --enable-threads=posix --prefix=/opt/Pkg/SunOS/gcc32 --enable-languages=c,c++,f77,objc,java --with-system-zlib --enable-shared
More information about the Gcc-testresults
mailing list