Results for 3.1.1 20020706 (prerelease) testsuite on i686-pc-linux-gnu
Andreas Jaeger
aj@suse.de
Sat Jul 6 06:23:00 GMT 2002
Bootstrap and regtesting on i686-linux-gnu.
CVS sources: branch: 3.1 release branch
LAST_UPDATED: Sat Jul 6 07:53:57 UTC 2002
Native configuration is i686-pc-linux-gnu
=== g++ tests ===
Running target unix
=== g++ Summary ===
# of expected passes 7256
# of expected failures 88
# of untested testcases 9
# of unsupported tests 3
/builds/gcc/gcc-3.1-devel/gcc/testsuite/../g++ version 3.1.1 20020706 (prerelease)
=== g77 tests ===
Running target unix
=== g77 Summary ===
# of expected passes 1468
/builds/gcc/gcc-3.1-devel/gcc/testsuite/../g77 version 3.1.1 20020706 (prerelease)
=== gcc tests ===
Running target unix
WARNING: program timed out.
FAIL: gcc.c-torture/compile/20001226-1.c, -O3 -g
FAIL: gcc.c-torture/execute/20020307-2.c execution, -O1
FAIL: gcc.c-torture/execute/20020307-2.c execution, -O2
FAIL: gcc.c-torture/execute/20020307-2.c execution, -O3 -fomit-frame-pointer
FAIL: gcc.c-torture/execute/20020307-2.c execution, -O3 -fomit-frame-pointer -funroll-loops
FAIL: gcc.c-torture/execute/20020307-2.c execution, -O3 -fomit-frame-pointer -funroll-all-loops -finline-functions
FAIL: gcc.c-torture/execute/20020307-2.c execution, -O3 -g
=== gcc Summary ===
# of expected passes 18542
# of unexpected failures 7
# of expected failures 68
# of unsupported tests 44
/builds/gcc/gcc-3.1-devel/gcc/xgcc version 3.1.1 20020706 (prerelease)
=== objc tests ===
Running target unix
=== objc Summary ===
# of expected passes 1035
# of expected failures 6
/builds/gcc/gcc-3.1-devel/gcc/xgcc version 3.1.1 20020706 (prerelease)
=== libjava tests ===
Running target unix
WARNING: program timed out.
FAIL: Thread_Alive execution from source compiled test
WARNING: program timed out.
FAIL: Thread_Alive -O execution from source compiled test
=== libjava Summary ===
# of expected passes 2071
# of unexpected failures 2
# of expected failures 18
# of untested testcases 16
=== libstdc++-v3 tests ===
Running target unix
XPASS: 22_locale/collate_byname.cc execution test
XPASS: 22_locale/collate_members_char.cc execution test
XPASS: 22_locale/collate_members_wchar_t.cc execution test
XPASS: 22_locale/ctype_is_char.cc execution test
XPASS: 22_locale/ctype_is_wchar_t.cc execution test
XPASS: 22_locale/members.cc execution test
XPASS: 22_locale/money_get_members_char.cc execution test
XPASS: 22_locale/money_put_members_char.cc execution test
XPASS: 22_locale/moneypunct_byname.cc execution test
XPASS: 22_locale/moneypunct_members_char.cc execution test
XPASS: 22_locale/moneypunct_members_wchar_t.cc execution test
XPASS: 22_locale/num_get_members_char.cc execution test
XPASS: 22_locale/num_get_members_wchar_t.cc execution test
XPASS: 22_locale/num_put_members_char.cc execution test
XPASS: 22_locale/num_put_members_wchar_t.cc execution test
XPASS: 22_locale/numpunct_byname.cc execution test
XPASS: 22_locale/numpunct_members_char.cc execution test
XPASS: 22_locale/numpunct_members_wchar_t.cc execution test
XPASS: 22_locale/time_get_members_char.cc execution test
XPASS: 22_locale/time_get_members_wchar_t.cc execution test
XPASS: 22_locale/time_put_members_char.cc execution test
XPASS: 22_locale/time_put_members_wchar_t.cc execution test
FAIL: 26_numerics/c99_classification_macros_c.cc (test for excess errors)
=== libstdc++-v3 Summary ===
# of expected passes 397
# of unexpected failures 1
# of unexpected successes 22
# of expected failures 4
Compiler version: 3.1.1 20020706 (prerelease)
Platform: i686-pc-linux-gnu
configure flags: --host=i686-pc-linux-gnu --prefix=/opt/gcc/3.1-devel --enable-shared --enable-threads=posix --enable-clocale=gnu --disable-nls --enable-languages=c,c++,f77,java,objc,ada --enable-checking=misc,tree,rtl,gc --with-system-zlib
More information about the Gcc-testresults
mailing list