Results for 3.2 20020704 (experimental) testsuite on i486-suse-linux-gnu

Robert Schiele schiele@pi3.informatik.uni-mannheim.de
Thu Jul 4 18:53:00 GMT 2002


LAST_UPDATED: Thu Jul  4 22:17:40 UTC 2002

Native configuration is i486-suse-linux-gnu

		=== g++ tests ===


Running target unix
FAIL: g++.dg/warn/Wunused-2.C  (test for warnings, line 5)
FAIL: g++.eh/spec6.C (test for excess errors)
FAIL: g++.jason/pmf7.C  Execution test
FAIL: g++.jason/template26.C  Execution test

		=== g++ Summary ===

# of expected passes		7372
# of unexpected failures	4
# of expected failures		87
# of untested testcases		9
# of unsupported tests		3
/local/gccbuild/gcc/testsuite/../g++ version 3.2 20020704 (experimental)

		=== g77 tests ===


Running target unix
FAIL: g77.f-torture/execute/6367.f execution,  -O0 
FAIL: g77.f-torture/execute/6367.f execution,  -O1 
FAIL: g77.f-torture/execute/6367.f execution,  -O2 
FAIL: g77.f-torture/execute/6367.f execution,  -O3 -fomit-frame-pointer 
FAIL: g77.f-torture/execute/6367.f execution,  -O3 -fomit-frame-pointer -funroll-loops 
FAIL: g77.f-torture/execute/6367.f execution,  -O3 -fomit-frame-pointer -funroll-all-loops -finline-functions 
FAIL: g77.f-torture/execute/6367.f execution,  -O3 -g 
FAIL: g77.f-torture/execute/6367.f execution,  -Os 

		=== g77 Summary ===

# of expected passes		1618
# of unexpected failures	8
# of unsupported tests		8
/local/gccbuild/gcc/testsuite/../g77 version 3.2 20020704 (experimental)

		=== gcc tests ===


Running target unix
FAIL: gcc.c-torture/execute/loop-2e.c execution,  -Os 
FAIL: cmdlne-dM-M.c: #define line not printed
FAIL: gcc.dg/simd-1.c (test for excess errors)

		=== gcc Summary ===

# of expected passes		19351
# of unexpected failures	3
# of expected failures		63
# of unsupported tests		57
/local/gccbuild/gcc/xgcc version 3.2 20020704 (experimental)

		=== objc tests ===


Running target unix
FAIL: objc/execute/class_self-1.m compilation,  -O0 
UNRESOLVED: objc/execute/class_self-1.m execution,  -O0 
FAIL: objc/execute/class_self-1.m compilation,  -O1 
UNRESOLVED: objc/execute/class_self-1.m execution,  -O1 
FAIL: objc/execute/class_self-1.m compilation,  -O2 
UNRESOLVED: objc/execute/class_self-1.m execution,  -O2 
FAIL: objc/execute/class_self-1.m compilation,  -O3 -fomit-frame-pointer 
UNRESOLVED: objc/execute/class_self-1.m execution,  -O3 -fomit-frame-pointer 
FAIL: objc/execute/class_self-1.m compilation,  -O3 -g 
UNRESOLVED: objc/execute/class_self-1.m execution,  -O3 -g 
FAIL: objc/execute/class_self-1.m compilation,  -Os 
UNRESOLVED: objc/execute/class_self-1.m execution,  -Os 
FAIL: objc/execute/class_self-2.m compilation,  -O0 
UNRESOLVED: objc/execute/class_self-2.m execution,  -O0 
FAIL: objc/execute/class_self-2.m compilation,  -O1 
UNRESOLVED: objc/execute/class_self-2.m execution,  -O1 
FAIL: objc/execute/class_self-2.m compilation,  -O2 
UNRESOLVED: objc/execute/class_self-2.m execution,  -O2 
FAIL: objc/execute/class_self-2.m compilation,  -O3 -fomit-frame-pointer 
UNRESOLVED: objc/execute/class_self-2.m execution,  -O3 -fomit-frame-pointer 
FAIL: objc/execute/class_self-2.m compilation,  -O3 -g 
UNRESOLVED: objc/execute/class_self-2.m execution,  -O3 -g 
FAIL: objc/execute/class_self-2.m compilation,  -Os 
UNRESOLVED: objc/execute/class_self-2.m execution,  -Os 

		=== objc Summary ===

# of expected passes		1019
# of unexpected failures	12
# of expected failures		6
# of unresolved testcases	12
/local/gccbuild/gcc/xgcc version 3.2 20020704 (experimental)

		=== libjava tests ===


Running target unix
FAIL: PR1343 compilation from bytecode
FAIL: PR1343 -O compilation from bytecode
FAIL: calls run
WARNING: program timed out.
FAIL: cxxtest run
FAIL: field run
FAIL: final_method run
FAIL: findclass run
FAIL: invoke run
FAIL: martin run
FAIL: noclass run
FAIL: overload run
FAIL: register run
FAIL: simple_int run
FAIL: throwit run
FAIL: virtual run
FAIL: Array_3 compilation from bytecode
FAIL: Array_3 -O execution - source compiled test
FAIL: Array_3 -O compilation from bytecode

		=== libjava Summary ===

# of expected passes		2662
# of unexpected failures	18
# of expected failures		14
# of untested testcases		26
		=== libstdc++-v3 tests ===


Running target unix
XPASS: 22_locale/collate_byname.cc execution test
XPASS: 22_locale/collate_members_char.cc execution test
XPASS: 22_locale/collate_members_wchar_t.cc execution test
XPASS: 22_locale/ctype_is_char.cc execution test
XPASS: 22_locale/ctype_is_wchar_t.cc execution test
XPASS: 22_locale/members.cc execution test
XPASS: 22_locale/messages_byname.cc execution test
XPASS: 22_locale/messages_members_char.cc execution test
XPASS: 22_locale/money_get_members_char.cc execution test
XPASS: 22_locale/money_get_members_wchar_t.cc execution test
XPASS: 22_locale/money_put_members_char.cc execution test
XPASS: 22_locale/money_put_members_wchar_t.cc execution test
XPASS: 22_locale/moneypunct_byname.cc execution test
XPASS: 22_locale/moneypunct_members_char.cc execution test
XPASS: 22_locale/moneypunct_members_wchar_t.cc execution test
XPASS: 22_locale/num_get_members_char.cc execution test
XPASS: 22_locale/num_get_members_wchar_t.cc execution test
XPASS: 22_locale/num_put_members_char.cc execution test
XPASS: 22_locale/num_put_members_wchar_t.cc execution test
XPASS: 22_locale/numpunct_byname.cc execution test
XPASS: 22_locale/numpunct_members_char.cc execution test
XPASS: 22_locale/numpunct_members_wchar_t.cc execution test
XPASS: 22_locale/time_get_members_char.cc execution test
XPASS: 22_locale/time_get_members_wchar_t.cc execution test
XPASS: 22_locale/time_put_members_char.cc execution test
FAIL: 22_locale/time_put_members_wchar_t.cc (test for excess errors)
WARNING: 22_locale/time_put_members_wchar_t.cc compilation failed to produce executable
FAIL: 26_numerics/c99_classification_macros_c.cc (test for excess errors)

		=== libstdc++-v3 Summary ===

# of expected passes		402
# of unexpected failures	2
# of unexpected successes	25
# of expected failures		1

Compiler version: 3.2 20020704 (experimental) 
Platform: i486-suse-linux-gnu
configure flags: --host=i486-suse-linux --enable-threads=posix --prefix=/opt/Pkg/Linux/i686/gcc32 --enable-languages=c,c++,f77,objc,java --with-system-zlib --enable-shared



More information about the Gcc-testresults mailing list