Results for 3.1 testsuite on sparc-sun-solaris2.6
Khaled SOUEIDAN
soueidan@stna.dgac.fr
Wed Jul 3 07:49:00 GMT 2002
LAST_UPDATED:
Native configuration is sparc-sun-solaris2.6
=== g++ tests ===
Running target unix
WARNING: program timed out.
FAIL: g++.dg/abi/vbase8-4.C (test for excess errors)
WARNING: g++.dg/abi/vbase8-4.C compilation failed to produce executable
FAIL: g++.dg/eh/unexpected1.C execution test
FAIL: g++.abi/cxa_vec.C Execution test
FAIL: g++.eh/spec2.C Execution test
FAIL: g++.eh/spec3.C Execution test
FAIL: g++.eh/spec4.C Execution test
FAIL: g++.mike/dyncast1.C Execution test
FAIL: g++.mike/dyncast2.C Execution test
FAIL: g++.mike/eh33.C Execution test
FAIL: g++.mike/eh50.C Execution test
FAIL: g++.mike/eh51.C Execution test
FAIL: g++.robertl/eb130.C (test for excess errors)
FAIL: g++.robertl/eb132.C (test for excess errors)
FAIL: g++.robertl/eb73.C (test for excess errors)
=== g++ Summary ===
# of expected passes 7154
# of unexpected failures 14
# of expected failures 88
# of untested testcases 21
# of unsupported tests 3
/tmp/soueidan/compil/gcc-3.1-OBJ/gcc/testsuite/../g++ version 3.1
=== gcc tests ===
Running target unix
WARNING: program timed out.
FAIL: gcc.c-torture/compile/20001226-1.c, -O3 -fomit-frame-pointer
WARNING: program timed out.
FAIL: gcc.c-torture/compile/20001226-1.c, -O3 -g
WARNING: program timed out.
ERROR: tcl error sourcing /tmp/soueidan/compil/gcc-3.1/gcc/testsuite/gcc.c-torture/compile/compile.exp.
ERROR: couldn't fork child process: not enough memory
FAIL: gcc.c-torture/execute/20000112-1.c compilation, -O0
UNRESOLVED: gcc.c-torture/execute/20000112-1.c execution, -O0
FAIL: gcc.c-torture/execute/20000112-1.c compilation, -O1
UNRESOLVED: gcc.c-torture/execute/20000112-1.c execution, -O1
FAIL: gcc.c-torture/execute/20000112-1.c compilation, -O2
UNRESOLVED: gcc.c-torture/execute/20000112-1.c execution, -O2
FAIL: gcc.c-torture/execute/20000112-1.c compilation, -O3 -fomit-frame-pointer
=== libstdc++-v3 tests ===
Running target unix
FAIL: 21_strings/append.cc execution test
FAIL: 21_strings/ctor_copy_dtor.cc execution test
FAIL: 21_strings/element_access.cc execution test
FAIL: 21_strings/insert.cc execution test
FAIL: 21_strings/inserters_extractors.cc execution test
FAIL: 21_strings/substr.cc execution test
XPASS: 22_locale/collate_members_wchar_t.cc execution test
XPASS: 22_locale/money_get_members_wchar_t.cc execution test
XPASS: 22_locale/money_put_members_wchar_t.cc execution test
XPASS: 22_locale/moneypunct_members_wchar_t.cc execution test
XPASS: 22_locale/num_get_members_wchar_t.cc execution test
XPASS: 22_locale/num_put_members_wchar_t.cc execution test
XPASS: 22_locale/numpunct_members_wchar_t.cc execution test
XPASS: 22_locale/time_get_members_wchar_t.cc execution test
XPASS: 22_locale/time_put_members_wchar_t.cc execution test
FAIL: 23_containers/bitset_ctor.cc execution test
FAIL: 23_containers/bitset_members.cc execution test
FAIL: 23_containers/vector_element_access.cc execution test
FAIL: 24_iterators/istream_iterator.cc execution test
FAIL: 26_numerics/complex_inserters_extractors.cc execution test
FAIL: 27_io/instantiations.cc execution test
FAIL: 27_io/ios_base_storage.cc execution test
FAIL: 27_io/ios_init.cc execution test
FAIL: 27_io/ios_members.cc execution test
FAIL: 27_io/istream_extractor_arith.cc execution test
FAIL: 27_io/istream_extractor_char.cc execution test
FAIL: 27_io/istream_extractor_other.cc execution test
FAIL: 27_io/istream_manip.cc execution test
FAIL: 27_io/istream_seeks.cc execution test
FAIL: 27_io/istream_sentry.cc execution test
FAIL: 27_io/istream_unformatted.cc execution test
FAIL: 27_io/istringstream_members.cc execution test
FAIL: 27_io/ostream_inserter_arith.cc execution test
FAIL: 27_io/ostream_inserter_other.cc execution test
FAIL: 27_io/stringstream_members.cc execution test
FAIL: thread/pthread1.cc (test for excess errors)
WARNING: thread/pthread1.cc compilation failed to produce executable
FAIL: thread/pthread2.cc (test for excess errors)
WARNING: thread/pthread2.cc compilation failed to produce executable
FAIL: thread/pthread3.cc (test for excess errors)
WARNING: thread/pthread3.cc compilation failed to produce executable
FAIL: thread/pthread4.cc (test for excess errors)
WARNING: thread/pthread4.cc compilation failed to produce executable
FAIL: thread/pthread5.cc (test for excess errors)
WARNING: thread/pthread5.cc compilation failed to produce executable
FAIL: thread/pthread6.cc (test for excess errors)
WARNING: thread/pthread6.cc compilation failed to produce executable
=== libstdc++-v3 Summary ===
# of expected passes 337
# of unexpected failures 32
# of unexpected successes 9
# of expected failures 16
Compiler version: 3.1
Platform: sparc-sun-solaris2.6
configure flags: --host=sparc-sun-solaris2.6 --prefix=/synop/outils/.STOW/Specific/sparc-sun-solaris2.6/gcc-3.1-gcc2 --with-gnu-ld --with-gnu-as --enable-languages=c,c++
More information about the Gcc-testresults
mailing list