Results for 3.2 20020701 (experimental) testsuite on powerpc-ibm-aix4.3.3.0
David Edelsohn
dje@watson.ibm.com
Tue Jul 2 07:30:00 GMT 2002
LAST_UPDATED: Mon Jul 1 13:27:46 UTC 2002
Native configuration is powerpc-ibm-aix4.3.3.0
=== g++ tests ===
Running target unix
FAIL: g++.dg/eh/ctor1.C (test for excess errors)
WARNING: g++.dg/eh/ctor1.C compilation failed to produce executable
FAIL: g++.dg/eh/ctor2.C (test for excess errors)
WARNING: g++.dg/eh/ctor2.C compilation failed to produce executable
FAIL: g++.dg/eh/dtor1.C (test for excess errors)
WARNING: g++.dg/eh/dtor1.C compilation failed to produce executable
FAIL: g++.dg/eh/loop1.C (test for excess errors)
WARNING: g++.dg/eh/loop1.C compilation failed to produce executable
FAIL: g++.dg/eh/new1.C (test for excess errors)
WARNING: g++.dg/eh/new1.C compilation failed to produce executable
FAIL: g++.dg/eh/registers1.C (test for excess errors)
WARNING: g++.dg/eh/registers1.C compilation failed to produce executable
FAIL: g++.dg/opt/reg-stack.C (test for excess errors)
WARNING: g++.dg/opt/reg-stack.C compilation failed to produce executable
FAIL: g++.dg/warn/Wunused-2.C (test for warnings, line 5)
FAIL: g++.dg/warn/weak1.C (test for excess errors)
FAIL: g++.dg/special/conpr-1.C execution test
FAIL: g++.dg/special/conpr-2.C execution test
FAIL: g++.dg/special/conpr-3.C execution test
FAIL: g++.dg/special/conpr-3.C execution test
FAIL: g++.dg/special/initp1.C execution test
FAIL: g++.abi/cxa_vec.C (test for excess errors)
FAIL: g++.abi/ptrflags.C (test for excess errors)
FAIL: g++.brendan/eh1.C (test for excess errors)
FAIL: g++.brendan/new3.C Execution test
FAIL: g++.eh/badalloc1.C (test for excess errors)
FAIL: g++.eh/catchptr1.C (test for excess errors)
FAIL: g++.eh/cleanup2.C (test for excess errors)
FAIL: g++.eh/flow1.C (test for excess errors)
FAIL: g++.eh/fntry1.C (test for excess errors)
FAIL: g++.eh/inline2.C (test for excess errors)
FAIL: g++.eh/new1.C (test for excess errors)
FAIL: g++.eh/new2.C (test for excess errors)
FAIL: g++.eh/pdel1.C (test for excess errors)
FAIL: g++.eh/pdel2.C (test for excess errors)
FAIL: g++.eh/ptrmem1.C (test for excess errors)
FAIL: g++.eh/rethrow3.C (test for excess errors)
FAIL: g++.eh/spec1.C (test for excess errors)
FAIL: g++.eh/spec2.C (test for excess errors)
FAIL: g++.eh/spec3.C (test for excess errors)
FAIL: g++.eh/spec4.C (test for excess errors)
FAIL: g++.eh/terminate1.C (test for excess errors)
FAIL: g++.eh/terminate2.C (test for excess errors)
FAIL: g++.eh/tmpl1.C (test for excess errors)
FAIL: g++.eh/unwind1.C (test for excess errors)
FAIL: g++.eh/vbase1.C (test for excess errors)
FAIL: g++.eh/vbase2.C (test for excess errors)
FAIL: g++.ext/attrib5.C (test for excess errors)
FAIL: g++.jason/thunk3.C (test for excess errors)
FAIL: g++.martin/new1.C (test for excess errors)
FAIL: g++.mike/eh10.C (test for excess errors)
FAIL: g++.mike/eh16.C (test for excess errors)
FAIL: g++.mike/eh17.C (test for excess errors)
FAIL: g++.mike/eh21.C (test for excess errors)
FAIL: g++.mike/eh24.C (test for excess errors)
FAIL: g++.mike/eh25.C (test for excess errors)
FAIL: g++.mike/eh29.C (test for excess errors)
FAIL: g++.mike/eh33.C (test for excess errors)
FAIL: g++.mike/eh34.C (test for excess errors)
FAIL: g++.mike/eh35.C (test for excess errors)
FAIL: g++.mike/eh38.C (test for excess errors)
FAIL: g++.mike/eh39.C (test for excess errors)
FAIL: g++.mike/eh40.C (test for excess errors)
FAIL: g++.mike/eh41.C (test for excess errors)
FAIL: g++.mike/eh42.C (test for excess errors)
FAIL: g++.mike/eh44.C (test for excess errors)
FAIL: g++.mike/eh47.C (test for excess errors)
FAIL: g++.mike/eh48.C (test for excess errors)
FAIL: g++.mike/eh49.C (test for excess errors)
FAIL: g++.mike/eh5.C (test for excess errors)
FAIL: g++.mike/eh50.C (test for excess errors)
FAIL: g++.mike/eh51.C (test for excess errors)
FAIL: g++.mike/eh55.C (test for excess errors)
FAIL: g++.mike/eh6.C (test for excess errors)
FAIL: g++.mike/eh8.C (test for excess errors)
FAIL: g++.oliva/delete3.C (test for excess errors)
FAIL: g++.oliva/new1.C (test for excess errors)
FAIL: g++.other/array1.C (test for excess errors)
FAIL: g++.other/comdat3.C (test for excess errors)
FAIL: g++.other/init7.C (test for excess errors)
FAIL: g++.other/mangle3.C (test for excess errors)
FAIL: g++.other/new7.C (test for excess errors)
FAIL: g++.other/rtti1.C (test for excess errors)
FAIL: g++.other/singleton.C (test for excess errors)
FAIL: g++.other/vbase2.C (test for excess errors)
XPASS: g++.pt/const2.C (test for excess errors)
XPASS: g++.pt/const2.C Execution test
FAIL: g++.pt/fntry1.C (test for excess errors)
FAIL: g++.pt/static3.C (test for excess errors)
FAIL: g++.pt/static6.C (test for excess errors)
FAIL: g++.robertl/eb115.C (test for excess errors)
FAIL: g++.robertl/eb31.C (test for excess errors)
FAIL: g++.robertl/eb66.C (test for excess errors)
FAIL: g++.robertl/eb88.C (test for excess errors)
FAIL: g++.robertl/eh990323-1.C (test for excess errors)
FAIL: g++.robertl/eh990323-4.C (test for excess errors)
FAIL: g++.robertl/eh990323-5.C (test for excess errors)
=== g++ Summary ===
# of expected passes 7086
# of unexpected failures 88
# of unexpected successes 2
# of expected failures 156
# of untested testcases 23
# of unsupported tests 5
/gcc/dje/build/powerpc-ibm-aix4.3.3.0-20020701/gcc/testsuite/../g++ version 3.2 20020701 (experimental)
=== g77 tests ===
Running target unix
FAIL: g77.f-torture/execute/6367.f execution, -O0
FAIL: g77.f-torture/execute/6367.f execution, -O1
FAIL: g77.f-torture/execute/6367.f execution, -O2
FAIL: g77.f-torture/execute/6367.f execution, -O3 -fomit-frame-pointer
FAIL: g77.f-torture/execute/6367.f execution, -O3 -fomit-frame-pointer -funroll-loops
FAIL: g77.f-torture/execute/6367.f execution, -O3 -fomit-frame-pointer -funroll-all-loops -finline-functions
FAIL: g77.f-torture/execute/6367.f execution, -O3 -g
FAIL: g77.f-torture/execute/6367.f execution, -Os
=== g77 Summary ===
# of expected passes 1618
# of unexpected failures 8
# of unsupported tests 8
/gcc/dje/build/powerpc-ibm-aix4.3.3.0-20020701/gcc/testsuite/../g77 version 3.2 20020701 (experimental)
=== gcc tests ===
Running target unix
FAIL: gcc.c-torture/compile/981001-2.c, -O3 -fomit-frame-pointer
FAIL: gcc.c-torture/compile/981001-2.c, -O3 -g
FAIL: gcc.c-torture/compile/990801-1.c, -O3 -fomit-frame-pointer -funroll-all-loops -finline-functions
FAIL: gcc.c-torture/compile/20011119-1.c, -O3 -fomit-frame-pointer
FAIL: gcc.c-torture/compile/20011119-1.c, -O3 -g
FAIL: gcc.c-torture/compile/20011119-2.c, -O0
FAIL: gcc.c-torture/compile/20011119-2.c, -O1
FAIL: gcc.c-torture/compile/20011119-2.c, -O2
FAIL: gcc.c-torture/compile/20011119-2.c, -O3 -fomit-frame-pointer
FAIL: gcc.c-torture/compile/20011119-2.c, -O3 -g
FAIL: gcc.c-torture/compile/20011119-2.c, -Os
FAIL: gcc.c-torture/execute/20020412-1.c execution, -O0
FAIL: gcc.c-torture/execute/20020412-1.c execution, -O1
FAIL: gcc.c-torture/execute/20020412-1.c execution, -O2
FAIL: gcc.c-torture/execute/20020412-1.c execution, -O3 -fomit-frame-pointer
FAIL: gcc.c-torture/execute/20020412-1.c execution, -O3 -fomit-frame-pointer -funroll-loops
FAIL: gcc.c-torture/execute/20020412-1.c execution, -O3 -fomit-frame-pointer -funroll-all-loops -finline-functions
FAIL: gcc.c-torture/execute/20020412-1.c execution, -O3 -g
FAIL: gcc.c-torture/execute/20020412-1.c execution, -Os
FAIL: gcc.c-torture/execute/eeprof-1.c execution, -O0
FAIL: gcc.c-torture/execute/eeprof-1.c execution, -O1
FAIL: gcc.c-torture/execute/eeprof-1.c execution, -O2
FAIL: gcc.c-torture/execute/eeprof-1.c execution, -O3 -fomit-frame-pointer
FAIL: gcc.c-torture/execute/eeprof-1.c execution, -O3 -g
FAIL: gcc.c-torture/execute/eeprof-1.c execution, -Os
FAIL: gcc.c-torture/execute/simd-2.c compilation, -O1
UNRESOLVED: gcc.c-torture/execute/simd-2.c execution, -O1
FAIL: gcc.c-torture/execute/simd-2.c compilation, -O2
UNRESOLVED: gcc.c-torture/execute/simd-2.c execution, -O2
FAIL: gcc.c-torture/execute/simd-2.c compilation, -O3 -fomit-frame-pointer
UNRESOLVED: gcc.c-torture/execute/simd-2.c execution, -O3 -fomit-frame-pointer
FAIL: gcc.c-torture/execute/simd-2.c compilation, -O3 -g
UNRESOLVED: gcc.c-torture/execute/simd-2.c execution, -O3 -g
FAIL: gcc.c-torture/execute/simd-2.c compilation, -Os
UNRESOLVED: gcc.c-torture/execute/simd-2.c execution, -Os
FAIL: gcc.c-torture/execute/ieee/20010114-2.c execution, -O1
FAIL: gcc.c-torture/execute/ieee/20010114-2.c execution, -O2
FAIL: gcc.c-torture/execute/ieee/20010114-2.c execution, -Os
FAIL: gcc.c-torture/execute/ieee/980619-1.c execution, -O1
FAIL: gcc.c-torture/execute/ieee/980619-1.c execution, -O2
FAIL: gcc.c-torture/execute/ieee/980619-1.c execution, -O3 -fomit-frame-pointer
FAIL: gcc.c-torture/execute/ieee/980619-1.c execution, -O3 -fomit-frame-pointer -funroll-loops
FAIL: gcc.c-torture/execute/ieee/980619-1.c execution, -O3 -fomit-frame-pointer -funroll-all-loops -finline-functions
FAIL: gcc.c-torture/execute/ieee/980619-1.c execution, -O3 -g
FAIL: gcc.c-torture/execute/ieee/980619-1.c execution, -Os
FAIL: cmdlne-dM-M.c: #define line not printed
FAIL: gcc.dg/20020103-1.c scan-assembler-not LC
FAIL: gcc.dg/20020118-1.c execution test
FAIL: gcc.dg/altivec-7.c (test for excess errors)
FAIL: gcc.dg/altivec-8.c (test for excess errors)
FAIL: gcc.dg/asm-fs-1.c scan-assembler-not \\*_bar
FAIL: gcc.dg/asm-names.c (test for excess errors)
FAIL: gcc.dg/c99-float-1.c (test for excess errors)
FAIL: gcc.dg/weak-1.c scan-assembler weak[^ ]*[ ]_?a
FAIL: gcc.dg/weak-1.c scan-assembler weak[^ ]*[ ]_?b
FAIL: gcc.dg/weak-1.c scan-assembler weak[^ ]*[ ]_?c
FAIL: gcc.dg/weak-1.c scan-assembler weak[^ ]*[ ]_?d
FAIL: gcc.dg/weak-1.c scan-assembler weak[^ ]*[ ]_?e
FAIL: gcc.dg/weak-1.c scan-assembler weak[^ ]*[ ]_?g
FAIL: gcc.dg/weak-1.c scan-assembler weak[^ ]*[ ]_?j
FAIL: gcc.dg/weak-2.c applying #pragma weak (test for warnings, line 33)
FAIL: gcc.dg/weak-2.c scan-assembler weak[^ ]*[ ]_?ffoo1a
FAIL: gcc.dg/weak-2.c scan-assembler weak[^ ]*[ ]_?ffoo1b
FAIL: gcc.dg/weak-2.c scan-assembler weak[^ ]*[ ]_?ffoo1c
FAIL: gcc.dg/weak-2.c scan-assembler weak[^ ]*[ ]_?ffoo1e
FAIL: gcc.dg/weak-3.c (test for excess errors)
FAIL: gcc.dg/weak-3.c scan-assembler weak[^ ]*[ ]_?ffoo1a
FAIL: gcc.dg/weak-3.c scan-assembler weak[^ ]*[ ]_?ffoo1b
FAIL: gcc.dg/weak-3.c scan-assembler weak[^ ]*[ ]_?ffoo1c
FAIL: gcc.dg/weak-3.c scan-assembler weak[^ ]*[ ]_?ffoo1e
FAIL: gcc.dg/weak-3.c scan-assembler weak[^ ]*[ ]_?ffoo1f
FAIL: gcc.dg/weak-3.c scan-assembler weak[^ ]*[ ]_?ffoo1g
FAIL: gcc.dg/weak-4.c applying #pragma weak (test for warnings, line 41)
FAIL: gcc.dg/weak-4.c applying #pragma weak (test for warnings, line 73)
FAIL: gcc.dg/weak-4.c scan-assembler weak[^ ]*[ ]_?vfoo1a
FAIL: gcc.dg/weak-4.c scan-assembler weak[^ ]*[ ]_?vfoo1b
FAIL: gcc.dg/weak-4.c scan-assembler weak[^ ]*[ ]_?vfoo1c
FAIL: gcc.dg/weak-4.c scan-assembler weak[^ ]*[ ]_?vfoo1d
FAIL: gcc.dg/weak-4.c scan-assembler weak[^ ]*[ ]_?vfoo1e
FAIL: gcc.dg/weak-4.c scan-assembler weak[^ ]*[ ]_?vfoo1f
FAIL: gcc.dg/weak-4.c scan-assembler weak[^ ]*[ ]_?vfoo1g
FAIL: gcc.dg/weak-4.c scan-assembler weak[^ ]*[ ]_?vfoo1h
FAIL: gcc.dg/weak-4.c scan-assembler weak[^ ]*[ ]_?vfoo1i
FAIL: gcc.dg/weak-4.c scan-assembler weak[^ ]*[ ]_?vfoo1j
FAIL: gcc.dg/weak-4.c scan-assembler weak[^ ]*[ ]_?vfoo1k
FAIL: gcc.dg/weak-5.c (test for excess errors)
FAIL: gcc.dg/weak-5.c scan-assembler weak[^ ]*[ ]_?vfoo1a
FAIL: gcc.dg/weak-5.c scan-assembler weak[^ ]*[ ]_?vfoo1b
FAIL: gcc.dg/weak-5.c scan-assembler weak[^ ]*[ ]_?vfoo1c
FAIL: gcc.dg/weak-5.c scan-assembler weak[^ ]*[ ]_?vfoo1d
FAIL: gcc.dg/weak-5.c scan-assembler weak[^ ]*[ ]_?vfoo1e
FAIL: gcc.dg/weak-5.c scan-assembler weak[^ ]*[ ]_?vfoo1f
FAIL: gcc.dg/weak-5.c scan-assembler weak[^ ]*[ ]_?vfoo1g
FAIL: gcc.dg/weak-5.c scan-assembler weak[^ ]*[ ]_?vfoo1h
FAIL: gcc.dg/weak-5.c scan-assembler weak[^ ]*[ ]_?vfoo1i
FAIL: gcc.dg/weak-5.c scan-assembler weak[^ ]*[ ]_?vfoo1j
FAIL: gcc.dg/weak-5.c scan-assembler weak[^ ]*[ ]_?vfoo1k
FAIL: gcc.dg/weak-5.c scan-assembler weak[^ ]*[ ]_?vfoo1l
FAIL: gcc.dg/weak-6.c (test for errors, line 4)
FAIL: gcc.dg/weak-7.c (test for excess errors)
FAIL: gcc.dg/weak-8.c (test for excess errors)
FAIL: gcc.dg/weak-9.c (test for excess errors)
FAIL: gcc.dg/weak-9.c scan-assembler weak[^ ]*[ ]_?f1
FAIL: gcc.dg/weak-9.c scan-assembler weak[^ ]*[ ]_?f2
FAIL: gcc.dg/weak-9.c scan-assembler weak[^ ]*[ ]_?f3
FAIL: gcc.dg/weak-9.c scan-assembler weak[^ ]*[ ]_?f4
FAIL: gcc.dg/weak-9.c scan-assembler notf3
FAIL: gcc.dg/weak-9.c scan-assembler notf4
FAIL: alias-1.c
FAIL: alias-2.c
FAIL: 20000419-2.c
=== gcc Summary ===
# of expected passes 18844
# of unexpected failures 106
# of expected failures 59
# of unresolved testcases 5
# of unsupported tests 129
/gcc/dje/build/powerpc-ibm-aix4.3.3.0-20020701/gcc/xgcc version 3.2 20020701 (experimental)
=== objc tests ===
Running target unix
=== objc Summary ===
# of expected passes 1036
# of expected failures 6
/gcc/dje/build/powerpc-ibm-aix4.3.3.0-20020701/gcc/xgcc version 3.2 20020701 (experimental)
=== libstdc++-v3 tests ===
Running target unix
FAIL: 20_util/allocator_members.cc execution test
XPASS: 22_locale/collate_members_wchar_t.cc execution test
XPASS: 22_locale/ctype_is_wchar_t.cc execution test
XPASS: 22_locale/money_get_members_wchar_t.cc execution test
XPASS: 22_locale/money_put_members_wchar_t.cc execution test
XPASS: 22_locale/moneypunct_members_wchar_t.cc execution test
XPASS: 22_locale/num_get_members_wchar_t.cc execution test
XPASS: 22_locale/num_put_members_wchar_t.cc execution test
XPASS: 22_locale/numpunct_members_wchar_t.cc execution test
XPASS: 22_locale/time_get_members_wchar_t.cc execution test
XPASS: 22_locale/time_put_members_wchar_t.cc execution test
FAIL: 23_containers/list_modifiers.cc (test for excess errors)
WARNING: 23_containers/list_modifiers.cc compilation failed to produce executable
FAIL: 27_io/istream_extractor_arith.cc execution test
=== libstdc++-v3 Summary ===
# of expected passes 384
# of unexpected failures 3
# of unexpected successes 10
# of expected failures 16
# of unsupported tests 6
Compiler version: 3.2 20020701 (experimental)
Platform: powerpc-ibm-aix4.3.3.0
configure flags: --host=powerpc-ibm-aix4.3.3.0 --prefix=/gcc/dje/install/powerpc-ibm-aix4.3.3.0-20020701 --disable-win32-registry --disable-nls
More information about the Gcc-testresults
mailing list